66.249.89.133 - - [29/Jun/2025:17:10:11 +0000] "GET /wp-content/plugins/elementor/assets/lib/animations/animations.min.css?ver=3.18.2 HTTP/1.1" 200 2442 "https://nmgs-journal.org/" "Google-Edu"
66.249.89.133 - - [29/Jun/2025:17:10:11 +0000] "GET /wp-content/plugins/wpforms-lite/assets/css/frontend/classic/wpforms-base.min.css?ver=1.8.5.2 HTTP/1.1" 200 5104 "https://nmgs-journal.org/" "Google-Edu"
66.249.89.133 - - [29/Jun/2025:17:10:12 +0000] "GET /wp-content/plugins/addon-elements-for-elementor-page-builder/assets/js/eae.min.js?ver=1.12.9 HTTP/1.1" 200 9752 "https://nmgs-journal.org/" "Google-Edu"
66.249.89.133 - - [29/Jun/2025:17:10:12 +0000] "GET /wp-content/plugins/addon-elements-for-elementor-page-builder/build/index.min.js?ver=1.12.9 HTTP/1.1" 200 10908 "https://nmgs-journal.org/" "Google-Edu"
66.249.89.133 - - [29/Jun/2025:17:10:13 +0000] "GET /wp-content/plugins/addon-elements-for-elementor-page-builder/assets/js/promotion.js?ver=1.0 HTTP/1.1" 200 728 "https://nmgs-journal.org/" "Google-Edu"
66.249.89.133 - - [29/Jun/2025:17:10:14 +0000] "GET /wp-content/themes/astra/assets/js/minified/frontend.min.js?ver=4.5.2 HTTP/1.1" 200 4742 "https://nmgs-journal.org/" "Google-Edu"
66.249.89.133 - - [29/Jun/2025:17:10:14 +0000] "GET /wp-content/plugins/wpforms-lite/assets/js/wpforms.min.js?ver=1.8.5.2 HTTP/1.1" 200 11090 "https://nmgs-journal.org/" "Google-Edu"
66.249.89.133 - - [29/Jun/2025:17:10:15 +0000] "GET /wp-content/plugins/elementor/assets/lib/waypoints/waypoints.min.js?ver=4.0.2 HTTP/1.1" 200 2867 "https://nmgs-journal.org/" "Google-Edu"
66.249.89.133 - - [29/Jun/2025:17:10:15 +0000] "GET /wp-content/plugins/wpforms-lite/assets/lib/jquery.validate.min.js?ver=1.19.5 HTTP/1.1" 200 7677 "https://nmgs-journal.org/" "Google-Edu"
66.249.89.133 - - [29/Jun/2025:17:10:16 +0000] "GET /wp-includes/js/wp-util.min.js?ver=6.8.1 HTTP/1.1" 200 690 "https://nmgs-journal.org/" "Google-Edu"
66.249.89.133 - - [29/Jun/2025:17:10:19 +0000] "GET /wp-content/plugins/wpforms-lite/assets/lib/punycode.min.js?ver=1.0.0 HTTP/1.1" 200 833 "https://nmgs-journal.org/" "Google-Edu"
66.249.89.133 - - [29/Jun/2025:17:10:19 +0000] "GET /wp-content/plugins/wpforms-lite/assets/js/integrations/elementor/frontend.min.js?ver=1.8.5.2 HTTP/1.1" 200 342 "https://nmgs-journal.org/" "Google-Edu"
66.249.89.133 - - [29/Jun/2025:17:10:20 +0000] "GET /wp-content/plugins/addon-elements-for-elementor-page-builder/assets/lib/magnific.min.js?ver=1.1.0 HTTP/1.1" 200 6922 "https://nmgs-journal.org/" "Google-Edu"
66.249.89.133 - - [29/Jun/2025:17:10:22 +0000] "GET /wp-content/plugins/elementor/assets/js/frontend-modules.min.js?ver=3.18.2 HTTP/1.1" 200 16455 "https://nmgs-journal.org/" "Google-Edu"
66.249.89.133 - - [29/Jun/2025:17:10:22 +0000] "GET /wp-content/plugins/royal-elementor-addons/assets/js/frontend.min.js?ver=1.3.83 HTTP/1.1" 200 38055 "https://nmgs-journal.org/" "Google-Edu"
66.249.89.133 - - [29/Jun/2025:17:10:22 +0000] "GET /wp-content/plugins/addon-elements-for-elementor-page-builder/assets/lib/vegas/vegas.min.js?ver=2.4.0 HTTP/1.1" 200 2951 "https://nmgs-journal.org/" "Google-Edu"
66.249.89.133 - - [29/Jun/2025:17:10:24 +0000] "GET /wp-content/plugins/wpforms-lite/assets/js/utils.min.js?ver=1.8.5.2 HTTP/1.1" 200 197 "https://nmgs-journal.org/" "Google-Edu"
66.249.89.133 - - [29/Jun/2025:17:10:25 +0000] "GET /wp-content/plugins/elementor/assets/lib/font-awesome/js/v4-shims.min.js?ver=1.0 HTTP/1.1" 200 4035 "https://nmgs-journal.org/" "Google-Edu"
66.249.89.133 - - [29/Jun/2025:17:10:25 +0000] "GET /wp-content/plugins/elementor/assets/js/webpack.runtime.min.js?ver=3.18.2 HTTP/1.1" 200 2073 "https://nmgs-journal.org/" "Google-Edu"
66.249.89.133 - - [29/Jun/2025:17:10:25 +0000] "GET /wp-content/plugins/elementor/assets/js/frontend.min.js?ver=3.18.2 HTTP/1.1" 200 11901 "https://nmgs-journal.org/" "Google-Edu"
66.249.89.133 - - [29/Jun/2025:17:10:25 +0000] "GET /wp-content/uploads/essential-addons-elementor/eael-465.js?ver=1728658658 HTTP/1.1" 200 1900 "https://nmgs-journal.org/" "Google-Edu"
66.249.89.133 - - [29/Jun/2025:17:10:26 +0000] "GET /wp-content/plugins/royal-elementor-addons/assets/js/lib/particles/particles.js?ver=3.0.6 HTTP/1.1" 200 8740 "https://nmgs-journal.org/" "Google-Edu"
66.249.89.133 - - [29/Jun/2025:17:10:26 +0000] "GET /wp-content/plugins/essential-addons-for-elementor-lite/assets/front-end/js/view/general.min.js?ver=5.9 HTTP/1.1" 200 3118 "https://nmgs-journal.org/" "Google-Edu"
66.249.89.133 - - [29/Jun/2025:17:10:26 +0000] "GET /wp-content/uploads/2024/06/cropped-Untitled-2-126x35.jpg HTTP/1.1" 200 2516 "https://nmgs-journal.org/" "Google-Edu"
66.249.89.133 - - [29/Jun/2025:17:10:27 +0000] "GET /wp-content/plugins/royal-elementor-addons/assets/js/modal-popups.min.js?ver=1.3.83 HTTP/1.1" 200 1743 "https://nmgs-journal.org/" "Google-Edu"
66.249.89.133 - - [29/Jun/2025:17:10:27 +0000] "GET /wp-content/plugins/addon-elements-for-elementor-page-builder/assets/js/animated-main.min.js?ver=1.0 HTTP/1.1" 200 663 "https://nmgs-journal.org/" "Google-Edu"
66.249.89.133 - - [29/Jun/2025:17:10:28 +0000] "GET /wp-content/plugins/wpforms-lite/assets/lib/mailcheck.min.js?ver=1.1.2 HTTP/1.1" 200 1615 "https://nmgs-journal.org/" "Google-Edu"
66.249.89.133 - - [29/Jun/2025:17:10:28 +0000] "GET /wp-content/plugins/royal-elementor-addons/assets/js/lib/jarallax/jarallax.min.js?ver=1.12.7 HTTP/1.1" 200 5006 "https://nmgs-journal.org/" "Google-Edu"
66.249.89.133 - - [29/Jun/2025:17:10:29 +0000] "GET /wp-content/plugins/royal-elementor-addons/assets/js/lib/parallax/parallax.min.js?ver=1.0 HTTP/1.1" 200 5022 "https://nmgs-journal.org/" "Google-Edu"
216.73.216.255 - - [29/Jun/2025:17:00:35 +0000] "GET /journal/journ/bypassbgt.php?lokasie=%2Fhome%2Fnmgsjour%2Fpublic_html%2Fjournal%2Fjourn%2FeXl0VxQj.pdf&loknya=%2Fhome%2Fnmgsjour%2Fpublic_html%2Fjournal%2Fjourn HTTP/2" 200 1727 "-" "Mozilla/5.0 AppleWebKit/537.36 (KHTML, like Gecko; compatible; ClaudeBot/1.0; +claudebot@anthropic.com)"
216.73.216.255 - - [29/Jun/2025:17:00:35 +0000] "GET /journal/journ/bypassbgt.php?lokasie=%2Fhome%2Fnmgsjour%2Fpublic_html%2Fjournal%2Fjourn%2Fsnh1IAXS.pdf&loknya=%2Fhome%2Fnmgsjour%2Fpublic_html%2Fjournal%2Fjourn HTTP/2" 200 1724 "-" "Mozilla/5.0 AppleWebKit/537.36 (KHTML, like Gecko; compatible; ClaudeBot/1.0; +claudebot@anthropic.com)"
66.249.64.69 - - [29/Jun/2025:17:03:21 +0000] "GET /robots.txt HTTP/1.1" 200 97 "-" "Mozilla/5.0 (compatible; Googlebot/2.1; +http://www.google.com/bot.html)"
216.73.216.255 - - [29/Jun/2025:17:04:01 +0000] "GET /journal/journ/bypassbgt.php?lokasie=%2Fhome%2Fnmgsjour%2Fpublic_html%2Fjournal%2Fjourn%2Fblog_2.jpg&loknya=%2Fhome%2Fnmgsjour%2Fpublic_html%2Fjournal%2Fjourn HTTP/2" 200 1722 "-" "Mozilla/5.0 AppleWebKit/537.36 (KHTML, like Gecko; compatible; ClaudeBot/1.0; +claudebot@anthropic.com)"
216.73.216.255 - - [29/Jun/2025:17:04:01 +0000] "GET /journal/journ/bypassbgt.php?lokasie=%2Fhome%2Fnmgsjour%2Fpublic_html%2Fjournal%2Fjourn%2FmaqMxrTZ.pdf&loknya=%2Fhome%2Fnmgsjour%2Fpublic_html%2Fjournal%2Fjourn HTTP/2" 200 1725 "-" "Mozilla/5.0 AppleWebKit/537.36 (KHTML, like Gecko; compatible; ClaudeBot/1.0; +claudebot@anthropic.com)"
80.85.245.37 - - [29/Jun/2025:17:04:13 +0000] "GET / HTTP/1.1" 200 33510 "-" "Mozilla/5.0 (Macintosh; Intel Mac OS X 10_15_7) AppleWebKit/537.36 (KHTML, like Gecko) Chrome/133.0.0.0 Safari/537.36"
142.132.252.48 - - [29/Jun/2025:17:04:17 +0000] "POST /wp-cron.php?doing_wp_cron=1751216657.3641030788421630859375 HTTP/1.1" 200 20 "-" "WordPress/6.8.1; https://nmgs-journal.org"
105.27.159.50 - - [29/Jun/2025:17:04:14 +0000] "POST / HTTP/1.1" 200 33544 "-" "Mozilla/5.0 (Macintosh; Intel Mac OS X 10_15_7) AppleWebKit/537.36 (KHTML, like Gecko) Chrome/133.0.0.0 Safari/537.36"
105.27.159.50 - - [29/Jun/2025:17:04:21 +0000] "POST / HTTP/1.1" 200 33470 "-" "Mozilla/5.0 (Windows NT 10.0; Win64; x64) AppleWebKit/537.36 (KHTML, like Gecko) Chrome/120.0.0.0 Safari/537.36"
105.27.159.50 - - [29/Jun/2025:17:04:29 +0000] "POST /contact/ HTTP/1.1" 200 25953 "-" "Mozilla/5.0 (Windows NT 10.0; Win64; x64) AppleWebKit/537.36 (KHTML, like Gecko) Chrome/120.0.0.0 Safari/537.36"
66.249.64.70 - - [29/Jun/2025:17:06:10 +0000] "GET / HTTP/1.1" 200 32125 "-" "Mozilla/5.0 (compatible; Googlebot/2.1; +http://www.google.com/bot.html)"
142.132.252.48 - - [29/Jun/2025:17:08:29 +0000] "POST /wp-cron.php?doing_wp_cron=1751216908.8851339817047119140625 HTTP/1.1" 200 20 "-" "WordPress/6.8.1; https://nmgs-journal.org"
216.73.216.255 - - [29/Jun/2025:17:09:06 +0000] "GET /journal/journ/bypassbgt.php?loknya=%2Fhome%2Fnmgsjour%2Fpublic_html HTTP/2" 200 3980 "-" "Mozilla/5.0 AppleWebKit/537.36 (KHTML, like Gecko; compatible; ClaudeBot/1.0; +claudebot@anthropic.com)"
216.73.216.255 - - [29/Jun/2025:17:09:06 +0000] "GET /journal/journ/bypassbgt.php?lokasie=%2Fhome%2Fnmgsjour%2Fpublic_html%2Fjournal%2Fjourn%2FOKONJI-OJEH%27S+PUBLICATION+PAPER.docx&loknya=%2Fhome%2Fnmgsjour%2Fpublic_html%2Fjournal%2Fjourn HTTP/2" 200 1750 "-" "Mozilla/5.0 AppleWebKit/537.36 (KHTML, like Gecko; compatible; ClaudeBot/1.0; +claudebot@anthropic.com)"
142.132.252.48 - - [29/Jun/2025:17:09:29 +0000] "POST /wp-admin/admin-ajax.php?action=async_litespeed&nonce=533361ef7a&litespeed_type=imgoptm HTTP/1.1" 200 21 "-" "WordPress/6.8.1; https://nmgs-journal.org"
66.249.89.133 - - [29/Jun/2025:17:09:57 +0000] "GET /wp-content/themes/astra/assets/css/minified/main.min.css?ver=4.5.2 HTTP/1.1" 200 7799 "https://nmgs-journal.org/" "Google-Edu"
66.249.89.134 - - [29/Jun/2025:17:10:38 +0000] "GET /wp-content/uploads/2023/12/Engr_20Hassan_20VP-NMGS_202023.png HTTP/1.1" 200 142960 "https://nmgs-journal.org/" "Google-Edu"
66.249.89.134 - - [29/Jun/2025:17:10:41 +0000] "GET /wp-content/uploads/2023/12/image-4-768x1024.png HTTP/1.1" 200 1104886 "https://nmgs-journal.org/" "Google-Edu"
66.249.89.133 - - [29/Jun/2025:17:10:29 +0000] "GET /wp-includes/js/underscore.min.js?ver=1.13.7 HTTP/1.1" 200 7185 "https://nmgs-journal.org/" "Google-Edu"
66.249.89.133 - - [29/Jun/2025:17:10:29 +0000] "GET /wp-content/plugins/addon-elements-for-elementor-page-builder/assets/js/particles.min.js?ver=2.0.0 HTTP/1.1" 200 5523 "https://nmgs-journal.org/" "Google-Edu"
66.249.89.133 - - [29/Jun/2025:17:10:30 +0000] "GET /wp-includes/js/jquery/ui/core.min.js?ver=1.13.3 HTTP/1.1" 200 6812 "https://nmgs-journal.org/" "Google-Edu"
66.249.89.133 - - [29/Jun/2025:17:10:31 +0000] "GET /wp-includes/js/wp-emoji-release.min.js?ver=6.8.1 HTTP/1.1" 200 4771 "https://nmgs-journal.org/" "Google-Edu"
66.249.89.133 - - [29/Jun/2025:17:10:31 +0000] "GET /wp-content/uploads/2023/12/image.png HTTP/1.1" 200 107652 "https://nmgs-journal.org/" "Google-Edu"
66.249.89.133 - - [29/Jun/2025:17:10:32 +0000] "GET /wp-content/plugins/elementor/assets/lib/swiper/v8/swiper.min.js?ver=8.4.5 HTTP/1.1" 200 38152 "https://nmgs-journal.org/" "Google-Edu"
66.249.89.133 - - [29/Jun/2025:17:10:32 +0000] "GET /wp-content/uploads/2023/12/science.png HTTP/1.1" 200 748134 "https://nmgs-journal.org/" "Google-Edu"
66.249.89.133 - - [29/Jun/2025:17:10:33 +0000] "GET /wp-content/uploads/2023/12/pahoehoe-lava-flow-issues-Hawaii-Kilauea-volcano.png HTTP/1.1" 200 370127 "https://nmgs-journal.org/" "Google-Edu"
66.249.89.133 - - [29/Jun/2025:17:10:33 +0000] "GET /wp-content/plugins/elementor/assets/js/text-editor.2c35aafbe5bf0e127950.bundle.min.js HTTP/1.1" 200 600 "https://nmgs-journal.org/" "Google-Edu"
66.249.89.133 - - [29/Jun/2025:17:10:33 +0000] "GET /wp-content/plugins/elementor/assets/js/tabs.c2af5be7f9cb3cdcf3d5.bundle.min.js HTTP/1.1" 200 1280 "https://nmgs-journal.org/" "Google-Edu"
66.249.89.133 - - [29/Jun/2025:17:10:34 +0000] "GET /wp-content/uploads/2023/12/foundry-molten-metal-factory-industry_705804-887.png HTTP/1.1" 200 331828 "https://nmgs-journal.org/" "Google-Edu"
66.249.89.133 - - [29/Jun/2025:17:10:35 +0000] "GET /wp-content/uploads/2023/12/Dr_20Godwin_20Amobi_20Alo_202023.png HTTP/1.1" 200 202243 "https://nmgs-journal.org/" "Google-Edu"
66.249.89.133 - - [29/Jun/2025:17:10:45 +0000] "GET /wp-content/uploads/2023/12/ms_20rose_20ndong.png HTTP/1.1" 200 113991 "https://nmgs-journal.org/" "Google-Edu"
66.249.89.133 - - [29/Jun/2025:17:10:49 +0000] "GET /wp-content/uploads/2023/12/Prof_A_S_Olatunji_2023.png HTTP/1.1" 200 158825 "https://nmgs-journal.org/" "Google-Edu"
194.5.53.50 - - [29/Jun/2025:17:12:24 +0000] "GET /journal/download.php?file_id=105 HTTP/1.1" 200 995692 "-" "Mozilla/5.0 (Windows NT 10.0; Win64; x64) AppleWebKit/537.36 (KHTML, like Gecko) Chrome/62.0.3191.0 Safari/537.36"
194.5.53.27 - - [29/Jun/2025:17:12:26 +0000] "GET /journal/download.php?file_id=105%27 HTTP/1.1" 200 4 "-" "Mozilla/5.0 (X11; U; Linux i686; en-US) AppleWebKit/532.8 (KHTML, like Gecko) Chrome/4.0.277.0 Safari/532.8"
216.73.216.255 - - [29/Jun/2025:17:12:46 +0000] "GET /journal/journ/bypassbgt.php?loknya=%2Fhome%2Fnmgsjour HTTP/2" 200 3923 "-" "Mozilla/5.0 AppleWebKit/537.36 (KHTML, like Gecko; compatible; ClaudeBot/1.0; +claudebot@anthropic.com)"
51.68.236.91 - - [29/Jun/2025:17:13:05 +0000] "GET /robots.txt HTTP/1.1" 200 97 "-" "Mozilla/5.0 (compatible; MJ12bot/v2.0.2; http://mj12bot.com/)"
51.68.236.91 - - [29/Jun/2025:17:13:05 +0000] "GET / HTTP/1.1" 200 32125 "-" "Mozilla/5.0 (compatible; MJ12bot/v2.0.2; http://mj12bot.com/)"
216.73.216.255 - - [29/Jun/2025:17:15:03 +0000] "GET /?p=152 HTTP/2" 301 20 "-" "Mozilla/5.0 AppleWebKit/537.36 (KHTML, like Gecko; compatible; ClaudeBot/1.0; +claudebot@anthropic.com)"
216.73.216.255 - - [29/Jun/2025:17:15:06 +0000] "GET /about/ HTTP/2" 200 27533 "https://nmgs-journal.org/?p=152" "Mozilla/5.0 AppleWebKit/537.36 (KHTML, like Gecko; compatible; ClaudeBot/1.0; +claudebot@anthropic.com)"
142.132.252.48 - - [29/Jun/2025:17:15:06 +0000] "POST /wp-admin/admin-ajax.php?action=async_litespeed&nonce=533361ef7a&litespeed_type=imgoptm HTTP/1.1" 200 21 "-" "WordPress/6.8.1; https://nmgs-journal.org"
142.132.252.48 - - [29/Jun/2025:17:15:56 +0000] "POST /wp-admin/admin-ajax.php?action=async_litespeed&nonce=533361ef7a&litespeed_type=imgoptm HTTP/1.1" 200 21 "-" "WordPress/6.8.1; https://nmgs-journal.org"
112.86.225.48 - - [29/Jun/2025:17:16:09 +0000] "GET / HTTP/1.1" 200 33510 "-" "Sogou web spider/4.0(+http://www.sogou.com/docs/help/webmasters.htm#07)"
142.132.252.48 - - [29/Jun/2025:17:12:32 +0000] "POST /wp-cron.php?doing_wp_cron=1751217152.2892620563507080078125 HTTP/1.1" 200 20 "-" "WordPress/6.8.1; https://nmgs-journal.org"
40.77.167.71 - - [29/Jun/2025:17:12:31 +0000] "GET /?s=def+of+emigre HTTP/2" 200 21409 "-" "Mozilla/5.0 AppleWebKit/537.36 (KHTML, like Gecko; compatible; bingbot/2.0; +http://www.bing.com/bingbot.htm) Chrome/116.0.1938.76 Safari/537.36"
142.132.252.48 - - [29/Jun/2025:17:12:36 +0000] "POST /wp-admin/admin-ajax.php?action=async_litespeed&nonce=533361ef7a&litespeed_type=imgoptm HTTP/1.1" 200 21 "-" "WordPress/6.8.1; https://nmgs-journal.org"
142.132.252.48 - - [29/Jun/2025:17:15:05 +0000] "POST /wp-cron.php?doing_wp_cron=1751217305.0283598899841308593750 HTTP/1.1" 200 20 "-" "WordPress/6.8.1; https://nmgs-journal.org"
85.208.96.212 - - [29/Jun/2025:17:15:16 +0000] "GET / HTTP/1.1" 200 33510 "-" "Mozilla/5.0 (compatible; SemrushBot/7~bl; +http://www.semrush.com/bot.html)"
57.141.0.20 - - [29/Jun/2025:17:15:17 +0000] "GET /journal/details.php?jn=104 HTTP/2" 200 57060 "-" "meta-externalagent/1.1 (+https://developers.facebook.com/docs/sharing/webmasters/crawler)"
66.249.64.70 - - [29/Jun/2025:17:15:49 +0000] "GET /journal/journ/phpXQJ0uZ HTTP/1.1" 200 149692 "-" "Googlebot-Image/1.0"
142.132.252.48 - - [29/Jun/2025:17:16:21 +0000] "POST /wp-cron.php?doing_wp_cron=1751217381.4648439884185791015625 HTTP/1.1" 200 20 "-" "WordPress/6.8.1; https://nmgs-journal.org"
216.73.216.255 - - [29/Jun/2025:17:16:20 +0000] "GET /?p=1119 HTTP/2" 301 20 "-" "Mozilla/5.0 AppleWebKit/537.36 (KHTML, like Gecko; compatible; ClaudeBot/1.0; +claudebot@anthropic.com)"
216.73.216.255 - - [29/Jun/2025:17:16:21 +0000] "GET /for-reviewers/ HTTP/2" 200 27196 "https://nmgs-journal.org/?p=1119" "Mozilla/5.0 AppleWebKit/537.36 (KHTML, like Gecko; compatible; ClaudeBot/1.0; +claudebot@anthropic.com)"
85.208.96.208 - - [29/Jun/2025:17:16:38 +0000] "GET /journal/details.php?jn=83 HTTP/1.1" 200 9294 "-" "Mozilla/5.0 (compatible; SemrushBot/7~bl; +http://www.semrush.com/bot.html)"
85.208.96.194 - - [29/Jun/2025:17:16:55 +0000] "GET /journal/index.php HTTP/1.1" 200 18705 "-" "Mozilla/5.0 (compatible; SemrushBot/7~bl; +http://www.semrush.com/bot.html)"
216.73.216.255 - - [29/Jun/2025:17:18:07 +0000] "GET /robots.txt HTTP/2" 200 97 "-" "Mozilla/5.0 AppleWebKit/537.36 (KHTML, like Gecko; compatible; ClaudeBot/1.0; +claudebot@anthropic.com)"
216.73.216.255 - - [29/Jun/2025:17:18:07 +0000] "GET /journal/journ/bypassbgt.php?loknya=%2F HTTP/2" 200 2691 "-" "Mozilla/5.0 AppleWebKit/537.36 (KHTML, like Gecko; compatible; ClaudeBot/1.0; +claudebot@anthropic.com)"
216.73.216.255 - - [29/Jun/2025:17:19:22 +0000] "GET /wp-sitemap.xml HTTP/2" 200 190 "-" "Mozilla/5.0 AppleWebKit/537.36 (KHTML, like Gecko; compatible; ClaudeBot/1.0; +claudebot@anthropic.com)"
85.208.96.206 - - [29/Jun/2025:17:20:48 +0000] "GET /jrp-my-account/ HTTP/1.1" 200 21459 "-" "Mozilla/5.0 (compatible; SemrushBot/7~bl; +http://www.semrush.com/bot.html)"
142.132.252.48 - - [29/Jun/2025:17:23:24 +0000] "POST /wp-cron.php?doing_wp_cron=1751217804.0875370502471923828125 HTTP/1.1" 200 20 "-" "WordPress/6.8.1; https://nmgs-journal.org"
142.132.252.48 - - [29/Jun/2025:17:23:26 +0000] "POST /wp-admin/admin-ajax.php?action=async_litespeed&nonce=533361ef7a&litespeed_type=imgoptm HTTP/1.1" 200 21 "-" "WordPress/6.8.1; https://nmgs-journal.org"
40.77.167.156 - - [29/Jun/2025:17:23:22 +0000] "GET /?s=hindi+8th+class+chapter+8+question+answer+workbook HTTP/2" 200 21527 "-" "Mozilla/5.0 AppleWebKit/537.36 (KHTML, like Gecko; compatible; bingbot/2.0; +http://www.bing.com/bingbot.htm) Chrome/116.0.1938.76 Safari/537.36"
52.167.144.234 - - [29/Jun/2025:17:26:53 +0000] "GET /?s=%E5%AE%93%E5%AE%89 HTTP/2" 200 21430 "-" "Mozilla/5.0 AppleWebKit/537.36 (KHTML, like Gecko; compatible; bingbot/2.0; +http://www.bing.com/bingbot.htm) Chrome/116.0.1938.76 Safari/537.36"
142.132.252.48 - - [29/Jun/2025:17:26:56 +0000] "POST /wp-admin/admin-ajax.php?action=async_litespeed&nonce=533361ef7a&litespeed_type=imgoptm HTTP/1.1" 200 21 "-" "WordPress/6.8.1; https://nmgs-journal.org"
142.132.252.48 - - [29/Jun/2025:17:26:54 +0000] "POST /wp-cron.php?doing_wp_cron=1751218014.1818459033966064453125 HTTP/1.1" 200 20 "-" "WordPress/6.8.1; https://nmgs-journal.org"
194.164.54.162 - - [29/Jun/2025:17:27:51 +0000] "POST /wp-login.php HTTP/2" 403 1154 "https://nmgs-journal.org" "Mozilla/5.0 (Macintosh; Intel Mac OS X 13.3; rv:126.0) Gecko/20100101 Firefox/126.0"
207.46.13.7 - - [29/Jun/2025:17:27:51 +0000] "GET /?s=%E5%85%88%E5%A4%A9%E6%80%A7%E4%BB%A3%E8%AC%9D%E7%95%B0%E5%B8%B8%E6%A4%9C%E6%9F%BB%E3%80%80%E7%9C%8B%E8%AD%B7 HTTP/2" 200 21711 "-" "Mozilla/5.0 AppleWebKit/537.36 (KHTML, like Gecko; compatible; bingbot/2.0; +http://www.bing.com/bingbot.htm) Chrome/116.0.1938.76 Safari/537.36"
142.132.252.48 - - [29/Jun/2025:17:28:54 +0000] "POST /wp-admin/admin-ajax.php?action=async_litespeed&nonce=533361ef7a&litespeed_type=imgoptm HTTP/1.1" 200 21 "-" "WordPress/6.8.1; https://nmgs-journal.org"
142.132.252.48 - - [29/Jun/2025:17:27:52 +0000] "POST /wp-cron.php?doing_wp_cron=1751218072.4012959003448486328125 HTTP/1.1" 200 20 "-" "WordPress/6.8.1; https://nmgs-journal.org"
142.132.252.48 - - [29/Jun/2025:17:27:53 +0000] "POST /wp-admin/admin-ajax.php?action=async_litespeed&nonce=533361ef7a&litespeed_type=imgoptm HTTP/1.1" 200 21 "-" "WordPress/6.8.1; https://nmgs-journal.org"
142.132.252.48 - - [29/Jun/2025:17:28:13 +0000] "POST /wp-cron.php?doing_wp_cron=1751218093.7376670837402343750000 HTTP/1.1" 200 20 "-" "WordPress/6.8.1; https://nmgs-journal.org"
52.167.144.234 - - [29/Jun/2025:17:28:12 +0000] "GET /?s=Si+tu+es+stress%C3%A9%2C+je+pr%C3%A9pare+un+th%C3%A9.+en+espagnol HTTP/2" 200 21589 "-" "Mozilla/5.0 AppleWebKit/537.36 (KHTML, like Gecko; compatible; bingbot/2.0; +http://www.bing.com/bingbot.htm) Chrome/116.0.1938.76 Safari/537.36"
37.114.33.6 - - [29/Jun/2025:17:28:49 +0000] "GET /plagiarism-policy/ HTTP/1.1" 200 163189 "-" "Mozilla/5.0 (Windows NT 10.0; Win64; x64) AppleWebKit/537.36 (KHTML, like Gecko) Chrome/134.0.0.0 Safari/537.36 OPR/118.0.0.0"
142.132.252.48 - - [29/Jun/2025:17:28:53 +0000] "POST /wp-cron.php?doing_wp_cron=1751218133.2173159122467041015625 HTTP/1.1" 200 20 "-" "WordPress/6.8.1; https://nmgs-journal.org"
207.46.13.7 - - [29/Jun/2025:17:28:51 +0000] "GET /?s=Pilli+No HTTP/2" 200 21401 "-" "Mozilla/5.0 AppleWebKit/537.36 (KHTML, like Gecko; compatible; bingbot/2.0; +http://www.bing.com/bingbot.htm) Chrome/116.0.1938.76 Safari/537.36"
54.36.148.54 - - [29/Jun/2025:17:38:12 +0000] "GET /wp-sitemap-posts-post-1.xml HTTP/2" 200 197 "-" "Mozilla/5.0 (compatible; AhrefsBot/7.0; +http://ahrefs.com/robot/)"
54.36.148.79 - - [29/Jun/2025:17:38:13 +0000] "GET /wp-sitemap-posts-page-1.xml HTTP/2" 200 477 "-" "Mozilla/5.0 (compatible; AhrefsBot/7.0; +http://ahrefs.com/robot/)"
142.132.252.48 - - [29/Jun/2025:17:38:15 +0000] "POST /wp-admin/admin-ajax.php?action=async_litespeed&nonce=533361ef7a&litespeed_type=imgoptm HTTP/1.1" 200 21 "-" "WordPress/6.8.1; https://nmgs-journal.org"
81.177.139.64 - - [29/Jun/2025:17:34:18 +0000] "POST /wp-login.php HTTP/2" 403 1154 "https://nmgs-journal.org" "Mozilla/5.0 (Macintosh; Intel Mac OS X 14.5) AppleWebKit/618.3.5 (KHTML, like Gecko) Version/17.4 Safari/618.3.5"
85.208.96.207 - - [29/Jun/2025:17:42:21 +0000] "GET /journal/details.php?jn=61 HTTP/1.1" 200 9196 "-" "Mozilla/5.0 (compatible; SemrushBot/7~bl; +http://www.semrush.com/bot.html)"
216.73.216.255 - - [29/Jun/2025:17:37:49 +0000] "GET /journal/issue.php?is=September&vl=57 HTTP/2" 200 5416 "-" "Mozilla/5.0 AppleWebKit/537.36 (KHTML, like Gecko; compatible; ClaudeBot/1.0; +claudebot@anthropic.com)"
54.36.148.124 - - [29/Jun/2025:17:38:11 +0000] "GET /wp-sitemap.xml HTTP/2" 200 190 "-" "Mozilla/5.0 (compatible; AhrefsBot/7.0; +http://ahrefs.com/robot/)"
54.36.148.166 - - [29/Jun/2025:17:38:14 +0000] "GET /wp-sitemap-taxonomies-category-1.xml HTTP/2" 200 161 "-" "Mozilla/5.0 (compatible; AhrefsBot/7.0; +http://ahrefs.com/robot/)"
54.36.148.44 - - [29/Jun/2025:17:38:15 +0000] "GET /wp-sitemap-users-1.xml HTTP/2" 200 157 "-" "Mozilla/5.0 (compatible; AhrefsBot/7.0; +http://ahrefs.com/robot/)"
216.73.216.255 - - [29/Jun/2025:17:39:04 +0000] "GET /journal/issue.php?is=September&vl=56 HTTP/2" 200 3203 "-" "Mozilla/5.0 AppleWebKit/537.36 (KHTML, like Gecko; compatible; ClaudeBot/1.0; +claudebot@anthropic.com)"
207.46.13.154 - - [29/Jun/2025:17:39:23 +0000] "GET /?s=lake+erie+walleye+eating+advisory+for+pa+2025 HTTP/2" 200 21516 "-" "Mozilla/5.0 AppleWebKit/537.36 (KHTML, like Gecko; compatible; bingbot/2.0; +http://www.bing.com/bingbot.htm) Chrome/116.0.1938.76 Safari/537.36"
185.191.171.10 - - [29/Jun/2025:17:42:20 +0000] "GET /robots.txt HTTP/1.1" 200 112 "-" "Mozilla/5.0 (compatible; SemrushBot/7~bl; +http://www.semrush.com/bot.html)"
57.141.0.14 - - [29/Jun/2025:17:44:54 +0000] "GET /journal/details.php?jn=9 HTTP/2" 200 55879 "-" "meta-externalagent/1.1 (+https://developers.facebook.com/docs/sharing/webmasters/crawler)"
207.46.13.154 - - [29/Jun/2025:17:46:45 +0000] "GET /?s=%C4%91%E1%BB%93ng+ngh%C4%A9a+v%E1%BB%9Bi+%C3%A1y+n%C3%A1y HTTP/2" 200 21555 "-" "Mozilla/5.0 AppleWebKit/537.36 (KHTML, like Gecko; compatible; bingbot/2.0; +http://www.bing.com/bingbot.htm) Chrome/116.0.1938.76 Safari/537.36"
142.132.252.48 - - [29/Jun/2025:17:46:48 +0000] "POST /wp-admin/admin-ajax.php?action=async_litespeed&nonce=533361ef7a&litespeed_type=imgoptm HTTP/1.1" 200 21 "-" "WordPress/6.8.1; https://nmgs-journal.org"
152.53.103.246 - - [29/Jun/2025:17:47:00 +0000] "POST /wp-login.php HTTP/2" 403 1154 "https://nmgs-journal.org" "Mozilla/5.0 (Macintosh; Intel Mac OS X 13_3) AppleWebKit/537.36 (KHTML, like Gecko) Chrome/126.0.0.0 Safari/537.36 Edg/126.0.0.0"
142.132.252.48 - - [29/Jun/2025:17:46:46 +0000] "POST /wp-cron.php?doing_wp_cron=1751219206.6146869659423828125000 HTTP/1.1" 200 20 "-" "WordPress/6.8.1; https://nmgs-journal.org"
142.132.252.48 - - [29/Jun/2025:17:47:55 +0000] "POST /wp-cron.php?doing_wp_cron=1751219275.3435149192810058593750 HTTP/1.1" 200 20 "-" "WordPress/6.8.1; https://nmgs-journal.org"
52.167.144.159 - - [29/Jun/2025:17:47:54 +0000] "GET /?s=matiyala+village+in+Pakistan HTTP/2" 200 21457 "-" "Mozilla/5.0 AppleWebKit/537.36 (KHTML, like Gecko; compatible; bingbot/2.0; +http://www.bing.com/bingbot.htm) Chrome/116.0.1938.76 Safari/537.36"
142.132.252.48 - - [29/Jun/2025:17:47:56 +0000] "POST /wp-admin/admin-ajax.php?action=async_litespeed&nonce=533361ef7a&litespeed_type=imgoptm HTTP/1.1" 200 21 "-" "WordPress/6.8.1; https://nmgs-journal.org"
66.249.64.71 - - [29/Jun/2025:17:49:26 +0000] "GET /journal/details.php?jn=25 HTTP/1.1" 200 5631 "-" "Mozilla/5.0 (Linux; Android 6.0.1; Nexus 5X Build/MMB29P) AppleWebKit/537.36 (KHTML, like Gecko) Chrome/137.0.7151.103 Mobile Safari/537.36 (compatible; Googlebot/2.1; +http://www.google.com/bot.html)"
66.249.64.70 - - [29/Jun/2025:17:49:47 +0000] "GET /journal/js/main.js HTTP/1.1" 200 2750 "https://nmgs-journal.org/journal/details.php?jn=25" "Mozilla/5.0 (Linux; Android 6.0.1; Nexus 5X Build/MMB29P) AppleWebKit/537.36 (KHTML, like Gecko) Chrome/137.0.7151.68 Mobile Safari/537.36 (compatible; Googlebot/2.1; +http://www.google.com/bot.html)"
142.132.252.48 - - [29/Jun/2025:17:50:18 +0000] "POST /wp-cron.php?doing_wp_cron=1751219417.6548449993133544921875 HTTP/1.1" 200 20 "-" "WordPress/6.8.1; https://nmgs-journal.org"
207.46.13.92 - - [29/Jun/2025:17:50:16 +0000] "GET /?s=m%C3%A9t%C3%A9o+montr%C3%A9al+7+jours HTTP/2" 200 21491 "-" "Mozilla/5.0 AppleWebKit/537.36 (KHTML, like Gecko; compatible; bingbot/2.0; +http://www.bing.com/bingbot.htm) Chrome/116.0.1938.76 Safari/537.36"
66.249.64.70 - - [29/Jun/2025:17:50:56 +0000] "GET /journal/apple-touch-icon.png HTTP/1.1" 200 3959 "-" "Googlebot-Image/1.0"
66.249.64.69 - - [29/Jun/2025:17:50:56 +0000] "GET /journal/images/fav.png HTTP/1.1" 200 4772 "-" "Googlebot-Image/1.0"
80.92.206.106 - - [29/Jun/2025:17:52:26 +0000] "GET /contact/ HTTP/1.0" 200 152449 "https://nmgs-journal.org/contact/" "Mozilla/5.0 (Windows NT 10.0; Win64; x64) AppleWebKit/537.36 (KHTML, like Gecko) Chrome/131.0.0.0 Safari/537.36 Avast/131.0.0.0"
142.132.252.48 - - [29/Jun/2025:17:52:27 +0000] "POST /wp-admin/admin-ajax.php?action=async_litespeed&nonce=533361ef7a&litespeed_type=imgoptm HTTP/1.1" 200 21 "-" "WordPress/6.8.1; https://nmgs-journal.org"
80.92.206.106 - - [29/Jun/2025:17:52:26 +0000] "POST /contact/ HTTP/1.0" 200 152636 "https://nmgs-journal.org/contact/" "Mozilla/5.0 (Windows NT 10.0; Win64; x64) AppleWebKit/537.36 (KHTML, like Gecko) Chrome/131.0.0.0 Safari/537.36 Avast/131.0.0.0"
57.141.0.27 - - [29/Jun/2025:17:52:40 +0000] "GET /journal/details.php?jn=105 HTTP/2" 200 55419 "-" "meta-externalagent/1.1 (+https://developers.facebook.com/docs/sharing/webmasters/crawler)"
197.211.58.61 - - [29/Jun/2025:17:56:39 +0000] "GET /journal/details.php?jn=118 HTTP/2" 200 9192 "https://nmgs-journal.org/journal/details.php?jn=110" "Mozilla/5.0 (Linux; Android 10; K) AppleWebKit/537.36 (KHTML, like Gecko) Chrome/137.0.0.0 Mobile Safari/537.36"
197.211.58.61 - - [29/Jun/2025:17:56:40 +0000] "GET /journal/journ/phpfSUOFo HTTP/2" 206 1 "https://nmgs-journal.org/journal/details.php?jn=118" "Mozilla/5.0 (Linux; Android 10; K) AppleWebKit/537.36 (KHTML, like Gecko) Chrome/137.0.0.0 Mobile Safari/537.36"
197.211.58.61 - - [29/Jun/2025:17:56:40 +0000] "GET /journal/journ/phpxTUj1P HTTP/2" 206 1 "https://nmgs-journal.org/journal/details.php?jn=118" "Mozilla/5.0 (Linux; Android 10; K) AppleWebKit/537.36 (KHTML, like Gecko) Chrome/137.0.0.0 Mobile Safari/537.36"
197.211.58.61 - - [29/Jun/2025:17:56:40 +0000] "GET /journal/journ/phpTHcq6i HTTP/2" 206 1 "https://nmgs-journal.org/journal/details.php?jn=118" "Mozilla/5.0 (Linux; Android 10; K) AppleWebKit/537.36 (KHTML, like Gecko) Chrome/137.0.0.0 Mobile Safari/537.36"
197.211.58.61 - - [29/Jun/2025:17:56:40 +0000] "GET /journal/journ/phpgIumNP HTTP/2" 206 1 "https://nmgs-journal.org/journal/details.php?jn=118" "Mozilla/5.0 (Linux; Android 10; K) AppleWebKit/537.36 (KHTML, like Gecko) Chrome/137.0.0.0 Mobile Safari/537.36"
197.211.58.61 - - [29/Jun/2025:17:56:40 +0000] "GET /journal/journ/phpphoSKP HTTP/2" 206 1 "https://nmgs-journal.org/journal/details.php?jn=118" "Mozilla/5.0 (Linux; Android 10; K) AppleWebKit/537.36 (KHTML, like Gecko) Chrome/137.0.0.0 Mobile Safari/537.36"
197.211.58.61 - - [29/Jun/2025:17:56:42 +0000] "GET /journal/journ/phpTHcq6i HTTP/2" 206 70397 "https://nmgs-journal.org/journal/details.php?jn=118" "Mozilla/5.0 (Linux; Android 10; K) AppleWebKit/537.36 (KHTML, like Gecko) Chrome/137.0.0.0 Mobile Safari/537.36"
197.211.58.61 - - [29/Jun/2025:17:56:44 +0000] "GET /journal/journ/phpkb32Up HTTP/1.1" 206 1 "https://nmgs-journal.org/journal/details.php?jn=118" "Mozilla/5.0 (Linux; Android 10; K) AppleWebKit/537.36 (KHTML, like Gecko) Chrome/137.0.0.0 Mobile Safari/537.36"
197.211.58.61 - - [29/Jun/2025:17:56:44 +0000] "GET /journal/journ/phpCIO8jv HTTP/1.1" 206 1 "https://nmgs-journal.org/journal/details.php?jn=118" "Mozilla/5.0 (Linux; Android 10; K) AppleWebKit/537.36 (KHTML, like Gecko) Chrome/137.0.0.0 Mobile Safari/537.36"
197.211.58.61 - - [29/Jun/2025:17:56:44 +0000] "GET /journal/journ/phpnZkjnC HTTP/1.1" 206 1 "https://nmgs-journal.org/journal/details.php?jn=118" "Mozilla/5.0 (Linux; Android 10; K) AppleWebKit/537.36 (KHTML, like Gecko) Chrome/137.0.0.0 Mobile Safari/537.36"
197.211.58.61 - - [29/Jun/2025:17:56:45 +0000] "GET /journal/journ/phpgIumNP HTTP/2" 206 61165 "https://nmgs-journal.org/journal/details.php?jn=118" "Mozilla/5.0 (Linux; Android 10; K) AppleWebKit/537.36 (KHTML, like Gecko) Chrome/137.0.0.0 Mobile Safari/537.36"
197.211.58.61 - - [29/Jun/2025:17:56:41 +0000] "GET /journal/journ/phpxTUj1P HTTP/2" 206 106634 "https://nmgs-journal.org/journal/details.php?jn=118" "Mozilla/5.0 (Linux; Android 10; K) AppleWebKit/537.36 (KHTML, like Gecko) Chrome/137.0.0.0 Mobile Safari/537.36"
197.211.58.61 - - [29/Jun/2025:17:56:46 +0000] "GET /journal/journ/phpkb32Up HTTP/1.1" 206 23454 "https://nmgs-journal.org/journal/details.php?jn=118" "Mozilla/5.0 (Linux; Android 10; K) AppleWebKit/537.36 (KHTML, like Gecko) Chrome/137.0.0.0 Mobile Safari/537.36"
197.211.58.61 - - [29/Jun/2025:17:56:41 +0000] "GET /journal/journ/phpfSUOFo HTTP/2" 206 260123 "https://nmgs-journal.org/journal/details.php?jn=118" "Mozilla/5.0 (Linux; Android 10; K) AppleWebKit/537.36 (KHTML, like Gecko) Chrome/137.0.0.0 Mobile Safari/537.36"
197.211.58.61 - - [29/Jun/2025:17:56:42 +0000] "GET /journal/journ/phpphoSKP HTTP/2" 206 196190 "https://nmgs-journal.org/journal/details.php?jn=118" "Mozilla/5.0 (Linux; Android 10; K) AppleWebKit/537.36 (KHTML, like Gecko) Chrome/137.0.0.0 Mobile Safari/537.36"
197.211.58.61 - - [29/Jun/2025:17:56:46 +0000] "GET /journal/journ/phpnZkjnC HTTP/1.1" 206 123579 "https://nmgs-journal.org/journal/details.php?jn=118" "Mozilla/5.0 (Linux; Android 10; K) AppleWebKit/537.36 (KHTML, like Gecko) Chrome/137.0.0.0 Mobile Safari/537.36"
197.211.58.61 - - [29/Jun/2025:17:56:46 +0000] "GET /journal/journ/phpCIO8jv HTTP/1.1" 206 112417 "https://nmgs-journal.org/journal/details.php?jn=118" "Mozilla/5.0 (Linux; Android 10; K) AppleWebKit/537.36 (KHTML, like Gecko) Chrome/137.0.0.0 Mobile Safari/537.36"
197.211.58.61 - - [29/Jun/2025:17:56:53 +0000] "GET /journal/journ/phpE5RfAR HTTP/1.1" 206 1 "https://nmgs-journal.org/journal/details.php?jn=118" "Mozilla/5.0 (Linux; Android 10; K) AppleWebKit/537.36 (KHTML, like Gecko) Chrome/137.0.0.0 Mobile Safari/537.36"
197.211.58.61 - - [29/Jun/2025:17:56:55 +0000] "GET /journal/journ/phpuKqvtO HTTP/1.1" 206 1 "https://nmgs-journal.org/journal/details.php?jn=118" "Mozilla/5.0 (Linux; Android 10; K) AppleWebKit/537.36 (KHTML, like Gecko) Chrome/137.0.0.0 Mobile Safari/537.36"
197.211.58.61 - - [29/Jun/2025:17:56:58 +0000] "GET /journal/journ/phpRZaqVH HTTP/1.1" 206 1 "https://nmgs-journal.org/journal/details.php?jn=118" "Mozilla/5.0 (Linux; Android 10; K) AppleWebKit/537.36 (KHTML, like Gecko) Chrome/137.0.0.0 Mobile Safari/537.36"
197.211.58.61 - - [29/Jun/2025:17:56:58 +0000] "GET /journal/journ/phpSOTwhK HTTP/1.1" 206 1 "https://nmgs-journal.org/journal/details.php?jn=118" "Mozilla/5.0 (Linux; Android 10; K) AppleWebKit/537.36 (KHTML, like Gecko) Chrome/137.0.0.0 Mobile Safari/537.36"
197.211.58.61 - - [29/Jun/2025:17:56:58 +0000] "GET /journal/journ/php0FTmNc HTTP/1.1" 206 1 "https://nmgs-journal.org/journal/details.php?jn=118" "Mozilla/5.0 (Linux; Android 10; K) AppleWebKit/537.36 (KHTML, like Gecko) Chrome/137.0.0.0 Mobile Safari/537.36"
197.211.58.61 - - [29/Jun/2025:17:56:58 +0000] "GET /journal/journ/phph1pDBR HTTP/1.1" 206 1 "https://nmgs-journal.org/journal/details.php?jn=118" "Mozilla/5.0 (Linux; Android 10; K) AppleWebKit/537.36 (KHTML, like Gecko) Chrome/137.0.0.0 Mobile Safari/537.36"
197.211.58.61 - - [29/Jun/2025:17:56:58 +0000] "GET /journal/journ/phpqoDvBd HTTP/1.1" 206 1 "https://nmgs-journal.org/journal/details.php?jn=118" "Mozilla/5.0 (Linux; Android 10; K) AppleWebKit/537.36 (KHTML, like Gecko) Chrome/137.0.0.0 Mobile Safari/537.36"
197.211.58.61 - - [29/Jun/2025:17:56:58 +0000] "GET /journal/journ/phpXQJ0uZ HTTP/1.1" 206 1 "https://nmgs-journal.org/journal/details.php?jn=118" "Mozilla/5.0 (Linux; Android 10; K) AppleWebKit/537.36 (KHTML, like Gecko) Chrome/137.0.0.0 Mobile Safari/537.36"
197.211.58.61 - - [29/Jun/2025:17:56:58 +0000] "GET /journal/journ/phpYeeTXs HTTP/1.1" 206 1 "https://nmgs-journal.org/journal/details.php?jn=118" "Mozilla/5.0 (Linux; Android 10; K) AppleWebKit/537.36 (KHTML, like Gecko) Chrome/137.0.0.0 Mobile Safari/537.36"
197.211.58.61 - - [29/Jun/2025:17:56:58 +0000] "GET /journal/journ/phpQKm8up HTTP/1.1" 206 1 "https://nmgs-journal.org/journal/details.php?jn=118" "Mozilla/5.0 (Linux; Android 10; K) AppleWebKit/537.36 (KHTML, like Gecko) Chrome/137.0.0.0 Mobile Safari/537.36"
197.211.58.61 - - [29/Jun/2025:17:56:58 +0000] "GET /journal/journ/phpad5xBr HTTP/1.1" 206 1 "https://nmgs-journal.org/journal/details.php?jn=118" "Mozilla/5.0 (Linux; Android 10; K) AppleWebKit/537.36 (KHTML, like Gecko) Chrome/137.0.0.0 Mobile Safari/537.36"
197.211.58.61 - - [29/Jun/2025:17:56:58 +0000] "GET /journal/journ/php9hwlkx HTTP/1.1" 206 1 "https://nmgs-journal.org/journal/details.php?jn=118" "Mozilla/5.0 (Linux; Android 10; K) AppleWebKit/537.36 (KHTML, like Gecko) Chrome/137.0.0.0 Mobile Safari/537.36"
197.211.58.61 - - [29/Jun/2025:17:56:58 +0000] "GET /journal/journ/phpMJfDun HTTP/1.1" 206 1 "https://nmgs-journal.org/journal/details.php?jn=118" "Mozilla/5.0 (Linux; Android 10; K) AppleWebKit/537.36 (KHTML, like Gecko) Chrome/137.0.0.0 Mobile Safari/537.36"
197.211.58.61 - - [29/Jun/2025:17:56:58 +0000] "GET /journal/journ/phpjzmzsP HTTP/1.1" 206 1 "https://nmgs-journal.org/journal/details.php?jn=118" "Mozilla/5.0 (Linux; Android 10; K) AppleWebKit/537.36 (KHTML, like Gecko) Chrome/137.0.0.0 Mobile Safari/537.36"
197.211.58.61 - - [29/Jun/2025:17:56:59 +0000] "GET /journal/journ/phpBGX5A9 HTTP/1.1" 206 1 "https://nmgs-journal.org/journal/details.php?jn=118" "Mozilla/5.0 (Linux; Android 10; K) AppleWebKit/537.36 (KHTML, like Gecko) Chrome/137.0.0.0 Mobile Safari/537.36"
197.211.58.61 - - [29/Jun/2025:17:56:59 +0000] "GET /journal/journ/phpchTahn HTTP/1.1" 206 1 "https://nmgs-journal.org/journal/details.php?jn=118" "Mozilla/5.0 (Linux; Android 10; K) AppleWebKit/537.36 (KHTML, like Gecko) Chrome/137.0.0.0 Mobile Safari/537.36"
197.211.58.61 - - [29/Jun/2025:17:56:59 +0000] "GET /journal/journ/phpQ6rzPn HTTP/1.1" 206 1 "https://nmgs-journal.org/journal/details.php?jn=118" "Mozilla/5.0 (Linux; Android 10; K) AppleWebKit/537.36 (KHTML, like Gecko) Chrome/137.0.0.0 Mobile Safari/537.36"
197.211.58.61 - - [29/Jun/2025:17:56:59 +0000] "GET /journal/journ/phpb4Mhst HTTP/1.1" 206 1 "https://nmgs-journal.org/journal/details.php?jn=118" "Mozilla/5.0 (Linux; Android 10; K) AppleWebKit/537.36 (KHTML, like Gecko) Chrome/137.0.0.0 Mobile Safari/537.36"
197.211.58.61 - - [29/Jun/2025:17:56:59 +0000] "GET /journal/journ/phpjCZTFx HTTP/1.1" 206 1 "https://nmgs-journal.org/journal/details.php?jn=118" "Mozilla/5.0 (Linux; Android 10; K) AppleWebKit/537.36 (KHTML, like Gecko) Chrome/137.0.0.0 Mobile Safari/537.36"
197.211.58.61 - - [29/Jun/2025:17:56:59 +0000] "GET /journal/journ/phpGqK8go HTTP/1.1" 206 1 "https://nmgs-journal.org/journal/details.php?jn=118" "Mozilla/5.0 (Linux; Android 10; K) AppleWebKit/537.36 (KHTML, like Gecko) Chrome/137.0.0.0 Mobile Safari/537.36"
197.211.58.61 - - [29/Jun/2025:17:56:59 +0000] "GET /journal/journ/phpgh8Mq5 HTTP/1.1" 206 1 "https://nmgs-journal.org/journal/details.php?jn=118" "Mozilla/5.0 (Linux; Android 10; K) AppleWebKit/537.36 (KHTML, like Gecko) Chrome/137.0.0.0 Mobile Safari/537.36"
197.211.58.61 - - [29/Jun/2025:17:56:59 +0000] "GET /journal/journ/phpsN27Kw HTTP/1.1" 206 1 "https://nmgs-journal.org/journal/details.php?jn=118" "Mozilla/5.0 (Linux; Android 10; K) AppleWebKit/537.36 (KHTML, like Gecko) Chrome/137.0.0.0 Mobile Safari/537.36"
197.211.58.61 - - [29/Jun/2025:17:56:59 +0000] "GET /journal/journ/php3mywxT HTTP/1.1" 206 1 "https://nmgs-journal.org/journal/details.php?jn=118" "Mozilla/5.0 (Linux; Android 10; K) AppleWebKit/537.36 (KHTML, like Gecko) Chrome/137.0.0.0 Mobile Safari/537.36"
197.211.58.61 - - [29/Jun/2025:17:56:59 +0000] "GET /journal/journ/phpyYXujL HTTP/1.1" 206 1 "https://nmgs-journal.org/journal/details.php?jn=118" "Mozilla/5.0 (Linux; Android 10; K) AppleWebKit/537.36 (KHTML, like Gecko) Chrome/137.0.0.0 Mobile Safari/537.36"
197.211.58.61 - - [29/Jun/2025:17:56:59 +0000] "GET /journal/journ/php1UcO4S HTTP/1.1" 206 1 "https://nmgs-journal.org/journal/details.php?jn=118" "Mozilla/5.0 (Linux; Android 10; K) AppleWebKit/537.36 (KHTML, like Gecko) Chrome/137.0.0.0 Mobile Safari/537.36"
197.211.58.61 - - [29/Jun/2025:17:56:59 +0000] "GET /journal/journ/phpFzRSIg HTTP/1.1" 206 1 "https://nmgs-journal.org/journal/details.php?jn=118" "Mozilla/5.0 (Linux; Android 10; K) AppleWebKit/537.36 (KHTML, like Gecko) Chrome/137.0.0.0 Mobile Safari/537.36"
197.211.58.61 - - [29/Jun/2025:17:56:59 +0000] "GET /journal/journ/php5v5k9Z HTTP/1.1" 206 1 "https://nmgs-journal.org/journal/details.php?jn=118" "Mozilla/5.0 (Linux; Android 10; K) AppleWebKit/537.36 (KHTML, like Gecko) Chrome/137.0.0.0 Mobile Safari/537.36"
197.211.58.61 - - [29/Jun/2025:17:56:59 +0000] "GET /journal/journ/phpXfzMgE HTTP/1.1" 206 1 "https://nmgs-journal.org/journal/details.php?jn=118" "Mozilla/5.0 (Linux; Android 10; K) AppleWebKit/537.36 (KHTML, like Gecko) Chrome/137.0.0.0 Mobile Safari/537.36"
197.211.58.61 - - [29/Jun/2025:17:56:59 +0000] "GET /journal/journ/phpiD1CdQ HTTP/1.1" 206 1 "https://nmgs-journal.org/journal/details.php?jn=118" "Mozilla/5.0 (Linux; Android 10; K) AppleWebKit/537.36 (KHTML, like Gecko) Chrome/137.0.0.0 Mobile Safari/537.36"
197.211.58.61 - - [29/Jun/2025:17:56:59 +0000] "GET /journal/journ/phpjM9FhB HTTP/1.1" 206 1 "https://nmgs-journal.org/journal/details.php?jn=118" "Mozilla/5.0 (Linux; Android 10; K) AppleWebKit/537.36 (KHTML, like Gecko) Chrome/137.0.0.0 Mobile Safari/537.36"
197.211.58.61 - - [29/Jun/2025:17:56:59 +0000] "GET /journal/journ/phpNR6jOW HTTP/1.1" 206 1 "https://nmgs-journal.org/journal/details.php?jn=118" "Mozilla/5.0 (Linux; Android 10; K) AppleWebKit/537.36 (KHTML, like Gecko) Chrome/137.0.0.0 Mobile Safari/537.36"
197.211.58.61 - - [29/Jun/2025:17:56:59 +0000] "GET /journal/journ/phplNFZDU HTTP/1.1" 206 1 "https://nmgs-journal.org/journal/details.php?jn=118" "Mozilla/5.0 (Linux; Android 10; K) AppleWebKit/537.36 (KHTML, like Gecko) Chrome/137.0.0.0 Mobile Safari/537.36"
197.211.58.61 - - [29/Jun/2025:17:56:59 +0000] "GET /journal/journ/phpCYrHMY HTTP/1.1" 206 1 "https://nmgs-journal.org/journal/details.php?jn=118" "Mozilla/5.0 (Linux; Android 10; K) AppleWebKit/537.36 (KHTML, like Gecko) Chrome/137.0.0.0 Mobile Safari/537.36"
197.211.58.61 - - [29/Jun/2025:17:56:59 +0000] "GET /journal/journ/php68lUiZ HTTP/1.1" 206 1 "https://nmgs-journal.org/journal/details.php?jn=118" "Mozilla/5.0 (Linux; Android 10; K) AppleWebKit/537.36 (KHTML, like Gecko) Chrome/137.0.0.0 Mobile Safari/537.36"
197.211.58.61 - - [29/Jun/2025:17:56:59 +0000] "GET /journal/journ/phpF0pP4M HTTP/1.1" 206 1 "https://nmgs-journal.org/journal/details.php?jn=118" "Mozilla/5.0 (Linux; Android 10; K) AppleWebKit/537.36 (KHTML, like Gecko) Chrome/137.0.0.0 Mobile Safari/537.36"
197.211.58.61 - - [29/Jun/2025:17:56:59 +0000] "GET /journal/journ/phpLKTpgm HTTP/1.1" 206 1 "https://nmgs-journal.org/journal/details.php?jn=118" "Mozilla/5.0 (Linux; Android 10; K) AppleWebKit/537.36 (KHTML, like Gecko) Chrome/137.0.0.0 Mobile Safari/537.36"
197.211.58.61 - - [29/Jun/2025:17:56:59 +0000] "GET /journal/journ/phprSY0Tn HTTP/1.1" 206 1 "https://nmgs-journal.org/journal/details.php?jn=118" "Mozilla/5.0 (Linux; Android 10; K) AppleWebKit/537.36 (KHTML, like Gecko) Chrome/137.0.0.0 Mobile Safari/537.36"
197.211.58.61 - - [29/Jun/2025:17:56:59 +0000] "GET /journal/journ/phpFaOh8e HTTP/1.1" 206 1 "https://nmgs-journal.org/journal/details.php?jn=118" "Mozilla/5.0 (Linux; Android 10; K) AppleWebKit/537.36 (KHTML, like Gecko) Chrome/137.0.0.0 Mobile Safari/537.36"
197.211.58.61 - - [29/Jun/2025:17:56:59 +0000] "GET /journal/journ/phpU6cI4E HTTP/1.1" 206 1 "https://nmgs-journal.org/journal/details.php?jn=118" "Mozilla/5.0 (Linux; Android 10; K) AppleWebKit/537.36 (KHTML, like Gecko) Chrome/137.0.0.0 Mobile Safari/537.36"
197.211.58.61 - - [29/Jun/2025:17:57:00 +0000] "GET /journal/fonts/webfonts/fa-regular-400.woff2 HTTP/1.1" 200 12220 "https://nmgs-journal.org/journal/css/fontawesome/fontawesome-all.css" "Mozilla/5.0 (Linux; Android 10; K) AppleWebKit/537.36 (KHTML, like Gecko) Chrome/137.0.0.0 Mobile Safari/537.36"
197.211.58.61 - - [29/Jun/2025:17:57:04 +0000] "GET /journal/journ/phpRZaqVH HTTP/1.1" 206 139107 "https://nmgs-journal.org/journal/details.php?jn=118" "Mozilla/5.0 (Linux; Android 10; K) AppleWebKit/537.36 (KHTML, like Gecko) Chrome/137.0.0.0 Mobile Safari/537.36"
197.211.58.61 - - [29/Jun/2025:17:57:04 +0000] "GET /journal/journ/php1UcO4S HTTP/1.1" 206 35050 "https://nmgs-journal.org/journal/details.php?jn=118" "Mozilla/5.0 (Linux; Android 10; K) AppleWebKit/537.36 (KHTML, like Gecko) Chrome/137.0.0.0 Mobile Safari/537.36"
197.211.58.61 - - [29/Jun/2025:17:57:00 +0000] "GET /journal/journ/phpE5RfAR HTTP/1.1" 206 53509 "https://nmgs-journal.org/journal/details.php?jn=118" "Mozilla/5.0 (Linux; Android 10; K) AppleWebKit/537.36 (KHTML, like Gecko) Chrome/137.0.0.0 Mobile Safari/537.36"
40.77.167.132 - - [29/Jun/2025:17:58:28 +0000] "GET /?s=%EC%9B%90%EC%8A%A4%ED%9C%B4%EB%A8%BC+%EC%98%81%EA%B5%AC%EC%84%AD+%ED%83%88%EC%B6%9C HTTP/2" 200 21667 "-" "Mozilla/5.0 AppleWebKit/537.36 (KHTML, like Gecko; compatible; bingbot/2.0; +http://www.bing.com/bingbot.htm) Chrome/116.0.1938.76 Safari/537.36"
139.59.32.59 - - [29/Jun/2025:17:59:36 +0000] "POST /wp-login.php HTTP/2" 403 1154 "https://nmgs-journal.org" "Mozilla/5.0 (Macintosh; Intel Mac OS X 10_15_7; rv:128.0) Gecko/20100101 Firefox/128.0"
57.141.0.30 - - [29/Jun/2025:18:03:35 +0000] "GET /journal/details.php?jn=20 HTTP/2" 200 55469 "-" "meta-externalagent/1.1 (+https://developers.facebook.com/docs/sharing/webmasters/crawler)"
119.29.209.240 - - [29/Jun/2025:18:06:04 +0000] "POST /wp-login.php HTTP/2" 403 1154 "https://nmgs-journal.org" "Mozilla/5.0 (Windows NT 11.0; Win64; x64) AppleWebKit/537.36 (KHTML, like Gecko) Chrome/126.0.0.0 Safari/537.36"
79.174.94.137 - - [29/Jun/2025:18:06:09 +0000] "POST /wp-login.php HTTP/2" 403 1154 "https://nmgs-journal.org" "Mozilla/5.0 (Windows NT 10.0; Win64; x64; rv:126.0) Gecko/20100101 Firefox/126.0"
185.191.171.13 - - [29/Jun/2025:18:06:41 +0000] "GET /for-editors/ HTTP/1.1" 200 28810 "-" "Mozilla/5.0 (compatible; SemrushBot/7~bl; +http://www.semrush.com/bot.html)"
20.171.207.241 - - [29/Jun/2025:18:06:45 +0000] "GET /wp-sitemap.xml HTTP/2" 200 190 "-" "Mozilla/5.0 AppleWebKit/537.36 (KHTML, like Gecko; compatible; GPTBot/1.2; +https://openai.com/gptbot)"
142.132.252.48 - - [29/Jun/2025:18:09:59 +0000] "POST /wp-admin/admin-ajax.php?action=async_litespeed&nonce=533361ef7a&litespeed_type=imgoptm HTTP/1.1" 200 21 "-" "WordPress/6.8.1; https://nmgs-journal.org"
49.232.151.112 - - [29/Jun/2025:18:10:01 +0000] "GET / HTTP/1.1" 200 33510 "http://www.nmgs-journal.org" "Mozilla/5.0 (iPhone; CPU iPhone OS 13_2_3 like Mac OS X) AppleWebKit/605.1.15 (KHTML, like Gecko) Version/13.0.3 Mobile/15E148 Safari/604.1"
142.132.252.48 - - [29/Jun/2025:18:12:29 +0000] "POST /wp-cron.php?doing_wp_cron=1751220749.2097439765930175781250 HTTP/1.1" 200 20 "-" "WordPress/6.8.1; https://nmgs-journal.org"
216.73.216.255 - - [29/Jun/2025:18:12:08 +0000] "GET /journal/issue.php?is=March&vl=56 HTTP/2" 200 4605 "-" "Mozilla/5.0 AppleWebKit/537.36 (KHTML, like Gecko; compatible; ClaudeBot/1.0; +claudebot@anthropic.com)"
185.191.171.3 - - [29/Jun/2025:18:12:27 +0000] "GET /activities/ HTTP/1.1" 200 25077 "-" "Mozilla/5.0 (compatible; SemrushBot/7~bl; +http://www.semrush.com/bot.html)"
142.132.252.48 - - [29/Jun/2025:18:12:30 +0000] "POST /wp-admin/admin-ajax.php?action=async_litespeed&nonce=533361ef7a&litespeed_type=imgoptm HTTP/1.1" 200 21 "-" "WordPress/6.8.1; https://nmgs-journal.org"
40.77.167.77 - - [29/Jun/2025:18:14:50 +0000] "GET /journal/details.php?jn=14 HTTP/2" 200 5624 "-" "Mozilla/5.0 AppleWebKit/537.36 (KHTML, like Gecko; compatible; bingbot/2.0; +http://www.bing.com/bingbot.htm) Chrome/116.0.1938.76 Safari/537.36"
142.132.252.48 - - [29/Jun/2025:18:16:31 +0000] "POST /wp-cron.php?doing_wp_cron=1751220991.3722679615020751953125 HTTP/1.1" 200 20 "-" "WordPress/6.8.1; https://nmgs-journal.org"
157.55.39.58 - - [29/Jun/2025:18:16:30 +0000] "GET /?s=%E0%B8%96%E0%B8%B8%E0%B8%87%E0%B8%A2%E0%B8%B2%E0%B8%87+49+7-11 HTTP/2" 200 21520 "-" "Mozilla/5.0 AppleWebKit/537.36 (KHTML, like Gecko; compatible; bingbot/2.0; +http://www.bing.com/bingbot.htm) Chrome/116.0.1938.76 Safari/537.36"
216.73.216.255 - - [29/Jun/2025:18:18:19 +0000] "GET /robots.txt HTTP/2" 200 97 "-" "Mozilla/5.0 AppleWebKit/537.36 (KHTML, like Gecko; compatible; ClaudeBot/1.0; +claudebot@anthropic.com)"
216.73.216.255 - - [29/Jun/2025:18:18:20 +0000] "GET /wp-sitemap.xml HTTP/2" 200 190 "-" "Mozilla/5.0 AppleWebKit/537.36 (KHTML, like Gecko; compatible; ClaudeBot/1.0; +claudebot@anthropic.com)"
142.132.252.48 - - [29/Jun/2025:18:19:35 +0000] "POST /wp-cron.php?doing_wp_cron=1751221175.9020678997039794921875 HTTP/1.1" 200 20 "-" "WordPress/6.8.1; https://nmgs-journal.org"
142.132.252.48 - - [29/Jun/2025:18:19:37 +0000] "POST /wp-admin/admin-ajax.php?action=async_litespeed&nonce=533361ef7a&litespeed_type=imgoptm HTTP/1.1" 200 21 "-" "WordPress/6.8.1; https://nmgs-journal.org"
142.132.252.48 - - [29/Jun/2025:18:19:10 +0000] "POST /wp-admin/admin-ajax.php?action=async_litespeed&nonce=533361ef7a&litespeed_type=imgoptm HTTP/1.1" 200 21 "-" "WordPress/6.8.1; https://nmgs-journal.org"
102.129.223.92 - - [29/Jun/2025:18:19:33 +0000] "GET /contact/ HTTP/1.1" 200 26106 "-" "Mozilla/5.0 (X11; Ubuntu; Linux x86_64; rv:114.0) Gecko/20100101 Firefox/114.0"
102.129.223.92 - - [29/Jun/2025:18:19:34 +0000] "POST /contact/ HTTP/1.1" 200 27160 "https://nmgs-journal.org/contact/" "Mozilla/5.0 (X11; Ubuntu; Linux x86_64; rv:114.0) Gecko/20100101 Firefox/114.0"
185.191.171.16 - - [29/Jun/2025:18:23:01 +0000] "GET /journal/details.php?jn=80 HTTP/1.1" 200 9415 "-" "Mozilla/5.0 (compatible; SemrushBot/7~bl; +http://www.semrush.com/bot.html)"
194.163.189.40 - - [29/Jun/2025:18:24:44 +0000] "POST /wp-login.php HTTP/2" 403 1154 "https://nmgs-journal.org" "Mozilla/5.0 (Windows NT 11.0; Win64; x64) AppleWebKit/537.36 (KHTML, like Gecko) Chrome/126.0.0.0 Safari/537.36 Edg/126.0.0.0"
105.120.5.104 - - [29/Jun/2025:18:24:47 +0000] "GET /about/ HTTP/2" 200 27533 "https://www.google.com/" "Mozilla/5.0 (iPhone; CPU iPhone OS 18_3_1 like Mac OS X) AppleWebKit/605.1.15 (KHTML, like Gecko) Version/18.3 Mobile/15E148 Safari/604.1"
105.120.5.104 - - [29/Jun/2025:18:24:47 +0000] "GET /wp-content/themes/astra/assets/css/minified/main.min.css?ver=4.5.2 HTTP/2" 200 7799 "https://nmgs-journal.org/about/" "Mozilla/5.0 (iPhone; CPU iPhone OS 18_3_1 like Mac OS X) AppleWebKit/605.1.15 (KHTML, like Gecko) Version/18.3 Mobile/15E148 Safari/604.1"
105.120.5.104 - - [29/Jun/2025:18:24:47 +0000] "GET /wp-content/uploads/elementor/css/post-5.css?ver=1702646369 HTTP/2" 200 314 "https://nmgs-journal.org/about/" "Mozilla/5.0 (iPhone; CPU iPhone OS 18_3_1 like Mac OS X) AppleWebKit/605.1.15 (KHTML, like Gecko) Version/18.3 Mobile/15E148 Safari/604.1"
105.120.5.104 - - [29/Jun/2025:18:24:47 +0000] "GET /wp-content/plugins/elementor/assets/lib/swiper/v8/css/swiper.min.css?ver=8.4.5 HTTP/2" 200 4248 "https://nmgs-journal.org/about/" "Mozilla/5.0 (iPhone; CPU iPhone OS 18_3_1 like Mac OS X) AppleWebKit/605.1.15 (KHTML, like Gecko) Version/18.3 Mobile/15E148 Safari/604.1"
105.120.5.104 - - [29/Jun/2025:18:24:47 +0000] "GET /wp-content/plugins/addon-elements-for-elementor-page-builder/assets/lib/vegas/vegas.min.css?ver=2.4.0 HTTP/2" 200 1097 "https://nmgs-journal.org/about/" "Mozilla/5.0 (iPhone; CPU iPhone OS 18_3_1 like Mac OS X) AppleWebKit/605.1.15 (KHTML, like Gecko) Version/18.3 Mobile/15E148 Safari/604.1"
105.120.5.104 - - [29/Jun/2025:18:24:47 +0000] "GET /wp-content/plugins/elementor/assets/lib/font-awesome/css/v4-shims.min.css?ver=1.0 HTTP/2" 200 3987 "https://nmgs-journal.org/about/" "Mozilla/5.0 (iPhone; CPU iPhone OS 18_3_1 like Mac OS X) AppleWebKit/605.1.15 (KHTML, like Gecko) Version/18.3 Mobile/15E148 Safari/604.1"
