142.132.252.48 - - [30/Jun/2025:02:49:44 +0000] "POST /wp-admin/admin-ajax.php?action=async_litespeed&nonce=50179e40e8&litespeed_type=imgoptm HTTP/1.1" 200 21 "-" "WordPress/6.8.1; https://nmgs-journal.org"
142.132.252.48 - - [30/Jun/2025:02:50:48 +0000] "POST /wp-cron.php?doing_wp_cron=1751251848.5206949710845947265625 HTTP/1.1" 200 20 "-" "WordPress/6.8.1; https://nmgs-journal.org"
157.55.39.61 - - [30/Jun/2025:02:50:47 +0000] "GET /?s=%E5%8F%B0%E6%B9%BE%E5%85%A5%E5%A2%83%E5%8D%A1 HTTP/2" 200 21526 "-" "Mozilla/5.0 AppleWebKit/537.36 (KHTML, like Gecko; compatible; bingbot/2.0; +http://www.bing.com/bingbot.htm) Chrome/116.0.1938.76 Safari/537.36"
72.14.201.90 - - [30/Jun/2025:02:50:59 +0000] "GET / HTTP/2" 200 32125 "https://www.google.com/" "Mozilla/5.0 (Linux; Android 10; K) AppleWebKit/537.36 (KHTML, like Gecko) Chrome/137.0.0.0 Mobile Safari/537.36"
142.132.252.48 - - [30/Jun/2025:02:49:43 +0000] "POST /wp-cron.php?doing_wp_cron=1751251783.9571170806884765625000 HTTP/1.1" 200 20 "-" "WordPress/6.8.1; https://nmgs-journal.org"
207.46.13.52 - - [30/Jun/2025:02:49:43 +0000] "GET /?s=%E0%B9%84%E0%B8%A1%E0%B8%A5%E0%B8%AD%E0%B8%A2%E0%B8%82%E0%B8%AD%E0%B8%87%E0%B9%80%E0%B8%8A%E0%B8%AD%E0%B8%A3%E0%B9%8C%E0%B9%81%E0%B8%A1%E0%B8%99 HTTP/2" 200 21616 "-" "Mozilla/5.0 AppleWebKit/537.36 (KHTML, like Gecko; compatible; bingbot/2.0; +http://www.bing.com/bingbot.htm) Chrome/116.0.1938.76 Safari/537.36"
142.132.252.48 - - [30/Jun/2025:02:50:49 +0000] "POST /wp-admin/admin-ajax.php?action=async_litespeed&nonce=50179e40e8&litespeed_type=imgoptm HTTP/1.1" 200 21 "-" "WordPress/6.8.1; https://nmgs-journal.org"
66.249.81.166 - - [30/Jun/2025:02:50:57 +0000] "GET /.well-known/traffic-advice HTTP/1.1" 404 21392 "-" "Chrome Privacy Preserving Prefetch Proxy"
142.132.252.48 - - [30/Jun/2025:02:53:10 +0000] "POST /wp-cron.php?doing_wp_cron=1751251990.7445089817047119140625 HTTP/1.1" 200 20 "-" "WordPress/6.8.1; https://nmgs-journal.org"
52.167.144.18 - - [30/Jun/2025:02:53:10 +0000] "GET /?s=%E0%B8%AA%E0%B8%B2%E0%B8%A3%E0%B8%B4%E0%B8%81%E0%B8%B2%E0%B8%A5%E0%B8%B4%E0%B9%89%E0%B8%99%E0%B8%97%E0%B8%AD%E0%B8%87 HTTP/2" 200 21592 "-" "Mozilla/5.0 AppleWebKit/537.36 (KHTML, like Gecko; compatible; bingbot/2.0; +http://www.bing.com/bingbot.htm) Chrome/116.0.1938.76 Safari/537.36"
142.132.252.48 - - [30/Jun/2025:02:53:11 +0000] "POST /wp-admin/admin-ajax.php?action=async_litespeed&nonce=50179e40e8&litespeed_type=imgoptm HTTP/1.1" 200 21 "-" "WordPress/6.8.1; https://nmgs-journal.org"
216.73.216.255 - - [30/Jun/2025:02:54:22 +0000] "GET /robots.txt HTTP/2" 200 97 "-" "Mozilla/5.0 AppleWebKit/537.36 (KHTML, like Gecko; compatible; ClaudeBot/1.0; +claudebot@anthropic.com)"
216.73.216.255 - - [30/Jun/2025:02:54:22 +0000] "GET /journal/journ/bypassbgt.php?lokasie=%2Fhome%2Fnmgsjour%2F%2F.cloud-locale-test.skip&loknya=%2Fhome%2Fnmgsjour%2F HTTP/2" 200 1701 "-" "Mozilla/5.0 AppleWebKit/537.36 (KHTML, like Gecko; compatible; ClaudeBot/1.0; +claudebot@anthropic.com)"
85.208.96.202 - - [30/Jun/2025:02:56:14 +0000] "GET /journal/details.php?jn=73 HTTP/1.1" 200 9401 "-" "Mozilla/5.0 (compatible; SemrushBot/7~bl; +http://www.semrush.com/bot.html)"
216.73.216.255 - - [30/Jun/2025:02:55:39 +0000] "GET /journal/journ/bypassbgt.php?lokasie=%2Fhome%2Fnmgsjour%2F%2F.contactinfo&loknya=%2Fhome%2Fnmgsjour%2F HTTP/2" 403 1154 "-" "Mozilla/5.0 AppleWebKit/537.36 (KHTML, like Gecko; compatible; ClaudeBot/1.0; +claudebot@anthropic.com)"
216.73.216.255 - - [30/Jun/2025:02:55:39 +0000] "GET /journal/journ/bypassbgt.php?lokasie=%2Fhome%2Fnmgsjour%2F%2F.spamassassinenable&loknya=%2Fhome%2Fnmgsjour%2F HTTP/2" 200 1697 "-" "Mozilla/5.0 AppleWebKit/537.36 (KHTML, like Gecko; compatible; ClaudeBot/1.0; +claudebot@anthropic.com)"
142.132.252.48 - - [30/Jun/2025:02:56:35 +0000] "POST /wp-cron.php?doing_wp_cron=1751252195.7352230548858642578125 HTTP/1.1" 200 20 "-" "WordPress/6.8.1; https://nmgs-journal.org"
142.132.252.48 - - [30/Jun/2025:02:56:36 +0000] "POST /wp-admin/admin-ajax.php?action=async_litespeed&nonce=50179e40e8&litespeed_type=imgoptm HTTP/1.1" 200 21 "-" "WordPress/6.8.1; https://nmgs-journal.org"
52.167.144.18 - - [30/Jun/2025:02:56:34 +0000] "GET /?s=%E5%85%A8%E5%9B%BD%E4%B8%AD%E5%B0%8F%E4%BC%81%E6%A5%AD%E5%9B%A3%E4%BD%93%E4%B8%AD%E5%A4%AE%E4%BC%9A%E3%80%8C%E4%B8%AD%E5%B0%8F%E4%BC%81%E6%A5%AD%E7%B5%84%E5%90%88%E5%AE%9A%E6%AC%BE%E5%8F%82%E8%80%83%E4%BE%8B HTTP/2" 200 21840 "-" "Mozilla/5.0 AppleWebKit/537.36 (KHTML, like Gecko; compatible; bingbot/2.0; +http://www.bing.com/bingbot.htm) Chrome/116.0.1938.76 Safari/537.36"
52.167.144.18 - - [30/Jun/2025:02:56:39 +0000] "GET /t/I389043 HTTP/2" 404 21371 "-" "Mozilla/5.0 AppleWebKit/537.36 (KHTML, like Gecko; compatible; bingbot/2.0; +http://www.bing.com/bingbot.htm) Chrome/116.0.1938.76 Safari/537.36"
142.132.252.48 - - [30/Jun/2025:02:58:22 +0000] "POST /wp-cron.php?doing_wp_cron=1751252302.2985849380493164062500 HTTP/1.1" 200 20 "-" "WordPress/6.8.1; https://nmgs-journal.org"
184.72.151.191 - - [30/Jun/2025:02:59:18 +0000] "GET /.env HTTP/1.1" 403 1154 "-" "Mozilla/5.0 (X11; Linux x86_64)"
57.141.0.19 - - [30/Jun/2025:03:03:38 +0000] "GET /journal/details.php?jn=69 HTTP/2" 200 55248 "-" "meta-externalagent/1.1 (+https://developers.facebook.com/docs/sharing/webmasters/crawler)"
69.171.231.7 - - [30/Jun/2025:03:05:12 +0000] "GET /robots.txt HTTP/2" 200 117 "-" "facebookexternalhit/1.1 (+http://www.facebook.com/externalhit_uatext.php)"
142.132.252.48 - - [30/Jun/2025:03:10:06 +0000] "POST /wp-cron.php?doing_wp_cron=1751253006.3703451156616210937500 HTTP/1.1" 200 20 "-" "WordPress/6.8.1; https://nmgs-journal.org"
142.132.252.48 - - [30/Jun/2025:03:10:06 +0000] "POST /wp-cron.php?doing_wp_cron=1751253006.6902871131896972656250 HTTP/1.1" 200 20 "-" "WordPress/6.8.1; https://nmgs-journal.org"
207.46.13.125 - - [30/Jun/2025:03:10:05 +0000] "GET /?s=cafe+ssurround HTTP/2" 200 21413 "-" "Mozilla/5.0 AppleWebKit/537.36 (KHTML, like Gecko; compatible; bingbot/2.0; +http://www.bing.com/bingbot.htm) Chrome/116.0.1938.76 Safari/537.36"
112.86.225.191 - - [30/Jun/2025:03:10:08 +0000] "GET / HTTP/1.1" 200 33510 "-" "Sogou web spider/4.0(+http://www.sogou.com/docs/help/webmasters.htm#07)"
216.73.216.255 - - [30/Jun/2025:03:09:22 +0000] "GET /journal/journ/bypassbgt.php?lokasie=%2Fhome%2Fnmgsjour%2Fpublic_html%2Fjs%2Ftheme.js&loknya=%2Fhome%2Fnmgsjour%2Fpublic_html%2Fjs HTTP/2" 200 1893 "-" "Mozilla/5.0 AppleWebKit/537.36 (KHTML, like Gecko; compatible; ClaudeBot/1.0; +claudebot@anthropic.com)"
142.132.252.48 - - [30/Jun/2025:03:10:07 +0000] "POST /wp-admin/admin-ajax.php?action=async_litespeed&nonce=50179e40e8&litespeed_type=imgoptm HTTP/1.1" 200 21 "-" "WordPress/6.8.1; https://nmgs-journal.org"
180.102.134.69 - - [30/Jun/2025:03:12:38 +0000] "GET / HTTP/1.1" 200 33510 "http://nmgs-journal.org" "Mozilla/5.0 (iPhone; CPU iPhone OS 13_2_3 like Mac OS X) AppleWebKit/605.1.15 (KHTML, like Gecko) Version/13.0.3 Mobile/15E148 Safari/604.1"
142.132.252.48 - - [30/Jun/2025:03:12:30 +0000] "POST /wp-admin/admin-ajax.php?action=async_litespeed&nonce=50179e40e8&litespeed_type=imgoptm HTTP/1.1" 200 21 "-" "WordPress/6.8.1; https://nmgs-journal.org"
216.73.216.255 - - [30/Jun/2025:03:12:50 +0000] "GET /journal/journ/bypassbgt.php?loknya=%2Fhome%2Fnmgsjour%2Fpublic_html%2Fwp-content%2Fuploads HTTP/2" 200 2458 "-" "Mozilla/5.0 AppleWebKit/537.36 (KHTML, like Gecko; compatible; ClaudeBot/1.0; +claudebot@anthropic.com)"
185.191.171.10 - - [30/Jun/2025:03:14:51 +0000] "GET /category/uncategorized/ HTTP/1.1" 200 22508 "-" "Mozilla/5.0 (compatible; SemrushBot/7~bl; +http://www.semrush.com/bot.html)"
57.141.0.14 - - [30/Jun/2025:03:15:18 +0000] "GET /journal/details.php?jn=108 HTTP/2" 200 55798 "-" "meta-externalagent/1.1 (+https://developers.facebook.com/docs/sharing/webmasters/crawler)"
85.208.96.195 - - [30/Jun/2025:03:14:50 +0000] "GET /robots.txt HTTP/1.1" 200 112 "-" "Mozilla/5.0 (compatible; SemrushBot/7~bl; +http://www.semrush.com/bot.html)"
142.132.252.48 - - [30/Jun/2025:03:14:52 +0000] "POST /wp-cron.php?doing_wp_cron=1751253292.2459180355072021484375 HTTP/1.1" 200 20 "-" "WordPress/6.8.1; https://nmgs-journal.org"
142.132.252.48 - - [30/Jun/2025:03:14:53 +0000] "POST /wp-admin/admin-ajax.php?action=async_litespeed&nonce=50179e40e8&litespeed_type=imgoptm HTTP/1.1" 200 21 "-" "WordPress/6.8.1; https://nmgs-journal.org"
181.199.54.10 - - [30/Jun/2025:03:16:52 +0000] "GET /copyright-policy/ HTTP/1.1" 200 27585 "-" "Mozilla/5.0 (iPhone; CPU iPhone OS 17_0_3 like Mac OS X) AppleWebKit/605.1.15 (KHTML, like Gecko) Version/17.0 Mobile/15E148 Safari/604.1 OPT/4.3.1"
51.79.231.174 - - [30/Jun/2025:03:19:49 +0000] "GET /wp/wp-admin/install.php HTTP/1.1" 401 53 "-" "Mozilla/5.0 (Linux; Android 11; vivo 1904 Build/RP1A.200720.012;) AppleWebKit/537.36 (KHTML, like Gecko) Version/4.0 Chrome/104.0.5112.97 Mobile Safari/537.36"
51.79.231.174 - - [30/Jun/2025:03:19:50 +0000] "GET /new/wp-admin/install.php HTTP/1.1" 401 53 "-" "Mozilla/5.0 (Linux; Android 11; vivo 1904 Build/RP1A.200720.012;) AppleWebKit/537.36 (KHTML, like Gecko) Version/4.0 Chrome/104.0.5112.97 Mobile Safari/537.36"
51.79.231.174 - - [30/Jun/2025:03:19:54 +0000] "GET /lama/wp-admin/install.php HTTP/1.1" 401 53 "-" "Mozilla/5.0 (Linux; Android 11; vivo 1904 Build/RP1A.200720.012;) AppleWebKit/537.36 (KHTML, like Gecko) Version/4.0 Chrome/104.0.5112.97 Mobile Safari/537.36"
51.79.231.174 - - [30/Jun/2025:03:19:55 +0000] "GET /backup/wp-admin/install.php HTTP/1.1" 401 53 "-" "Mozilla/5.0 (Linux; Android 11; vivo 1904 Build/RP1A.200720.012;) AppleWebKit/537.36 (KHTML, like Gecko) Version/4.0 Chrome/104.0.5112.97 Mobile Safari/537.36"
51.79.231.174 - - [30/Jun/2025:03:20:00 +0000] "GET /Wordpress/wp-admin/install.php HTTP/1.1" 401 53 "-" "Mozilla/5.0 (Linux; Android 11; vivo 1904 Build/RP1A.200720.012;) AppleWebKit/537.36 (KHTML, like Gecko) Version/4.0 Chrome/104.0.5112.97 Mobile Safari/537.36"
51.79.231.174 - - [30/Jun/2025:03:20:03 +0000] "GET /WORDPRESS/wp-admin/install.php HTTP/1.1" 401 53 "-" "Mozilla/5.0 (Linux; Android 11; vivo 1904 Build/RP1A.200720.012;) AppleWebKit/537.36 (KHTML, like Gecko) Version/4.0 Chrome/104.0.5112.97 Mobile Safari/537.36"
51.79.231.174 - - [30/Jun/2025:03:20:03 +0000] "GET /wp-admin/install.php HTTP/1.1" 401 53 "-" "Mozilla/5.0 (Linux; Android 11; vivo 1904 Build/RP1A.200720.012;) AppleWebKit/537.36 (KHTML, like Gecko) Version/4.0 Chrome/104.0.5112.97 Mobile Safari/537.36"
51.79.231.174 - - [30/Jun/2025:03:20:04 +0000] "GET /wp/wp-admin/install.php HTTP/1.1" 200 12366 "-" "Mozilla/5.0 (Linux; Android 11; vivo 1904 Build/RP1A.200720.012;) AppleWebKit/537.36 (KHTML, like Gecko) Version/4.0 Chrome/104.0.5112.97 Mobile Safari/537.36"
51.79.231.174 - - [30/Jun/2025:03:20:06 +0000] "GET /lama/wp-admin/install.php HTTP/1.1" 200 12367 "-" "Mozilla/5.0 (Linux; Android 11; vivo 1904 Build/RP1A.200720.012;) AppleWebKit/537.36 (KHTML, like Gecko) Version/4.0 Chrome/104.0.5112.97 Mobile Safari/537.36"
51.79.231.174 - - [30/Jun/2025:03:20:07 +0000] "GET /baru/wp-admin/install.php HTTP/1.1" 200 12368 "-" "Mozilla/5.0 (Linux; Android 11; vivo 1904 Build/RP1A.200720.012;) AppleWebKit/537.36 (KHTML, like Gecko) Version/4.0 Chrome/104.0.5112.97 Mobile Safari/537.36"
51.79.231.174 - - [30/Jun/2025:03:20:08 +0000] "GET /backup/wp-admin/install.php HTTP/1.1" 200 12370 "-" "Mozilla/5.0 (Linux; Android 11; vivo 1904 Build/RP1A.200720.012;) AppleWebKit/537.36 (KHTML, like Gecko) Version/4.0 Chrome/104.0.5112.97 Mobile Safari/537.36"
51.79.231.174 - - [30/Jun/2025:03:20:09 +0000] "GET /wordpress/wp-admin/install.php HTTP/1.1" 200 12370 "-" "Mozilla/5.0 (Linux; Android 11; vivo 1904 Build/RP1A.200720.012;) AppleWebKit/537.36 (KHTML, like Gecko) Version/4.0 Chrome/104.0.5112.97 Mobile Safari/537.36"
51.79.231.174 - - [30/Jun/2025:03:20:10 +0000] "GET /WordPress/wp-admin/install.php HTTP/1.1" 200 12365 "-" "Mozilla/5.0 (Linux; Android 11; vivo 1904 Build/RP1A.200720.012;) AppleWebKit/537.36 (KHTML, like Gecko) Version/4.0 Chrome/104.0.5112.97 Mobile Safari/537.36"
51.79.231.174 - - [30/Jun/2025:03:20:11 +0000] "GET /WP/wp-admin/install.php HTTP/1.1" 200 12365 "-" "Mozilla/5.0 (Linux; Android 11; vivo 1904 Build/RP1A.200720.012;) AppleWebKit/537.36 (KHTML, like Gecko) Version/4.0 Chrome/104.0.5112.97 Mobile Safari/537.36"
51.79.231.174 - - [30/Jun/2025:03:20:11 +0000] "GET /WORDPRESS/wp-admin/install.php HTTP/1.1" 200 12365 "-" "Mozilla/5.0 (Linux; Android 11; vivo 1904 Build/RP1A.200720.012;) AppleWebKit/537.36 (KHTML, like Gecko) Version/4.0 Chrome/104.0.5112.97 Mobile Safari/537.36"
51.79.231.174 - - [30/Jun/2025:03:20:12 +0000] "GET /wp-admin/install.php HTTP/1.1" 200 12368 "-" "Mozilla/5.0 (Linux; Android 11; vivo 1904 Build/RP1A.200720.012;) AppleWebKit/537.36 (KHTML, like Gecko) Version/4.0 Chrome/104.0.5112.97 Mobile Safari/537.36"
51.79.231.174 - - [30/Jun/2025:03:20:13 +0000] "GET /wp/wp-admin/install.php HTTP/1.1" 404 21381 "-" "Mozilla/5.0 (Linux; Android 11; vivo 1904 Build/RP1A.200720.012;) AppleWebKit/537.36 (KHTML, like Gecko) Version/4.0 Chrome/104.0.5112.97 Mobile Safari/537.36"
142.132.252.48 - - [30/Jun/2025:03:20:15 +0000] "POST /wp-admin/admin-ajax.php?action=async_litespeed&nonce=50179e40e8&litespeed_type=imgoptm HTTP/1.1" 200 21 "-" "WordPress/6.8.1; https://nmgs-journal.org"
142.132.252.48 - - [30/Jun/2025:03:20:18 +0000] "POST /wp-cron.php?doing_wp_cron=1751253618.1403219699859619140625 HTTP/1.1" 200 20 "-" "WordPress/6.8.1; https://nmgs-journal.org"
51.79.231.174 - - [30/Jun/2025:03:20:17 +0000] "GET /old/wp-admin/install.php HTTP/1.1" 404 21385 "-" "Mozilla/5.0 (Linux; Android 11; vivo 1904 Build/RP1A.200720.012;) AppleWebKit/537.36 (KHTML, like Gecko) Version/4.0 Chrome/104.0.5112.97 Mobile Safari/537.36"
51.79.231.174 - - [30/Jun/2025:03:19:53 +0000] "GET /old/wp-admin/install.php HTTP/1.1" 401 53 "-" "Mozilla/5.0 (Linux; Android 11; vivo 1904 Build/RP1A.200720.012;) AppleWebKit/537.36 (KHTML, like Gecko) Version/4.0 Chrome/104.0.5112.97 Mobile Safari/537.36"
51.79.231.174 - - [30/Jun/2025:03:19:55 +0000] "GET /baru/wp-admin/install.php HTTP/1.1" 401 53 "-" "Mozilla/5.0 (Linux; Android 11; vivo 1904 Build/RP1A.200720.012;) AppleWebKit/537.36 (KHTML, like Gecko) Version/4.0 Chrome/104.0.5112.97 Mobile Safari/537.36"
51.79.231.174 - - [30/Jun/2025:03:20:01 +0000] "GET /wordpress/wp-admin/install.php HTTP/1.1" 401 53 "-" "Mozilla/5.0 (Linux; Android 11; vivo 1904 Build/RP1A.200720.012;) AppleWebKit/537.36 (KHTML, like Gecko) Version/4.0 Chrome/104.0.5112.97 Mobile Safari/537.36"
51.79.231.174 - - [30/Jun/2025:03:20:01 +0000] "GET /WordPress/wp-admin/install.php HTTP/1.1" 401 53 "-" "Mozilla/5.0 (Linux; Android 11; vivo 1904 Build/RP1A.200720.012;) AppleWebKit/537.36 (KHTML, like Gecko) Version/4.0 Chrome/104.0.5112.97 Mobile Safari/537.36"
51.79.231.174 - - [30/Jun/2025:03:20:02 +0000] "GET /WP/wp-admin/install.php HTTP/1.1" 401 53 "-" "Mozilla/5.0 (Linux; Android 11; vivo 1904 Build/RP1A.200720.012;) AppleWebKit/537.36 (KHTML, like Gecko) Version/4.0 Chrome/104.0.5112.97 Mobile Safari/537.36"
51.79.231.174 - - [30/Jun/2025:03:20:05 +0000] "GET /new/wp-admin/install.php HTTP/1.1" 200 12366 "-" "Mozilla/5.0 (Linux; Android 11; vivo 1904 Build/RP1A.200720.012;) AppleWebKit/537.36 (KHTML, like Gecko) Version/4.0 Chrome/104.0.5112.97 Mobile Safari/537.36"
51.79.231.174 - - [30/Jun/2025:03:20:06 +0000] "GET /old/wp-admin/install.php HTTP/1.1" 200 12365 "-" "Mozilla/5.0 (Linux; Android 11; vivo 1904 Build/RP1A.200720.012;) AppleWebKit/537.36 (KHTML, like Gecko) Version/4.0 Chrome/104.0.5112.97 Mobile Safari/537.36"
51.79.231.174 - - [30/Jun/2025:03:20:08 +0000] "GET /Wordpress/wp-admin/install.php HTTP/1.1" 200 12366 "-" "Mozilla/5.0 (Linux; Android 11; vivo 1904 Build/RP1A.200720.012;) AppleWebKit/537.36 (KHTML, like Gecko) Version/4.0 Chrome/104.0.5112.97 Mobile Safari/537.36"
142.132.252.48 - - [30/Jun/2025:03:20:14 +0000] "POST /wp-cron.php?doing_wp_cron=1751253614.1520259380340576171875 HTTP/1.1" 200 20 "-" "WordPress/6.8.1; https://nmgs-journal.org"
51.79.231.174 - - [30/Jun/2025:03:20:15 +0000] "GET /new/wp-admin/install.php HTTP/1.1" 404 21384 "-" "Mozilla/5.0 (Linux; Android 11; vivo 1904 Build/RP1A.200720.012;) AppleWebKit/537.36 (KHTML, like Gecko) Version/4.0 Chrome/104.0.5112.97 Mobile Safari/537.36"
51.79.231.174 - - [30/Jun/2025:03:20:19 +0000] "GET /lama/wp-admin/install.php HTTP/1.1" 404 21385 "-" "Mozilla/5.0 (Linux; Android 11; vivo 1904 Build/RP1A.200720.012;) AppleWebKit/537.36 (KHTML, like Gecko) Version/4.0 Chrome/104.0.5112.97 Mobile Safari/537.36"
51.79.231.174 - - [30/Jun/2025:03:20:26 +0000] "GET /wordpress/wp-admin/install.php HTTP/1.1" 404 21393 "-" "Mozilla/5.0 (Linux; Android 11; vivo 1904 Build/RP1A.200720.012;) AppleWebKit/537.36 (KHTML, like Gecko) Version/4.0 Chrome/104.0.5112.97 Mobile Safari/537.36"
51.79.231.174 - - [30/Jun/2025:03:20:30 +0000] "GET /WORDPRESS/wp-admin/install.php HTTP/1.1" 404 21397 "-" "Mozilla/5.0 (Linux; Android 11; vivo 1904 Build/RP1A.200720.012;) AppleWebKit/537.36 (KHTML, like Gecko) Version/4.0 Chrome/104.0.5112.97 Mobile Safari/537.36"
51.79.231.174 - - [30/Jun/2025:03:20:32 +0000] "GET /wp-admin/install.php HTTP/1.1" 200 513 "-" "Mozilla/5.0 (Linux; Android 11; vivo 1904 Build/RP1A.200720.012;) AppleWebKit/537.36 (KHTML, like Gecko) Version/4.0 Chrome/104.0.5112.97 Mobile Safari/537.36"
51.79.231.174 - - [30/Jun/2025:03:20:33 +0000] "GET /new/wp-admin/install.php HTTP/1.1" 200 12367 "-" "Mozilla/5.0 (Linux; Android 11; vivo 1904 Build/RP1A.200720.012;) AppleWebKit/537.36 (KHTML, like Gecko) Version/4.0 Chrome/104.0.5112.97 Mobile Safari/537.36"
51.79.231.174 - - [30/Jun/2025:03:20:36 +0000] "GET /backup/wp-admin/install.php HTTP/1.1" 200 12360 "-" "Mozilla/5.0 (Linux; Android 11; vivo 1904 Build/RP1A.200720.012;) AppleWebKit/537.36 (KHTML, like Gecko) Version/4.0 Chrome/104.0.5112.97 Mobile Safari/537.36"
51.79.231.174 - - [30/Jun/2025:03:20:20 +0000] "GET /baru/wp-admin/install.php HTTP/1.1" 404 21386 "-" "Mozilla/5.0 (Linux; Android 11; vivo 1904 Build/RP1A.200720.012;) AppleWebKit/537.36 (KHTML, like Gecko) Version/4.0 Chrome/104.0.5112.97 Mobile Safari/537.36"
51.79.231.174 - - [30/Jun/2025:03:20:22 +0000] "GET /backup/wp-admin/install.php HTTP/1.1" 404 21389 "-" "Mozilla/5.0 (Linux; Android 11; vivo 1904 Build/RP1A.200720.012;) AppleWebKit/537.36 (KHTML, like Gecko) Version/4.0 Chrome/104.0.5112.97 Mobile Safari/537.36"
51.79.231.174 - - [30/Jun/2025:03:20:24 +0000] "GET /Wordpress/wp-admin/install.php HTTP/1.1" 404 21393 "-" "Mozilla/5.0 (Linux; Android 11; vivo 1904 Build/RP1A.200720.012;) AppleWebKit/537.36 (KHTML, like Gecko) Version/4.0 Chrome/104.0.5112.97 Mobile Safari/537.36"
51.79.231.174 - - [30/Jun/2025:03:20:27 +0000] "GET /WordPress/wp-admin/install.php HTTP/1.1" 404 21394 "-" "Mozilla/5.0 (Linux; Android 11; vivo 1904 Build/RP1A.200720.012;) AppleWebKit/537.36 (KHTML, like Gecko) Version/4.0 Chrome/104.0.5112.97 Mobile Safari/537.36"
51.79.231.174 - - [30/Jun/2025:03:20:29 +0000] "GET /WP/wp-admin/install.php HTTP/1.1" 404 21388 "-" "Mozilla/5.0 (Linux; Android 11; vivo 1904 Build/RP1A.200720.012;) AppleWebKit/537.36 (KHTML, like Gecko) Version/4.0 Chrome/104.0.5112.97 Mobile Safari/537.36"
51.79.231.174 - - [30/Jun/2025:03:20:33 +0000] "GET /wp/wp-admin/install.php HTTP/1.1" 200 12368 "-" "Mozilla/5.0 (Linux; Android 11; vivo 1904 Build/RP1A.200720.012;) AppleWebKit/537.36 (KHTML, like Gecko) Version/4.0 Chrome/104.0.5112.97 Mobile Safari/537.36"
51.79.231.174 - - [30/Jun/2025:03:20:34 +0000] "GET /old/wp-admin/install.php HTTP/1.1" 200 12362 "-" "Mozilla/5.0 (Linux; Android 11; vivo 1904 Build/RP1A.200720.012;) AppleWebKit/537.36 (KHTML, like Gecko) Version/4.0 Chrome/104.0.5112.97 Mobile Safari/537.36"
51.79.231.174 - - [30/Jun/2025:03:20:35 +0000] "GET /lama/wp-admin/install.php HTTP/1.1" 200 12370 "-" "Mozilla/5.0 (Linux; Android 11; vivo 1904 Build/RP1A.200720.012;) AppleWebKit/537.36 (KHTML, like Gecko) Version/4.0 Chrome/104.0.5112.97 Mobile Safari/537.36"
51.79.231.174 - - [30/Jun/2025:03:20:35 +0000] "GET /baru/wp-admin/install.php HTTP/1.1" 200 12366 "-" "Mozilla/5.0 (Linux; Android 11; vivo 1904 Build/RP1A.200720.012;) AppleWebKit/537.36 (KHTML, like Gecko) Version/4.0 Chrome/104.0.5112.97 Mobile Safari/537.36"
51.79.231.174 - - [30/Jun/2025:03:20:42 +0000] "GET /WordPress/wp-admin/install.php HTTP/1.1" 200 12366 "-" "Mozilla/5.0 (Linux; Android 11; vivo 1904 Build/RP1A.200720.012;) AppleWebKit/537.36 (KHTML, like Gecko) Version/4.0 Chrome/104.0.5112.97 Mobile Safari/537.36"
51.79.231.174 - - [30/Jun/2025:03:20:42 +0000] "GET /wordpress/wp-admin/install.php HTTP/1.1" 200 12364 "-" "Mozilla/5.0 (Linux; Android 11; vivo 1904 Build/RP1A.200720.012;) AppleWebKit/537.36 (KHTML, like Gecko) Version/4.0 Chrome/104.0.5112.97 Mobile Safari/537.36"
51.79.231.174 - - [30/Jun/2025:03:20:49 +0000] "GET /WORDPRESS/wp-admin/install.php HTTP/1.1" 200 12365 "-" "Mozilla/5.0 (Linux; Android 11; vivo 1904 Build/RP1A.200720.012;) AppleWebKit/537.36 (KHTML, like Gecko) Version/4.0 Chrome/104.0.5112.97 Mobile Safari/537.36"
51.79.231.174 - - [30/Jun/2025:03:20:58 +0000] "GET /lama/wp-admin/install.php HTTP/1.1" 400 52 "-" "Mozilla/5.0 (Linux; Android 11; vivo 1904 Build/RP1A.200720.012;) AppleWebKit/537.36 (KHTML, like Gecko) Version/4.0 Chrome/104.0.5112.97 Mobile Safari/537.36"
51.79.231.174 - - [30/Jun/2025:03:21:03 +0000] "GET /baru/wp-admin/install.php HTTP/1.1" 400 52 "-" "Mozilla/5.0 (Linux; Android 11; vivo 1904 Build/RP1A.200720.012;) AppleWebKit/537.36 (KHTML, like Gecko) Version/4.0 Chrome/104.0.5112.97 Mobile Safari/537.36"
51.79.231.174 - - [30/Jun/2025:03:21:05 +0000] "GET /Wordpress/wp-admin/install.php HTTP/1.1" 400 52 "-" "Mozilla/5.0 (Linux; Android 11; vivo 1904 Build/RP1A.200720.012;) AppleWebKit/537.36 (KHTML, like Gecko) Version/4.0 Chrome/104.0.5112.97 Mobile Safari/537.36"
51.79.231.174 - - [30/Jun/2025:03:21:05 +0000] "GET /wordpress/wp-admin/install.php HTTP/1.1" 400 52 "-" "Mozilla/5.0 (Linux; Android 11; vivo 1904 Build/RP1A.200720.012;) AppleWebKit/537.36 (KHTML, like Gecko) Version/4.0 Chrome/104.0.5112.97 Mobile Safari/537.36"
51.79.231.174 - - [30/Jun/2025:03:21:06 +0000] "GET /WordPress/wp-admin/install.php HTTP/1.1" 400 52 "-" "Mozilla/5.0 (Linux; Android 11; vivo 1904 Build/RP1A.200720.012;) AppleWebKit/537.36 (KHTML, like Gecko) Version/4.0 Chrome/104.0.5112.97 Mobile Safari/537.36"
51.79.231.174 - - [30/Jun/2025:03:21:12 +0000] "GET /WORDPRESS/wp-admin/install.php HTTP/1.1" 400 52 "-" "Mozilla/5.0 (Linux; Android 11; vivo 1904 Build/RP1A.200720.012;) AppleWebKit/537.36 (KHTML, like Gecko) Version/4.0 Chrome/104.0.5112.97 Mobile Safari/537.36"
51.79.231.174 - - [30/Jun/2025:03:21:12 +0000] "GET /wp-admin/install.php HTTP/1.1" 400 52 "-" "Mozilla/5.0 (Linux; Android 11; vivo 1904 Build/RP1A.200720.012;) AppleWebKit/537.36 (KHTML, like Gecko) Version/4.0 Chrome/104.0.5112.97 Mobile Safari/537.36"
51.79.231.174 - - [30/Jun/2025:03:21:13 +0000] "GET /wp/wp-admin/install.php HTTP/1.1" 401 53 "-" "Mozilla/5.0 (Linux; Android 11; vivo 1904 Build/RP1A.200720.012;) AppleWebKit/537.36 (KHTML, like Gecko) Version/4.0 Chrome/104.0.5112.97 Mobile Safari/537.36"
51.79.231.174 - - [30/Jun/2025:03:21:14 +0000] "GET /old/wp-admin/install.php HTTP/1.1" 401 53 "-" "Mozilla/5.0 (Linux; Android 11; vivo 1904 Build/RP1A.200720.012;) AppleWebKit/537.36 (KHTML, like Gecko) Version/4.0 Chrome/104.0.5112.97 Mobile Safari/537.36"
51.79.231.174 - - [30/Jun/2025:03:21:15 +0000] "GET /lama/wp-admin/install.php HTTP/1.1" 401 53 "-" "Mozilla/5.0 (Linux; Android 11; vivo 1904 Build/RP1A.200720.012;) AppleWebKit/537.36 (KHTML, like Gecko) Version/4.0 Chrome/104.0.5112.97 Mobile Safari/537.36"
51.79.231.174 - - [30/Jun/2025:03:21:16 +0000] "GET /baru/wp-admin/install.php HTTP/1.1" 401 53 "-" "Mozilla/5.0 (Linux; Android 11; vivo 1904 Build/RP1A.200720.012;) AppleWebKit/537.36 (KHTML, like Gecko) Version/4.0 Chrome/104.0.5112.97 Mobile Safari/537.36"
51.79.231.174 - - [30/Jun/2025:03:21:17 +0000] "GET /Wordpress/wp-admin/install.php HTTP/1.1" 401 53 "-" "Mozilla/5.0 (Linux; Android 11; vivo 1904 Build/RP1A.200720.012;) AppleWebKit/537.36 (KHTML, like Gecko) Version/4.0 Chrome/104.0.5112.97 Mobile Safari/537.36"
51.79.231.174 - - [30/Jun/2025:03:21:17 +0000] "GET /wordpress/wp-admin/install.php HTTP/1.1" 401 53 "-" "Mozilla/5.0 (Linux; Android 11; vivo 1904 Build/RP1A.200720.012;) AppleWebKit/537.36 (KHTML, like Gecko) Version/4.0 Chrome/104.0.5112.97 Mobile Safari/537.36"
51.79.231.174 - - [30/Jun/2025:03:21:18 +0000] "GET /WordPress/wp-admin/install.php HTTP/1.1" 401 53 "-" "Mozilla/5.0 (Linux; Android 11; vivo 1904 Build/RP1A.200720.012;) AppleWebKit/537.36 (KHTML, like Gecko) Version/4.0 Chrome/104.0.5112.97 Mobile Safari/537.36"
51.79.231.174 - - [30/Jun/2025:03:21:19 +0000] "GET /WP/wp-admin/install.php HTTP/1.1" 401 53 "-" "Mozilla/5.0 (Linux; Android 11; vivo 1904 Build/RP1A.200720.012;) AppleWebKit/537.36 (KHTML, like Gecko) Version/4.0 Chrome/104.0.5112.97 Mobile Safari/537.36"
51.79.231.174 - - [30/Jun/2025:03:21:21 +0000] "GET /wp/wp-admin/install.php HTTP/1.1" 401 53 "-" "Mozilla/5.0 (Linux; Android 11; vivo 1904 Build/RP1A.200720.012;) AppleWebKit/537.36 (KHTML, like Gecko) Version/4.0 Chrome/104.0.5112.97 Mobile Safari/537.36"
51.79.231.174 - - [30/Jun/2025:03:21:21 +0000] "GET /new/wp-admin/install.php HTTP/1.1" 401 53 "-" "Mozilla/5.0 (Linux; Android 11; vivo 1904 Build/RP1A.200720.012;) AppleWebKit/537.36 (KHTML, like Gecko) Version/4.0 Chrome/104.0.5112.97 Mobile Safari/537.36"
51.79.231.174 - - [30/Jun/2025:03:21:22 +0000] "GET /lama/wp-admin/install.php HTTP/1.1" 401 53 "-" "Mozilla/5.0 (Linux; Android 11; vivo 1904 Build/RP1A.200720.012;) AppleWebKit/537.36 (KHTML, like Gecko) Version/4.0 Chrome/104.0.5112.97 Mobile Safari/537.36"
51.79.231.174 - - [30/Jun/2025:03:21:24 +0000] "GET /backup/wp-admin/install.php HTTP/1.1" 401 53 "-" "Mozilla/5.0 (Linux; Android 11; vivo 1904 Build/RP1A.200720.012;) AppleWebKit/537.36 (KHTML, like Gecko) Version/4.0 Chrome/104.0.5112.97 Mobile Safari/537.36"
51.79.231.174 - - [30/Jun/2025:03:21:24 +0000] "GET /Wordpress/wp-admin/install.php HTTP/1.1" 401 53 "-" "Mozilla/5.0 (Linux; Android 11; vivo 1904 Build/RP1A.200720.012;) AppleWebKit/537.36 (KHTML, like Gecko) Version/4.0 Chrome/104.0.5112.97 Mobile Safari/537.36"
51.79.231.174 - - [30/Jun/2025:03:20:48 +0000] "GET /WP/wp-admin/install.php HTTP/1.1" 200 12363 "-" "Mozilla/5.0 (Linux; Android 11; vivo 1904 Build/RP1A.200720.012;) AppleWebKit/537.36 (KHTML, like Gecko) Version/4.0 Chrome/104.0.5112.97 Mobile Safari/537.36"
51.79.231.174 - - [30/Jun/2025:03:20:49 +0000] "GET /wp-admin/install.php HTTP/1.1" 200 12361 "-" "Mozilla/5.0 (Linux; Android 11; vivo 1904 Build/RP1A.200720.012;) AppleWebKit/537.36 (KHTML, like Gecko) Version/4.0 Chrome/104.0.5112.97 Mobile Safari/537.36"
51.79.231.174 - - [30/Jun/2025:03:20:50 +0000] "GET /wp/wp-admin/install.php HTTP/1.1" 400 52 "-" "Mozilla/5.0 (Linux; Android 11; vivo 1904 Build/RP1A.200720.012;) AppleWebKit/537.36 (KHTML, like Gecko) Version/4.0 Chrome/104.0.5112.97 Mobile Safari/537.36"
51.79.231.174 - - [30/Jun/2025:03:20:57 +0000] "GET /new/wp-admin/install.php HTTP/1.1" 400 52 "-" "Mozilla/5.0 (Linux; Android 11; vivo 1904 Build/RP1A.200720.012;) AppleWebKit/537.36 (KHTML, like Gecko) Version/4.0 Chrome/104.0.5112.97 Mobile Safari/537.36"
51.79.231.174 - - [30/Jun/2025:03:20:58 +0000] "GET /old/wp-admin/install.php HTTP/1.1" 400 52 "-" "Mozilla/5.0 (Linux; Android 11; vivo 1904 Build/RP1A.200720.012;) AppleWebKit/537.36 (KHTML, like Gecko) Version/4.0 Chrome/104.0.5112.97 Mobile Safari/537.36"
51.79.231.174 - - [30/Jun/2025:03:21:04 +0000] "GET /backup/wp-admin/install.php HTTP/1.1" 400 52 "-" "Mozilla/5.0 (Linux; Android 11; vivo 1904 Build/RP1A.200720.012;) AppleWebKit/537.36 (KHTML, like Gecko) Version/4.0 Chrome/104.0.5112.97 Mobile Safari/537.36"
51.79.231.174 - - [30/Jun/2025:03:21:07 +0000] "GET /WP/wp-admin/install.php HTTP/1.1" 400 52 "-" "Mozilla/5.0 (Linux; Android 11; vivo 1904 Build/RP1A.200720.012;) AppleWebKit/537.36 (KHTML, like Gecko) Version/4.0 Chrome/104.0.5112.97 Mobile Safari/537.36"
51.79.231.174 - - [30/Jun/2025:03:21:14 +0000] "GET /new/wp-admin/install.php HTTP/1.1" 401 53 "-" "Mozilla/5.0 (Linux; Android 11; vivo 1904 Build/RP1A.200720.012;) AppleWebKit/537.36 (KHTML, like Gecko) Version/4.0 Chrome/104.0.5112.97 Mobile Safari/537.36"
51.79.231.174 - - [30/Jun/2025:03:21:16 +0000] "GET /backup/wp-admin/install.php HTTP/1.1" 401 53 "-" "Mozilla/5.0 (Linux; Android 11; vivo 1904 Build/RP1A.200720.012;) AppleWebKit/537.36 (KHTML, like Gecko) Version/4.0 Chrome/104.0.5112.97 Mobile Safari/537.36"
51.79.231.174 - - [30/Jun/2025:03:21:19 +0000] "GET /WORDPRESS/wp-admin/install.php HTTP/1.1" 401 53 "-" "Mozilla/5.0 (Linux; Android 11; vivo 1904 Build/RP1A.200720.012;) AppleWebKit/537.36 (KHTML, like Gecko) Version/4.0 Chrome/104.0.5112.97 Mobile Safari/537.36"
51.79.231.174 - - [30/Jun/2025:03:21:20 +0000] "GET /wp-admin/install.php HTTP/1.1" 401 53 "-" "Mozilla/5.0 (Linux; Android 11; vivo 1904 Build/RP1A.200720.012;) AppleWebKit/537.36 (KHTML, like Gecko) Version/4.0 Chrome/104.0.5112.97 Mobile Safari/537.36"
51.79.231.174 - - [30/Jun/2025:03:21:22 +0000] "GET /old/wp-admin/install.php HTTP/1.1" 401 53 "-" "Mozilla/5.0 (Linux; Android 11; vivo 1904 Build/RP1A.200720.012;) AppleWebKit/537.36 (KHTML, like Gecko) Version/4.0 Chrome/104.0.5112.97 Mobile Safari/537.36"
51.79.231.174 - - [30/Jun/2025:03:21:23 +0000] "GET /baru/wp-admin/install.php HTTP/1.1" 401 53 "-" "Mozilla/5.0 (Linux; Android 11; vivo 1904 Build/RP1A.200720.012;) AppleWebKit/537.36 (KHTML, like Gecko) Version/4.0 Chrome/104.0.5112.97 Mobile Safari/537.36"
51.79.231.174 - - [30/Jun/2025:03:21:25 +0000] "GET /wordpress/wp-admin/install.php HTTP/1.1" 401 53 "-" "Mozilla/5.0 (Linux; Android 11; vivo 1904 Build/RP1A.200720.012;) AppleWebKit/537.36 (KHTML, like Gecko) Version/4.0 Chrome/104.0.5112.97 Mobile Safari/537.36"
51.79.231.174 - - [30/Jun/2025:03:21:25 +0000] "GET /WordPress/wp-admin/install.php HTTP/1.1" 401 53 "-" "Mozilla/5.0 (Linux; Android 11; vivo 1904 Build/RP1A.200720.012;) AppleWebKit/537.36 (KHTML, like Gecko) Version/4.0 Chrome/104.0.5112.97 Mobile Safari/537.36"
51.79.231.174 - - [30/Jun/2025:03:21:26 +0000] "GET /WP/wp-admin/install.php HTTP/1.1" 401 53 "-" "Mozilla/5.0 (Linux; Android 11; vivo 1904 Build/RP1A.200720.012;) AppleWebKit/537.36 (KHTML, like Gecko) Version/4.0 Chrome/104.0.5112.97 Mobile Safari/537.36"
51.79.231.174 - - [30/Jun/2025:03:21:30 +0000] "GET /WORDPRESS/wp-admin/install.php HTTP/1.1" 401 53 "-" "Mozilla/5.0 (Linux; Android 11; vivo 1904 Build/RP1A.200720.012;) AppleWebKit/537.36 (KHTML, like Gecko) Version/4.0 Chrome/104.0.5112.97 Mobile Safari/537.36"
51.79.231.174 - - [30/Jun/2025:03:21:32 +0000] "GET /wp-admin/install.php HTTP/1.1" 401 53 "-" "Mozilla/5.0 (Linux; Android 11; vivo 1904 Build/RP1A.200720.012;) AppleWebKit/537.36 (KHTML, like Gecko) Version/4.0 Chrome/104.0.5112.97 Mobile Safari/537.36"
142.132.252.48 - - [30/Jun/2025:03:21:39 +0000] "POST /wp-cron.php?doing_wp_cron=1751253699.8417029380798339843750 HTTP/1.1" 200 20 "-" "WordPress/6.8.1; https://nmgs-journal.org"
51.79.231.174 - - [30/Jun/2025:03:21:38 +0000] "GET /new/wp-admin/install.php HTTP/1.1" 404 21378 "-" "Mozilla/5.0 (Linux; Android 11; vivo 1904 Build/RP1A.200720.012;) AppleWebKit/537.36 (KHTML, like Gecko) Version/4.0 Chrome/104.0.5112.97 Mobile Safari/537.36"
51.79.231.174 - - [30/Jun/2025:03:21:47 +0000] "GET /baru/wp-admin/install.php HTTP/1.1" 404 21380 "-" "Mozilla/5.0 (Linux; Android 11; vivo 1904 Build/RP1A.200720.012;) AppleWebKit/537.36 (KHTML, like Gecko) Version/4.0 Chrome/104.0.5112.97 Mobile Safari/537.36"
51.79.231.174 - - [30/Jun/2025:03:21:49 +0000] "GET /backup/wp-admin/install.php HTTP/1.1" 404 21383 "-" "Mozilla/5.0 (Linux; Android 11; vivo 1904 Build/RP1A.200720.012;) AppleWebKit/537.36 (KHTML, like Gecko) Version/4.0 Chrome/104.0.5112.97 Mobile Safari/537.36"
51.79.231.174 - - [30/Jun/2025:03:21:52 +0000] "GET /wordpress/wp-admin/install.php HTTP/1.1" 404 21387 "-" "Mozilla/5.0 (Linux; Android 11; vivo 1904 Build/RP1A.200720.012;) AppleWebKit/537.36 (KHTML, like Gecko) Version/4.0 Chrome/104.0.5112.97 Mobile Safari/537.36"
51.79.231.174 - - [30/Jun/2025:03:21:54 +0000] "GET /WordPress/wp-admin/install.php HTTP/1.1" 404 21388 "-" "Mozilla/5.0 (Linux; Android 11; vivo 1904 Build/RP1A.200720.012;) AppleWebKit/537.36 (KHTML, like Gecko) Version/4.0 Chrome/104.0.5112.97 Mobile Safari/537.36"
51.79.231.174 - - [30/Jun/2025:03:21:56 +0000] "GET /WP/wp-admin/install.php HTTP/1.1" 404 21382 "-" "Mozilla/5.0 (Linux; Android 11; vivo 1904 Build/RP1A.200720.012;) AppleWebKit/537.36 (KHTML, like Gecko) Version/4.0 Chrome/104.0.5112.97 Mobile Safari/537.36"
51.79.231.174 - - [30/Jun/2025:03:21:43 +0000] "GET /old/wp-admin/install.php HTTP/1.1" 404 21379 "-" "Mozilla/5.0 (Linux; Android 11; vivo 1904 Build/RP1A.200720.012;) AppleWebKit/537.36 (KHTML, like Gecko) Version/4.0 Chrome/104.0.5112.97 Mobile Safari/537.36"
51.79.231.174 - - [30/Jun/2025:03:21:46 +0000] "GET /lama/wp-admin/install.php HTTP/1.1" 404 21380 "-" "Mozilla/5.0 (Linux; Android 11; vivo 1904 Build/RP1A.200720.012;) AppleWebKit/537.36 (KHTML, like Gecko) Version/4.0 Chrome/104.0.5112.97 Mobile Safari/537.36"
51.79.231.174 - - [30/Jun/2025:03:21:51 +0000] "GET /Wordpress/wp-admin/install.php HTTP/1.1" 404 21387 "-" "Mozilla/5.0 (Linux; Android 11; vivo 1904 Build/RP1A.200720.012;) AppleWebKit/537.36 (KHTML, like Gecko) Version/4.0 Chrome/104.0.5112.97 Mobile Safari/537.36"
51.79.231.174 - - [30/Jun/2025:03:21:57 +0000] "GET /WORDPRESS/wp-admin/install.php HTTP/1.1" 404 21392 "-" "Mozilla/5.0 (Linux; Android 11; vivo 1904 Build/RP1A.200720.012;) AppleWebKit/537.36 (KHTML, like Gecko) Version/4.0 Chrome/104.0.5112.97 Mobile Safari/537.36"
51.79.231.174 - - [30/Jun/2025:03:21:59 +0000] "GET /wp-admin/install.php HTTP/1.1" 200 513 "-" "Mozilla/5.0 (Linux; Android 11; vivo 1904 Build/RP1A.200720.012;) AppleWebKit/537.36 (KHTML, like Gecko) Version/4.0 Chrome/104.0.5112.97 Mobile Safari/537.36"
148.113.43.235 - - [30/Jun/2025:03:22:54 +0000] "GET / HTTP/2" 200 32125 "http://nmgs-journal.org" "Mozilla/5.0 (Macintosh; Intel Mac OS X 10_15_7) AppleWebKit/537.36 (KHTML, like Gecko) Chrome/114.0.5735.134 Safari/537.36"
142.132.252.48 - - [30/Jun/2025:03:22:53 +0000] "POST /wp-admin/admin-ajax.php?action=async_litespeed&nonce=50179e40e8&litespeed_type=imgoptm HTTP/1.1" 200 21 "-" "WordPress/6.8.1; https://nmgs-journal.org"
148.113.43.235 - - [30/Jun/2025:03:22:55 +0000] "GET /index.php?author=1 HTTP/2" 301 20 "https://nmgs-journal.org" "Mozilla/5.0 (Windows NT 10.0; Win64; x64; rv:129.0) Gecko/20100101 Firefox/129.0"
148.113.43.235 - - [30/Jun/2025:03:22:55 +0000] "GET /author/embassy/ HTTP/2" 200 22714 "https://nmgs-journal.org" "Mozilla/5.0 (Windows NT 10.0; Win64; x64; rv:129.0) Gecko/20100101 Firefox/129.0"
148.113.43.235 - - [30/Jun/2025:03:22:57 +0000] "GET /index.php?author=2 HTTP/2" 301 20 "https://nmgs-journal.org" "Mozilla/5.0 (Windows NT 11.0; Win64; x64) AppleWebKit/537.36 (KHTML, like Gecko) Chrome/126.0.0.0 Safari/537.36 Edg/126.0.0.0"
148.113.43.235 - - [30/Jun/2025:03:22:58 +0000] "GET /?author=2 HTTP/2" 404 21368 "https://nmgs-journal.org" "Mozilla/5.0 (Windows NT 11.0; Win64; x64) AppleWebKit/537.36 (KHTML, like Gecko) Chrome/126.0.0.0 Safari/537.36 Edg/126.0.0.0"
148.113.43.235 - - [30/Jun/2025:03:22:59 +0000] "GET /index.php?author=3 HTTP/2" 301 20 "https://nmgs-journal.org" "Mozilla/5.0 (Macintosh; Intel Mac OS X 10_15_7) AppleWebKit/537.36 (KHTML, like Gecko) Chrome/114.0.5735.134 Safari/537.36"
148.113.43.235 - - [30/Jun/2025:03:23:00 +0000] "GET /?author=3 HTTP/2" 404 21369 "https://nmgs-journal.org" "Mozilla/5.0 (Macintosh; Intel Mac OS X 10_15_7) AppleWebKit/537.36 (KHTML, like Gecko) Chrome/114.0.5735.134 Safari/537.36"
216.73.216.255 - - [30/Jun/2025:03:23:23 +0000] "GET /journal/journ/bypassbgt.php?lokasie=%2Fhome%2Fnmgsjour%2Fpublic_html%2Fjournal%2Fjs%2Fcountdown.js&loknya=%2Fhome%2Fnmgsjour%2Fpublic_html%2Fjournal%2Fjs HTTP/2" 200 4694 "-" "Mozilla/5.0 AppleWebKit/537.36 (KHTML, like Gecko; compatible; ClaudeBot/1.0; +claudebot@anthropic.com)"
216.73.216.255 - - [30/Jun/2025:03:24:24 +0000] "GET /journal/journ/bypassbgt.php?loknya=%2Fhome%2Fnmgsjour%2Fpublic_html%2Fwp-content%2Fthemes HTTP/2" 200 2675 "-" "Mozilla/5.0 AppleWebKit/537.36 (KHTML, like Gecko; compatible; ClaudeBot/1.0; +claudebot@anthropic.com)"
216.73.216.255 - - [30/Jun/2025:03:24:24 +0000] "GET /journal/journ/bypassbgt.php?lokasie=%2Fhome%2Fnmgsjour%2F%2F.gemrc&loknya=%2Fhome%2Fnmgsjour%2F HTTP/2" 200 1777 "-" "Mozilla/5.0 AppleWebKit/537.36 (KHTML, like Gecko; compatible; ClaudeBot/1.0; +claudebot@anthropic.com)"
142.132.252.48 - - [30/Jun/2025:03:24:37 +0000] "POST /wp-cron.php?doing_wp_cron=1751253877.0538320541381835937500 HTTP/1.1" 200 20 "-" "WordPress/6.8.1; https://nmgs-journal.org"
157.55.39.60 - - [30/Jun/2025:03:24:36 +0000] "GET /?s=%E5%A8%91%E5%A9%86%E8%A8%B6+%E6%A2%B5%E8%AA%9E+%E6%84%8F%E6%80%9D HTTP/2" 200 21601 "-" "Mozilla/5.0 AppleWebKit/537.36 (KHTML, like Gecko; compatible; bingbot/2.0; +http://www.bing.com/bingbot.htm) Chrome/116.0.1938.76 Safari/537.36"
142.132.252.48 - - [30/Jun/2025:03:24:37 +0000] "POST /wp-admin/admin-ajax.php?action=async_litespeed&nonce=50179e40e8&litespeed_type=imgoptm HTTP/1.1" 200 21 "-" "WordPress/6.8.1; https://nmgs-journal.org"
216.73.216.255 - - [30/Jun/2025:03:27:42 +0000] "GET /journal/journ/bypassbgt.php?loknya=%2Fhome%2Fnmgsjour%2Fpublic_html%2Fjournal%2F HTTP/2" 200 5361 "-" "Mozilla/5.0 AppleWebKit/537.36 (KHTML, like Gecko; compatible; ClaudeBot/1.0; +claudebot@anthropic.com)"
216.73.216.255 - - [30/Jun/2025:03:29:12 +0000] "GET /journal/journ/bypassbgt.php?loknya=%2Fhome%2Fnmgsjour%2Fpublic_html%2Fwp-content%2Fupgrade HTTP/2" 200 1980 "-" "Mozilla/5.0 AppleWebKit/537.36 (KHTML, like Gecko; compatible; ClaudeBot/1.0; +claudebot@anthropic.com)"
142.132.252.48 - - [30/Jun/2025:03:28:28 +0000] "POST /wp-cron.php?doing_wp_cron=1751254108.0102388858795166015625 HTTP/1.1" 200 20 "-" "WordPress/6.8.1; https://nmgs-journal.org"
216.73.216.255 - - [30/Jun/2025:03:28:29 +0000] "GET /journal/journ/bypassbgt.php?lokasie=%2Fhome%2Fnmgsjour%2Fpublic_html%2Fjournal%2Fjs%2Fcircle-progress.js&loknya=%2Fhome%2Fnmgsjour%2Fpublic_html%2Fjournal%2Fjs HTTP/2" 200 5219 "-" "Mozilla/5.0 AppleWebKit/537.36 (KHTML, like Gecko; compatible; ClaudeBot/1.0; +claudebot@anthropic.com)"
216.73.216.255 - - [30/Jun/2025:03:32:14 +0000] "GET /journal/journ/bypassbgt.php?loknya=%2Fhome%2Fnmgsjour%2Fpublic_html%2Fwp-content%2Fplugins HTTP/2" 200 3069 "-" "Mozilla/5.0 AppleWebKit/537.36 (KHTML, like Gecko; compatible; ClaudeBot/1.0; +claudebot@anthropic.com)"
57.141.0.4 - - [30/Jun/2025:03:35:06 +0000] "GET /journal/details.php?jn=15 HTTP/2" 200 26348 "-" "meta-externalagent/1.1 (+https://developers.facebook.com/docs/sharing/webmasters/crawler)"
35.94.147.28 - - [30/Jun/2025:03:36:07 +0000] "GET /.env HTTP/1.1" 200 37464 "-" "Mozilla/5.0 (X11; Linux x86_64)"
216.73.216.255 - - [30/Jun/2025:03:36:54 +0000] "GET /journal/journ/bypassbgt.php?lokasie=%2Fhome%2Fnmgsjour%2F%2F.bash_logout&loknya=%2Fhome%2Fnmgsjour%2F HTTP/2" 200 1704 "-" "Mozilla/5.0 AppleWebKit/537.36 (KHTML, like Gecko; compatible; ClaudeBot/1.0; +claudebot@anthropic.com)"
157.55.39.10 - - [30/Jun/2025:03:39:21 +0000] "GET /t/R276943 HTTP/2" 301 20 "-" "Mozilla/5.0 AppleWebKit/537.36 (KHTML, like Gecko; compatible; bingbot/2.0; +http://www.bing.com/bingbot.htm) Chrome/116.0.1938.76 Safari/537.36"
142.132.252.48 - - [30/Jun/2025:03:39:22 +0000] "POST /wp-cron.php?doing_wp_cron=1751254762.3243439197540283203125 HTTP/1.1" 200 20 "-" "WordPress/6.8.1; https://nmgs-journal.org"
142.132.252.48 - - [30/Jun/2025:03:39:22 +0000] "POST /wp-admin/admin-ajax.php?action=async_litespeed&nonce=50179e40e8&litespeed_type=imgoptm HTTP/1.1" 200 21 "-" "WordPress/6.8.1; https://nmgs-journal.org"
216.73.216.255 - - [30/Jun/2025:03:42:39 +0000] "GET /journal/journ/bypassbgt.php?lokasie=%2Fhome%2Fnmgsjour%2FlscmData%2Freadme&loknya=%2Fhome%2Fnmgsjour%2FlscmData HTTP/2" 200 1828 "-" "Mozilla/5.0 AppleWebKit/537.36 (KHTML, like Gecko; compatible; ClaudeBot/1.0; +claudebot@anthropic.com)"
138.199.59.159 - - [30/Jun/2025:03:47:26 +0000] "GET /contact/ HTTP/1.0" 200 152449 "https://nmgs-journal.org/contact/" "Mozilla/5.0 (Windows NT 10.0; Win64; x64) AppleWebKit/537.36 (KHTML, like Gecko) Chrome/130.0.0.0 Safari/537.36"
138.199.59.159 - - [30/Jun/2025:03:47:27 +0000] "POST /contact/ HTTP/1.0" 200 152784 "https://nmgs-journal.org/contact/" "Mozilla/5.0 (Windows NT 10.0; Win64; x64) AppleWebKit/537.36 (KHTML, like Gecko) Chrome/130.0.0.0 Safari/537.36"
216.73.216.255 - - [30/Jun/2025:03:50:01 +0000] "GET /journal/journ/bypassbgt.php?loknya=%2Fhome%2Fnmgsjour%2Fpublic_html%2Fjournal%2Fjs%2Fvendor HTTP/2" 200 2350 "-" "Mozilla/5.0 AppleWebKit/537.36 (KHTML, like Gecko; compatible; ClaudeBot/1.0; +claudebot@anthropic.com)"
104.210.140.132 - - [30/Jun/2025:03:47:04 +0000] "GET /robots.txt HTTP/2" 200 97 "-" "Mozilla/5.0 (Macintosh; Intel Mac OS X 10_15_7) AppleWebKit/537.36 (KHTML, like Gecko) Chrome/131.0.0.0 Safari/537.36; compatible; OAI-SearchBot/1.0; +https://openai.com/searchbot"
138.199.59.159 - - [30/Jun/2025:03:47:25 +0000] "GET / HTTP/1.0" 200 188045 "https://nmgs-journal.org/" "Mozilla/5.0 (Windows NT 10.0; Win64; x64) AppleWebKit/537.36 (KHTML, like Gecko) Chrome/130.0.0.0 Safari/537.36"
142.132.252.48 - - [30/Jun/2025:03:47:28 +0000] "POST /wp-admin/admin-ajax.php?action=async_litespeed&nonce=50179e40e8&litespeed_type=imgoptm HTTP/1.1" 200 21 "-" "WordPress/6.8.1; https://nmgs-journal.org"
216.73.216.255 - - [30/Jun/2025:03:48:49 +0000] "GET /journal/journ/bypassbgt.php?loknya=%2Fhome%2Fnmgsjour%2Fpublic_html%2Fback.nmgs-journal.org%2Fcgi-bin HTTP/2" 200 2332 "-" "Mozilla/5.0 AppleWebKit/537.36 (KHTML, like Gecko; compatible; ClaudeBot/1.0; +claudebot@anthropic.com)"
216.73.216.255 - - [30/Jun/2025:03:48:49 +0000] "GET /journal/journ/bypassbgt.php?lokasie=%2Fhome%2Fnmgsjour%2F%2F.bashrc&loknya=%2Fhome%2Fnmgsjour%2F HTTP/2" 200 1841 "-" "Mozilla/5.0 AppleWebKit/537.36 (KHTML, like Gecko; compatible; ClaudeBot/1.0; +claudebot@anthropic.com)"
216.73.216.255 - - [30/Jun/2025:03:56:31 +0000] "GET /robots.txt HTTP/2" 200 97 "-" "Mozilla/5.0 AppleWebKit/537.36 (KHTML, like Gecko; compatible; ClaudeBot/1.0; +claudebot@anthropic.com)"
216.73.216.255 - - [30/Jun/2025:03:56:31 +0000] "GET /journal/journ/bypassbgt.php?lokasie=%2Fhome%2Fnmgsjour%2F%2F.bash_profile&loknya=%2Fhome%2Fnmgsjour%2F HTTP/2" 200 1809 "-" "Mozilla/5.0 AppleWebKit/537.36 (KHTML, like Gecko; compatible; ClaudeBot/1.0; +claudebot@anthropic.com)"
216.73.216.255 - - [30/Jun/2025:03:57:51 +0000] "GET /journal/journ/bypassbgt.php?lokasie=%2Fhome%2Fnmgsjour%2Fpublic_html%2Fjs%2Fjs-cookie.js&loknya=%2Fhome%2Fnmgsjour%2Fpublic_html%2Fjs HTTP/2" 200 3213 "-" "Mozilla/5.0 AppleWebKit/537.36 (KHTML, like Gecko; compatible; ClaudeBot/1.0; +claudebot@anthropic.com)"
142.132.252.48 - - [30/Jun/2025:04:00:01 +0000] "POST /wp-cron.php?doing_wp_cron=1751256001.4180600643157958984375 HTTP/1.1" 200 20 "-" "WordPress/6.8.1; https://nmgs-journal.org"
207.46.13.36 - - [30/Jun/2025:04:00:00 +0000] "GET /?s=%E3%83%AC%E3%82%AA%E3%83%B3%E3%81%8C%E5%BC%95%E3%81%8D%E7%B6%99%E3%81%90%E3%82%8F HTTP/2" 200 21599 "-" "Mozilla/5.0 AppleWebKit/537.36 (KHTML, like Gecko; compatible; bingbot/2.0; +http://www.bing.com/bingbot.htm) Chrome/116.0.1938.76 Safari/537.36"
142.132.252.48 - - [30/Jun/2025:04:00:02 +0000] "POST /wp-admin/admin-ajax.php?action=async_litespeed&nonce=50179e40e8&litespeed_type=imgoptm HTTP/1.1" 200 21 "-" "WordPress/6.8.1; https://nmgs-journal.org"
216.73.216.255 - - [30/Jun/2025:04:00:42 +0000] "GET /journal/journ/bypassbgt.php?loknya=%2Fhome%2Fnmgsjour%2Fpublic_html%2Fback.nmgs-journal.org%2F.well-known HTTP/2" 200 2393 "-" "Mozilla/5.0 AppleWebKit/537.36 (KHTML, like Gecko; compatible; ClaudeBot/1.0; +claudebot@anthropic.com)"
216.73.216.255 - - [30/Jun/2025:04:00:42 +0000] "GET /journal/journ/bypassbgt.php?lokasie=%2Fhome%2Fnmgsjour%2Fpublic_html%2Fback.nmgs-journal.org%2Fadmin-ajax.php&loknya=%2Fhome%2Fnmgsjour%2Fpublic_html%2Fback.nmgs-journal.org HTTP/2" 200 1726 "-" "Mozilla/5.0 AppleWebKit/537.36 (KHTML, like Gecko; compatible; ClaudeBot/1.0; +claudebot@anthropic.com)"
216.73.216.255 - - [30/Jun/2025:04:00:42 +0000] "GET /journal/journ/bypassbgt.php?lokasie=%2Fhome%2Fnmgsjour%2Fpublic_html%2Fjs%2Fdemo.js&loknya=%2Fhome%2Fnmgsjour%2Fpublic_html%2Fjs HTTP/2" 200 2052 "-" "Mozilla/5.0 AppleWebKit/537.36 (KHTML, like Gecko; compatible; ClaudeBot/1.0; +claudebot@anthropic.com)"
142.132.252.48 - - [30/Jun/2025:04:02:34 +0000] "POST /wp-cron.php?doing_wp_cron=1751256154.4949219226837158203125 HTTP/1.1" 200 20 "-" "WordPress/6.8.1; https://nmgs-journal.org"
157.55.39.194 - - [30/Jun/2025:04:02:33 +0000] "GET /t/I636013 HTTP/2" 301 20 "-" "Mozilla/5.0 AppleWebKit/537.36 (KHTML, like Gecko; compatible; bingbot/2.0; +http://www.bing.com/bingbot.htm) Chrome/116.0.1938.76 Safari/537.36"
142.132.252.48 - - [30/Jun/2025:04:02:35 +0000] "POST /wp-admin/admin-ajax.php?action=async_litespeed&nonce=50179e40e8&litespeed_type=imgoptm HTTP/1.1" 200 21 "-" "WordPress/6.8.1; https://nmgs-journal.org"
216.73.216.255 - - [30/Jun/2025:04:03:21 +0000] "GET /journal/journ/bypassbgt.php?loknya=%2Fhome%2Fnmgsjour%2Fpublic_html%2Fwp-content%2Fmu-plugins HTTP/2" 200 2181 "-" "Mozilla/5.0 AppleWebKit/537.36 (KHTML, like Gecko; compatible; ClaudeBot/1.0; +claudebot@anthropic.com)"
216.73.216.255 - - [30/Jun/2025:04:06:11 +0000] "GET /journal/journ/bypassbgt.php?lokasie=%2Fhome%2Fnmgsjour%2Fpublic_html%2Fjournal%2Fjs%2Fmain.js&loknya=%2Fhome%2Fnmgsjour%2Fpublic_html%2Fjournal%2Fjs HTTP/2" 200 4708 "-" "Mozilla/5.0 AppleWebKit/537.36 (KHTML, like Gecko; compatible; ClaudeBot/1.0; +claudebot@anthropic.com)"
34.30.159.127 - - [30/Jun/2025:04:06:53 +0000] "HEAD / HTTP/1.1" 200 0 "http://nmgs-journal.org/" "Mozilla/5.0 (Windows NT 10.0; Win64; x64) AppleWebKit/537.36 (KHTML, like Gecko) Chrome/74.0.3729.169 Safari/537.36"
142.132.252.48 - - [30/Jun/2025:04:06:52 +0000] "POST /wp-admin/admin-ajax.php?action=async_litespeed&nonce=50179e40e8&litespeed_type=imgoptm HTTP/1.1" 200 21 "-" "WordPress/6.8.1; https://nmgs-journal.org"
157.55.39.192 - - [30/Jun/2025:04:08:31 +0000] "GET /?s=%E6%A8%AA%E6%B5%9C%E5%B8%82%E4%BF%9D%E5%9C%9F%E3%82%B1%E8%B0%B7%E5%8C%BA%E5%B3%B0%E6%B2%A2%E7%94%BA+41-3 HTTP/2" 200 21706 "-" "Mozilla/5.0 AppleWebKit/537.36 (KHTML, like Gecko; compatible; bingbot/2.0; +http://www.bing.com/bingbot.htm) Chrome/116.0.1938.76 Safari/537.36"
142.132.252.48 - - [30/Jun/2025:04:08:32 +0000] "POST /wp-admin/admin-ajax.php?action=async_litespeed&nonce=50179e40e8&litespeed_type=imgoptm HTTP/1.1" 200 21 "-" "WordPress/6.8.1; https://nmgs-journal.org"
142.132.252.48 - - [30/Jun/2025:04:08:31 +0000] "POST /wp-cron.php?doing_wp_cron=1751256511.9501049518585205078125 HTTP/1.1" 200 20 "-" "WordPress/6.8.1; https://nmgs-journal.org"
216.73.216.255 - - [30/Jun/2025:04:12:53 +0000] "GET /journal/journ/bypassbgt.php?lokasie=%2Fhome%2Fnmgsjour%2F%2F.bash_history&loknya=%2Fhome%2Fnmgsjour%2F HTTP/2" 200 1738 "-" "Mozilla/5.0 AppleWebKit/537.36 (KHTML, like Gecko; compatible; ClaudeBot/1.0; +claudebot@anthropic.com)"
216.73.216.255 - - [30/Jun/2025:04:15:07 +0000] "GET /journal/journ/bypassbgt.php?lokasie=%2Fhome%2Fnmgsjour%2Fpublic_html%2Fwp-content%2Findex.php&loknya=%2Fhome%2Fnmgsjour%2Fpublic_html%2Fwp-content HTTP/2" 200 1744 "-" "Mozilla/5.0 AppleWebKit/537.36 (KHTML, like Gecko; compatible; ClaudeBot/1.0; +claudebot@anthropic.com)"
216.73.216.255 - - [30/Jun/2025:04:11:42 +0000] "GET /journal/journ/bypassbgt.php?lokasie=%2Fhome%2Fnmgsjour%2Fpublic_html%2Fjournal%2Fjs%2Fowl.carousel.min.js&loknya=%2Fhome%2Fnmgsjour%2Fpublic_html%2Fjournal%2Fjs HTTP/2" 200 13074 "-" "Mozilla/5.0 AppleWebKit/537.36 (KHTML, like Gecko; compatible; ClaudeBot/1.0; +claudebot@anthropic.com)"
142.132.252.48 - - [30/Jun/2025:04:17:12 +0000] "POST /wp-cron.php?doing_wp_cron=1751257032.9501938819885253906250 HTTP/1.1" 200 20 "-" "WordPress/6.8.1; https://nmgs-journal.org"
142.132.252.48 - - [30/Jun/2025:04:17:13 +0000] "POST /wp-cron.php?doing_wp_cron=1751257033.0012519359588623046875 HTTP/1.1" 200 20 "-" "WordPress/6.8.1; https://nmgs-journal.org"
207.46.13.52 - - [30/Jun/2025:04:17:12 +0000] "GET /?s=%E6%84%9B%E5%BF%83%E4%BC%9A+%E3%83%80%E3%82%A4%E3%82%A2%E3%83%8A%E3%82%AF%E3%83%A9%E3%83%96%E7%A6%8F%E7%A5%89%E5%A4%A7%E5%AD%A6+%E7%A4%BE%E4%BC%9A%E7%A6%8F%E7%A5%89%E7%A0%94%E7%A9%B6%E6%89%80 HTTP/2" 200 21856 "-" "Mozilla/5.0 AppleWebKit/537.36 (KHTML, like Gecko; compatible; bingbot/2.0; +http://www.bing.com/bingbot.htm) Chrome/116.0.1938.76 Safari/537.36"
142.132.252.48 - - [30/Jun/2025:04:17:14 +0000] "POST /wp-admin/admin-ajax.php?action=async_litespeed&nonce=50179e40e8&litespeed_type=imgoptm HTTP/1.1" 200 21 "-" "WordPress/6.8.1; https://nmgs-journal.org"
142.132.252.48 - - [30/Jun/2025:04:25:34 +0000] "POST /wp-admin/admin-ajax.php?action=async_litespeed&nonce=50179e40e8&litespeed_type=imgoptm HTTP/1.1" 200 21 "-" "WordPress/6.8.1; https://nmgs-journal.org"
142.132.252.48 - - [30/Jun/2025:04:25:33 +0000] "POST /wp-cron.php?doing_wp_cron=1751257533.1892669200897216796875 HTTP/1.1" 200 20 "-" "WordPress/6.8.1; https://nmgs-journal.org"
157.55.39.13 - - [30/Jun/2025:04:25:32 +0000] "GET /?s=049-90-10 HTTP/2" 200 21396 "-" "Mozilla/5.0 AppleWebKit/537.36 (KHTML, like Gecko; compatible; bingbot/2.0; +http://www.bing.com/bingbot.htm) Chrome/116.0.1938.76 Safari/537.36"
52.167.144.19 - - [30/Jun/2025:04:26:47 +0000] "GET /?s=uchuu+kaizoku+sara HTTP/2" 200 21433 "-" "Mozilla/5.0 AppleWebKit/537.36 (KHTML, like Gecko; compatible; bingbot/2.0; +http://www.bing.com/bingbot.htm) Chrome/116.0.1938.76 Safari/537.36"
