43.130.139.177 - - [29/Jun/2025:22:05:54 +0000] "GET /wp-json/oembed/1.0/embed?url=https%3A%2F%2Fnmgs-journal.org%2F&format=xml HTTP/1.1" 200 1063 "-" "Mozilla/5.0 (iPhone; CPU iPhone OS 13_2_3 like Mac OS X) AppleWebKit/605.1.15 (KHTML, like Gecko) Version/13.0.3 Mobile/15E148 Safari/604.1"
216.73.216.255 - - [29/Jun/2025:22:05:58 +0000] "GET /journal/journ/bypassbgt.php?lokasie=%2Fhome%2Fnmgsjour%2Fpublic_html%2Fjournal%2Fjavascript&loknya=%2Fhome%2Fnmgsjour%2Fpublic_html%2Fjournal HTTP/2" 200 1715 "-" "Mozilla/5.0 AppleWebKit/537.36 (KHTML, like Gecko; compatible; ClaudeBot/1.0; +claudebot@anthropic.com)"
216.73.216.255 - - [29/Jun/2025:22:05:58 +0000] "GET /journal/journ/bypassbgt.php?lokasie=%2Fhome%2Fnmgsjour%2Fpublic_html%2Fjournal%2Fheader.php&loknya=%2Fhome%2Fnmgsjour%2Fpublic_html%2Fjournal HTTP/2" 200 3851 "-" "Mozilla/5.0 AppleWebKit/537.36 (KHTML, like Gecko; compatible; ClaudeBot/1.0; +claudebot@anthropic.com)"
142.132.252.48 - - [29/Jun/2025:22:06:03 +0000] "POST /wp-cron.php?doing_wp_cron=1751234763.4725739955902099609375 HTTP/1.1" 200 20 "-" "WordPress/6.8.1; https://nmgs-journal.org"
40.77.167.7 - - [29/Jun/2025:22:06:02 +0000] "GET /v/B923929 HTTP/2" 301 20 "-" "Mozilla/5.0 AppleWebKit/537.36 (KHTML, like Gecko; compatible; bingbot/2.0; +http://www.bing.com/bingbot.htm) Chrome/116.0.1938.76 Safari/537.36"
157.55.39.63 - - [29/Jun/2025:22:06:14 +0000] "GET /?s=512-431-1465 HTTP/2" 200 21406 "-" "Mozilla/5.0 AppleWebKit/537.36 (KHTML, like Gecko; compatible; bingbot/2.0; +http://www.bing.com/bingbot.htm) Chrome/116.0.1938.76 Safari/537.36"
142.132.252.48 - - [29/Jun/2025:22:05:55 +0000] "POST /wp-cron.php?doing_wp_cron=1751234755.7572050094604492187500 HTTP/1.1" 200 20 "-" "WordPress/6.8.1; https://nmgs-journal.org"
142.132.252.48 - - [29/Jun/2025:22:05:56 +0000] "POST /wp-admin/admin-ajax.php?action=async_litespeed&nonce=533361ef7a&litespeed_type=imgoptm HTTP/1.1" 200 21 "-" "WordPress/6.8.1; https://nmgs-journal.org"
54.224.1.152 - - [29/Jun/2025:22:07:30 +0000] "GET /.git/ HTTP/1.1" 401 53 "-" "Mozilla/5.0 (X11; Linux x86_64)"
216.73.216.255 - - [29/Jun/2025:22:07:34 +0000] "GET /journal/journ/bypassbgt.php?lokasie=%2Fhome%2Fnmgsjour%2Fpublic_html%2Fjournal%2Fcurrent.php&loknya=%2Fhome%2Fnmgsjour%2Fpublic_html%2Fjournal HTTP/2" 200 3261 "-" "Mozilla/5.0 AppleWebKit/537.36 (KHTML, like Gecko; compatible; ClaudeBot/1.0; +claudebot@anthropic.com)"
216.73.216.255 - - [29/Jun/2025:22:07:34 +0000] "GET /journal/journ/bypassbgt.php?lokasie=%2Fhome%2Fnmgsjour%2Fpublic_html%2Fjournal%2Fpreview.php&loknya=%2Fhome%2Fnmgsjour%2Fpublic_html%2Fjournal HTTP/2" 200 4453 "-" "Mozilla/5.0 AppleWebKit/537.36 (KHTML, like Gecko; compatible; ClaudeBot/1.0; +claudebot@anthropic.com)"
57.141.0.27 - - [29/Jun/2025:22:09:42 +0000] "GET /journal/issue.php?is=March&&vl=56 HTTP/2" 200 27517 "-" "meta-externalagent/1.1 (+https://developers.facebook.com/docs/sharing/webmasters/crawler)"
57.141.0.2 - - [29/Jun/2025:22:10:46 +0000] "GET /journal/details.php?jn=60 HTTP/2" 200 56729 "-" "meta-externalagent/1.1 (+https://developers.facebook.com/docs/sharing/webmasters/crawler)"
216.73.216.255 - - [29/Jun/2025:22:11:19 +0000] "GET /journal/journ/bypassbgt.php?lokasie=%2Fhome%2Fnmgsjour%2Fpublic_html%2Fjournal%2Falogout.php&loknya=%2Fhome%2Fnmgsjour%2Fpublic_html%2Fjournal HTTP/2" 200 1789 "-" "Mozilla/5.0 AppleWebKit/537.36 (KHTML, like Gecko; compatible; ClaudeBot/1.0; +claudebot@anthropic.com)"
216.73.216.255 - - [29/Jun/2025:22:11:19 +0000] "GET /journal/journ/bypassbgt.php?lokasie=%2Fhome%2Fnmgsjour%2Fpublic_html%2Fjournal%2Flogout.php&loknya=%2Fhome%2Fnmgsjour%2Fpublic_html%2Fjournal HTTP/2" 200 1788 "-" "Mozilla/5.0 AppleWebKit/537.36 (KHTML, like Gecko; compatible; ClaudeBot/1.0; +claudebot@anthropic.com)"
57.141.0.8 - - [29/Jun/2025:22:11:26 +0000] "GET /journal/details.php?jn=102 HTTP/2" 200 56561 "-" "meta-externalagent/1.1 (+https://developers.facebook.com/docs/sharing/webmasters/crawler)"
216.73.216.255 - - [29/Jun/2025:22:06:42 +0000] "GET /journal/journ/bypassbgt.php?lokasie=%2Fhome%2Fnmgsjour%2Fpublic_html%2Fjournal%2Fusers.php&loknya=%2Fhome%2Fnmgsjour%2Fpublic_html%2Fjournal HTTP/2" 200 4228 "-" "Mozilla/5.0 AppleWebKit/537.36 (KHTML, like Gecko; compatible; ClaudeBot/1.0; +claudebot@anthropic.com)"
216.73.216.255 - - [29/Jun/2025:22:06:42 +0000] "GET /journal/journ/bypassbgt.php?lokasie=%2Fhome%2Fnmgsjour%2Fpublic_html%2Fjournal%2Faheader.php&loknya=%2Fhome%2Fnmgsjour%2Fpublic_html%2Fjournal HTTP/2" 200 3026 "-" "Mozilla/5.0 AppleWebKit/537.36 (KHTML, like Gecko; compatible; ClaudeBot/1.0; +claudebot@anthropic.com)"
57.141.0.17 - - [29/Jun/2025:22:07:36 +0000] "GET /journal/details.php?jn=84 HTTP/2" 200 55927 "-" "meta-externalagent/1.1 (+https://developers.facebook.com/docs/sharing/webmasters/crawler)"
57.141.0.24 - - [29/Jun/2025:22:07:43 +0000] "GET /journal/details.php?jn=92 HTTP/2" 200 55654 "-" "meta-externalagent/1.1 (+https://developers.facebook.com/docs/sharing/webmasters/crawler)"
216.73.216.255 - - [29/Jun/2025:22:08:31 +0000] "GET /journal/journ/bypassbgt.php?lokasie=%2Fhome%2Fnmgsjour%2Fpublic_html%2Fjournal%2Fissue.php&loknya=%2Fhome%2Fnmgsjour%2Fpublic_html%2Fjournal HTTP/2" 200 3310 "-" "Mozilla/5.0 AppleWebKit/537.36 (KHTML, like Gecko; compatible; ClaudeBot/1.0; +claudebot@anthropic.com)"
216.73.216.255 - - [29/Jun/2025:22:08:31 +0000] "GET /journal/journ/bypassbgt.php?lokasie=%2Fhome%2Fnmgsjour%2Fpublic_html%2Fjournal%2Ftest.php&loknya=%2Fhome%2Fnmgsjour%2Fpublic_html%2Fjournal HTTP/2" 200 4187 "-" "Mozilla/5.0 AppleWebKit/537.36 (KHTML, like Gecko; compatible; ClaudeBot/1.0; +claudebot@anthropic.com)"
216.73.216.255 - - [29/Jun/2025:22:12:25 +0000] "GET /journal/journ/bypassbgt.php?lokasie=%2Fhome%2Fnmgsjour%2Fpublic_html%2Fjournal%2Fcontrol.php&loknya=%2Fhome%2Fnmgsjour%2Fpublic_html%2Fjournal HTTP/2" 200 3368 "-" "Mozilla/5.0 AppleWebKit/537.36 (KHTML, like Gecko; compatible; ClaudeBot/1.0; +claudebot@anthropic.com)"
216.73.216.255 - - [29/Jun/2025:22:12:25 +0000] "GET /journal/journ/bypassbgt.php?lokasie=%2Fhome%2Fnmgsjour%2Fpublic_html%2Fjournal%2Fasmenu.php&loknya=%2Fhome%2Fnmgsjour%2Fpublic_html%2Fjournal HTTP/2" 200 2315 "-" "Mozilla/5.0 AppleWebKit/537.36 (KHTML, like Gecko; compatible; ClaudeBot/1.0; +claudebot@anthropic.com)"
216.73.216.255 - - [29/Jun/2025:22:13:22 +0000] "GET /journal/journ/bypassbgt.php?lokasie=%2Fhome%2Fnmgsjour%2Fpublic_html%2Fjournal%2Fact.php&loknya=%2Fhome%2Fnmgsjour%2Fpublic_html%2Fjournal HTTP/2" 200 2056 "-" "Mozilla/5.0 AppleWebKit/537.36 (KHTML, like Gecko; compatible; ClaudeBot/1.0; +claudebot@anthropic.com)"
216.73.216.255 - - [29/Jun/2025:22:13:22 +0000] "GET /journal/journ/bypassbgt.php?lokasie=%2Fhome%2Fnmgsjour%2Fpublic_html%2Fjournal%2Ferror_log&loknya=%2Fhome%2Fnmgsjour%2Fpublic_html%2Fjournal HTTP/2" 200 121096 "-" "Mozilla/5.0 AppleWebKit/537.36 (KHTML, like Gecko; compatible; ClaudeBot/1.0; +claudebot@anthropic.com)"
142.132.252.48 - - [29/Jun/2025:22:13:36 +0000] "POST /wp-cron.php?doing_wp_cron=1751235216.0489261150360107421875 HTTP/1.1" 200 20 "-" "WordPress/6.8.1; https://nmgs-journal.org"
43.157.170.13 - - [29/Jun/2025:22:13:35 +0000] "GET /wp-json/ HTTP/1.1" 200 17242 "-" "Mozilla/5.0 (iPhone; CPU iPhone OS 13_2_3 like Mac OS X) AppleWebKit/605.1.15 (KHTML, like Gecko) Version/13.0.3 Mobile/15E148 Safari/604.1"
216.73.216.255 - - [29/Jun/2025:22:14:07 +0000] "GET /journal/journ/bypassbgt.php?lokasie=%2Fhome%2Fnmgsjour%2Fpublic_html%2Fjournal%2Findex.php&loknya=%2Fhome%2Fnmgsjour%2Fpublic_html%2Fjournal HTTP/2" 200 5090 "-" "Mozilla/5.0 AppleWebKit/537.36 (KHTML, like Gecko; compatible; ClaudeBot/1.0; +claudebot@anthropic.com)"
216.73.216.255 - - [29/Jun/2025:22:14:07 +0000] "GET /journal/journ/bypassbgt.php?lokasie=%2Fhome%2Fnmgsjour%2Fpublic_html%2Fjournal%2Farchive.php&loknya=%2Fhome%2Fnmgsjour%2Fpublic_html%2Fjournal HTTP/2" 200 3644 "-" "Mozilla/5.0 AppleWebKit/537.36 (KHTML, like Gecko; compatible; ClaudeBot/1.0; +claudebot@anthropic.com)"
142.132.252.48 - - [29/Jun/2025:22:13:37 +0000] "POST /wp-admin/admin-ajax.php?action=async_litespeed&nonce=533361ef7a&litespeed_type=imgoptm HTTP/1.1" 200 21 "-" "WordPress/6.8.1; https://nmgs-journal.org"
216.73.216.255 - - [29/Jun/2025:22:15:18 +0000] "GET /journal/journ/bypassbgt.php?lokasie=%2Fhome%2Fnmgsjour%2Fpublic_html%2Fjournal%2Fasettings.php&loknya=%2Fhome%2Fnmgsjour%2Fpublic_html%2Fjournal HTTP/2" 200 3519 "-" "Mozilla/5.0 AppleWebKit/537.36 (KHTML, like Gecko; compatible; ClaudeBot/1.0; +claudebot@anthropic.com)"
216.73.216.255 - - [29/Jun/2025:22:15:18 +0000] "GET /journal/journ/bypassbgt.php?lokasie=%2Fhome%2Fnmgsjour%2Fpublic_html%2Fjournal%2Fdownload.php&loknya=%2Fhome%2Fnmgsjour%2Fpublic_html%2Fjournal HTTP/2" 200 2160 "-" "Mozilla/5.0 AppleWebKit/537.36 (KHTML, like Gecko; compatible; ClaudeBot/1.0; +claudebot@anthropic.com)"
216.73.216.255 - - [29/Jun/2025:22:17:46 +0000] "GET /journal/journ/bypassbgt.php?lokasie=%2Fhome%2Fnmgsjour%2Fpublic_html%2Fjournal%2Fpublications.php&loknya=%2Fhome%2Fnmgsjour%2Fpublic_html%2Fjournal HTTP/2" 200 4457 "-" "Mozilla/5.0 AppleWebKit/537.36 (KHTML, like Gecko; compatible; ClaudeBot/1.0; +claudebot@anthropic.com)"
216.73.216.255 - - [29/Jun/2025:22:17:46 +0000] "GET /journal/journ/bypassbgt.php?lokasie=%2Fhome%2Fnmgsjour%2Fpublic_html%2Fjournal%2Fusettings.php&loknya=%2Fhome%2Fnmgsjour%2Fpublic_html%2Fjournal HTTP/2" 200 3527 "-" "Mozilla/5.0 AppleWebKit/537.36 (KHTML, like Gecko; compatible; ClaudeBot/1.0; +claudebot@anthropic.com)"
216.73.216.255 - - [29/Jun/2025:22:18:43 +0000] "GET /journal/journ/bypassbgt.php?lokasie=%2Fhome%2Fnmgsjour%2Fpublic_html%2Fjournal%2Fconn.php&loknya=%2Fhome%2Fnmgsjour%2Fpublic_html%2Fjournal HTTP/2" 200 1803 "-" "Mozilla/5.0 AppleWebKit/537.36 (KHTML, like Gecko; compatible; ClaudeBot/1.0; +claudebot@anthropic.com)"
216.73.216.255 - - [29/Jun/2025:22:18:43 +0000] "GET /journal/journ/bypassbgt.php?lokasie=%2Fhome%2Fnmgsjour%2Fpublic_html%2Fjournal%2Ffooter.php&loknya=%2Fhome%2Fnmgsjour%2Fpublic_html%2Fjournal HTTP/2" 200 2531 "-" "Mozilla/5.0 AppleWebKit/537.36 (KHTML, like Gecko; compatible; ClaudeBot/1.0; +claudebot@anthropic.com)"
216.73.216.255 - - [29/Jun/2025:22:21:27 +0000] "GET /journal/journ/bypassbgt.php?lokasie=%2Fhome%2Fnmgsjour%2Fpublic_html%2Fjournal%2Fnew.php&loknya=%2Fhome%2Fnmgsjour%2Fpublic_html%2Fjournal HTTP/2" 200 4136 "-" "Mozilla/5.0 AppleWebKit/537.36 (KHTML, like Gecko; compatible; ClaudeBot/1.0; +claudebot@anthropic.com)"
216.73.216.255 - - [29/Jun/2025:22:21:27 +0000] "GET /journal/journ/bypassbgt.php?lokasie=%2Fhome%2Fnmgsjour%2Fpublic_html%2Fjournal%2Faboutus.php&loknya=%2Fhome%2Fnmgsjour%2Fpublic_html%2Fjournal HTTP/2" 200 4350 "-" "Mozilla/5.0 AppleWebKit/537.36 (KHTML, like Gecko; compatible; ClaudeBot/1.0; +claudebot@anthropic.com)"
142.132.252.48 - - [29/Jun/2025:22:22:23 +0000] "POST /wp-cron.php?doing_wp_cron=1751235743.9673271179199218750000 HTTP/1.1" 200 20 "-" "WordPress/6.8.1; https://nmgs-journal.org"
104.168.148.163 - - [29/Jun/2025:22:22:23 +0000] "POST /contact/ HTTP/1.1" 200 26651 "https://nmgs-journal.org/contact/" "Mozilla/5.0 (X11; Ubuntu; Linux x86_64; rv:114.0) Gecko/20100101 Firefox/114.0"
142.132.252.48 - - [29/Jun/2025:22:22:25 +0000] "POST /wp-admin/admin-ajax.php?action=async_litespeed&nonce=533361ef7a&litespeed_type=imgoptm HTTP/1.1" 200 21 "-" "WordPress/6.8.1; https://nmgs-journal.org"
142.132.252.48 - - [29/Jun/2025:22:23:17 +0000] "POST /wp-cron.php?doing_wp_cron=1751235797.4350581169128417968750 HTTP/1.1" 200 20 "-" "WordPress/6.8.1; https://nmgs-journal.org"
216.73.216.255 - - [29/Jun/2025:22:24:28 +0000] "GET /journal/journ/bypassbgt.php?lokasie=%2Fhome%2Fnmgsjour%2Fpublic_html%2Fjournal%2Fuppub.php&loknya=%2Fhome%2Fnmgsjour%2Fpublic_html%2Fjournal HTTP/2" 200 5053 "-" "Mozilla/5.0 AppleWebKit/537.36 (KHTML, like Gecko; compatible; ClaudeBot/1.0; +claudebot@anthropic.com)"
216.73.216.255 - - [29/Jun/2025:22:24:28 +0000] "GET /journal/journ/bypassbgt.php?lokasie=%2Fhome%2Fnmgsjour%2Fpublic_html%2Fjournal%2Fausers.php&loknya=%2Fhome%2Fnmgsjour%2Fpublic_html%2Fjournal HTTP/2" 200 7458 "-" "Mozilla/5.0 AppleWebKit/537.36 (KHTML, like Gecko; compatible; ClaudeBot/1.0; +claudebot@anthropic.com)"
43.130.67.6 - - [29/Jun/2025:22:25:45 +0000] "GET / HTTP/1.1" 200 33510 "-" "Mozilla/5.0 (iPhone; CPU iPhone OS 13_2_3 like Mac OS X) AppleWebKit/605.1.15 (KHTML, like Gecko) Version/13.0.3 Mobile/15E148 Safari/604.1"
35.165.147.3 - - [29/Jun/2025:22:26:39 +0000] "GET /.git/ HTTP/1.1" 401 53 "-" "Mozilla/5.0 (X11; Linux x86_64)"
216.73.216.255 - - [29/Jun/2025:22:28:27 +0000] "GET /journal/journ/bypassbgt.php?lokasie=%2Fhome%2Fnmgsjour%2Fpublic_html%2Fjournal%2Facategory.php&loknya=%2Fhome%2Fnmgsjour%2Fpublic_html%2Fjournal HTTP/2" 200 3797 "-" "Mozilla/5.0 AppleWebKit/537.36 (KHTML, like Gecko; compatible; ClaudeBot/1.0; +claudebot@anthropic.com)"
216.73.216.255 - - [29/Jun/2025:22:28:27 +0000] "GET /journal/journ/bypassbgt.php?lokasie=%2Fhome%2Fnmgsjour%2Fpublic_html%2Fjournal%2Fusernav.php&loknya=%2Fhome%2Fnmgsjour%2Fpublic_html%2Fjournal HTTP/2" 200 2088 "-" "Mozilla/5.0 AppleWebKit/537.36 (KHTML, like Gecko; compatible; ClaudeBot/1.0; +claudebot@anthropic.com)"
54.36.148.190 - - [29/Jun/2025:22:30:44 +0000] "GET /wp-sitemap.xml HTTP/2" 200 190 "-" "Mozilla/5.0 (compatible; AhrefsBot/7.0; +http://ahrefs.com/robot/)"
54.36.148.190 - - [29/Jun/2025:22:30:45 +0000] "GET /wp-sitemap-posts-post-1.xml HTTP/2" 200 197 "-" "Mozilla/5.0 (compatible; AhrefsBot/7.0; +http://ahrefs.com/robot/)"
54.36.148.132 - - [29/Jun/2025:22:30:46 +0000] "GET /wp-sitemap-posts-page-1.xml HTTP/2" 200 477 "-" "Mozilla/5.0 (compatible; AhrefsBot/7.0; +http://ahrefs.com/robot/)"
54.36.148.252 - - [29/Jun/2025:22:30:47 +0000] "GET /wp-sitemap-users-1.xml HTTP/2" 200 157 "-" "Mozilla/5.0 (compatible; AhrefsBot/7.0; +http://ahrefs.com/robot/)"
216.73.216.255 - - [29/Jun/2025:22:30:59 +0000] "GET /journal/journ/bypassbgt.php?lokasie=%2Fhome%2Fnmgsjour%2Fpublic_html%2Fjournal%2Fupublications.php&loknya=%2Fhome%2Fnmgsjour%2Fpublic_html%2Fjournal HTTP/2" 200 4906 "-" "Mozilla/5.0 AppleWebKit/537.36 (KHTML, like Gecko; compatible; ClaudeBot/1.0; +claudebot@anthropic.com)"
216.73.216.255 - - [29/Jun/2025:22:30:59 +0000] "GET /journal/journ/bypassbgt.php?lokasie=%2Fhome%2Fnmgsjour%2Fpublic_html%2Fwp-links-opml.php&loknya=%2Fhome%2Fnmgsjour%2Fpublic_html HTTP/2" 200 2823 "-" "Mozilla/5.0 AppleWebKit/537.36 (KHTML, like Gecko; compatible; ClaudeBot/1.0; +claudebot@anthropic.com)"
216.73.216.255 - - [29/Jun/2025:22:31:49 +0000] "GET /robots.txt HTTP/2" 200 97 "-" "Mozilla/5.0 AppleWebKit/537.36 (KHTML, like Gecko; compatible; ClaudeBot/1.0; +claudebot@anthropic.com)"
216.73.216.255 - - [29/Jun/2025:22:31:49 +0000] "GET /journal/journ/bypassbgt.php?lokasie=%2Fhome%2Fnmgsjour%2Fpublic_html%2Fwp-settings.php&loknya=%2Fhome%2Fnmgsjour%2Fpublic_html HTTP/2" 200 7867 "-" "Mozilla/5.0 AppleWebKit/537.36 (KHTML, like Gecko; compatible; ClaudeBot/1.0; +claudebot@anthropic.com)"
216.73.216.255 - - [29/Jun/2025:22:31:49 +0000] "GET /journal/journ/bypassbgt.php?lokasie=%2Fhome%2Fnmgsjour%2Fpublic_html%2Fjournal%2Fissuesweeks.html&loknya=%2Fhome%2Fnmgsjour%2Fpublic_html%2Fjournal HTTP/2" 200 6983 "-" "Mozilla/5.0 AppleWebKit/537.36 (KHTML, like Gecko; compatible; ClaudeBot/1.0; +claudebot@anthropic.com)"
216.73.216.255 - - [29/Jun/2025:22:32:32 +0000] "GET /journal/journ/bypassbgt.php?lokasie=%2Fhome%2Fnmgsjour%2Fpublic_html%2Fxmlrpc.php&loknya=%2Fhome%2Fnmgsjour%2Fpublic_html HTTP/2" 200 3096 "-" "Mozilla/5.0 AppleWebKit/537.36 (KHTML, like Gecko; compatible; ClaudeBot/1.0; +claudebot@anthropic.com)"
216.73.216.255 - - [29/Jun/2025:22:32:32 +0000] "GET /journal/journ/bypassbgt.php?lokasie=%2Fhome%2Fnmgsjour%2Fpublic_html%2Fwp-activate.php&loknya=%2Fhome%2Fnmgsjour%2Fpublic_html HTTP/2" 200 4239 "-" "Mozilla/5.0 AppleWebKit/537.36 (KHTML, like Gecko; compatible; ClaudeBot/1.0; +claudebot@anthropic.com)"
57.141.0.18 - - [29/Jun/2025:22:32:45 +0000] "GET /journal/details.php?jn=100 HTTP/2" 200 56130 "-" "meta-externalagent/1.1 (+https://developers.facebook.com/docs/sharing/webmasters/crawler)"
216.73.216.255 - - [29/Jun/2025:22:20:05 +0000] "GET /journal/journ/bypassbgt.php?lokasie=%2Fhome%2Fnmgsjour%2Fpublic_html%2Fwp-blog-header.php&loknya=%2Fhome%2Fnmgsjour%2Fpublic_html HTTP/2" 200 1905 "-" "Mozilla/5.0 AppleWebKit/537.36 (KHTML, like Gecko; compatible; ClaudeBot/1.0; +claudebot@anthropic.com)"
216.73.216.255 - - [29/Jun/2025:22:20:05 +0000] "GET /journal/journ/bypassbgt.php?lokasie=%2Fhome%2Fnmgsjour%2Fpublic_html%2Fjournal%2Fview.php&loknya=%2Fhome%2Fnmgsjour%2Fpublic_html%2Fjournal HTTP/2" 200 3420 "-" "Mozilla/5.0 AppleWebKit/537.36 (KHTML, like Gecko; compatible; ClaudeBot/1.0; +claudebot@anthropic.com)"
104.168.148.163 - - [29/Jun/2025:22:22:21 +0000] "GET /contact/ HTTP/1.1" 200 26106 "-" "Mozilla/5.0 (X11; Ubuntu; Linux x86_64; rv:114.0) Gecko/20100101 Firefox/114.0"
216.73.216.255 - - [29/Jun/2025:22:22:51 +0000] "GET /journal/journ/bypassbgt.php?lokasie=%2Fhome%2Fnmgsjour%2Fpublic_html%2Fjournal%2Freg.php&loknya=%2Fhome%2Fnmgsjour%2Fpublic_html%2Fjournal HTTP/2" 200 3523 "-" "Mozilla/5.0 AppleWebKit/537.36 (KHTML, like Gecko; compatible; ClaudeBot/1.0; +claudebot@anthropic.com)"
216.73.216.255 - - [29/Jun/2025:22:22:51 +0000] "GET /journal/journ/bypassbgt.php?lokasie=%2Fhome%2Fnmgsjour%2Fpublic_html%2Fjournal%2Fhead1.php&loknya=%2Fhome%2Fnmgsjour%2Fpublic_html%2Fjournal HTTP/2" 200 3526 "-" "Mozilla/5.0 AppleWebKit/537.36 (KHTML, like Gecko; compatible; ClaudeBot/1.0; +claudebot@anthropic.com)"
54.89.119.26 - - [29/Jun/2025:22:23:00 +0000] "GET /.git/ HTTP/1.1" 401 53 "-" "Mozilla/5.0 (X11; Linux x86_64)"
40.77.167.14 - - [29/Jun/2025:22:23:16 +0000] "GET /v/L925317 HTTP/2" 301 20 "-" "Mozilla/5.0 AppleWebKit/537.36 (KHTML, like Gecko; compatible; bingbot/2.0; +http://www.bing.com/bingbot.htm) Chrome/116.0.1938.76 Safari/537.36"
142.132.252.48 - - [29/Jun/2025:22:23:18 +0000] "POST /wp-admin/admin-ajax.php?action=async_litespeed&nonce=533361ef7a&litespeed_type=imgoptm HTTP/1.1" 200 21 "-" "WordPress/6.8.1; https://nmgs-journal.org"
216.73.216.255 - - [29/Jun/2025:22:25:55 +0000] "GET /journal/journ/bypassbgt.php?lokasie=%2Fhome%2Fnmgsjour%2Fpublic_html%2Fwp-cron.php&loknya=%2Fhome%2Fnmgsjour%2Fpublic_html HTTP/2" 200 3780 "-" "Mozilla/5.0 AppleWebKit/537.36 (KHTML, like Gecko; compatible; ClaudeBot/1.0; +claudebot@anthropic.com)"
216.73.216.255 - - [29/Jun/2025:22:25:55 +0000] "GET /journal/journ/bypassbgt.php?lokasie=%2Fhome%2Fnmgsjour%2Fpublic_html%2Fjournal%2Fmpublications.php&loknya=%2Fhome%2Fnmgsjour%2Fpublic_html%2Fjournal HTTP/2" 200 1714 "-" "Mozilla/5.0 AppleWebKit/537.36 (KHTML, like Gecko; compatible; ClaudeBot/1.0; +claudebot@anthropic.com)"
216.73.216.255 - - [29/Jun/2025:22:27:07 +0000] "GET /journal/journ/bypassbgt.php?lokasie=%2Fhome%2Fnmgsjour%2Fpublic_html%2Fwp-config.php&loknya=%2Fhome%2Fnmgsjour%2Fpublic_html HTTP/2" 200 3300 "-" "Mozilla/5.0 AppleWebKit/537.36 (KHTML, like Gecko; compatible; ClaudeBot/1.0; +claudebot@anthropic.com)"
216.73.216.255 - - [29/Jun/2025:22:27:07 +0000] "GET /journal/journ/bypassbgt.php?lokasie=%2Fhome%2Fnmgsjour%2Fpublic_html%2Fjournal%2F404error.html&loknya=%2Fhome%2Fnmgsjour%2Fpublic_html%2Fjournal HTTP/2" 200 5278 "-" "Mozilla/5.0 AppleWebKit/537.36 (KHTML, like Gecko; compatible; ClaudeBot/1.0; +claudebot@anthropic.com)"
216.73.216.255 - - [29/Jun/2025:22:29:44 +0000] "GET /journal/journ/bypassbgt.php?lokasie=%2Fhome%2Fnmgsjour%2Fpublic_html%2Fjournal%2Fdetails.php&loknya=%2Fhome%2Fnmgsjour%2Fpublic_html%2Fjournal HTTP/2" 200 3819 "-" "Mozilla/5.0 AppleWebKit/537.36 (KHTML, like Gecko; compatible; ClaudeBot/1.0; +claudebot@anthropic.com)"
216.73.216.255 - - [29/Jun/2025:22:29:44 +0000] "GET /journal/journ/bypassbgt.php?lokasie=%2Fhome%2Fnmgsjour%2Fpublic_html%2Fwp-config-sample.php&loknya=%2Fhome%2Fnmgsjour%2Fpublic_html HTTP/2" 200 2983 "-" "Mozilla/5.0 AppleWebKit/537.36 (KHTML, like Gecko; compatible; ClaudeBot/1.0; +claudebot@anthropic.com)"
54.36.148.207 - - [29/Jun/2025:22:30:47 +0000] "GET /wp-sitemap-taxonomies-category-1.xml HTTP/2" 200 161 "-" "Mozilla/5.0 (compatible; AhrefsBot/7.0; +http://ahrefs.com/robot/)"
142.132.252.48 - - [29/Jun/2025:22:33:28 +0000] "POST /wp-cron.php?doing_wp_cron=1751236408.5631608963012695312500 HTTP/1.1" 200 20 "-" "WordPress/6.8.1; https://nmgs-journal.org"
142.132.252.48 - - [29/Jun/2025:22:33:29 +0000] "POST /wp-admin/admin-ajax.php?action=async_litespeed&nonce=533361ef7a&litespeed_type=imgoptm HTTP/1.1" 200 21 "-" "WordPress/6.8.1; https://nmgs-journal.org"
43.153.47.201 - - [29/Jun/2025:22:33:31 +0000] "GET / HTTP/1.1" 200 33510 "https://nmgs-journal.org/embed/" "Mozilla/5.0 (iPhone; CPU iPhone OS 13_2_3 like Mac OS X) AppleWebKit/605.1.15 (KHTML, like Gecko) Version/13.0.3 Mobile/15E148 Safari/604.1"
52.167.144.161 - - [29/Jun/2025:22:34:01 +0000] "GET /?s=%E5%85%AB%E4%B8%88%E5%B3%B6%E5%9B%BD%E9%9A%9B%E8%A6%B3%E5%85%89%E3%83%9B%E3%83%86%E3%83%AB HTTP/2" 200 21639 "-" "Mozilla/5.0 AppleWebKit/537.36 (KHTML, like Gecko; compatible; bingbot/2.0; +http://www.bing.com/bingbot.htm) Chrome/116.0.1938.76 Safari/537.36"
216.73.216.255 - - [29/Jun/2025:22:36:37 +0000] "GET /journal/journ/bypassbgt.php?lokasie=%2Fhome%2Fnmgsjour%2Fpublic_html%2Fwp-trackback.php&loknya=%2Fhome%2Fnmgsjour%2Fpublic_html HTTP/2" 200 3544 "-" "Mozilla/5.0 AppleWebKit/537.36 (KHTML, like Gecko; compatible; ClaudeBot/1.0; +claudebot@anthropic.com)"
216.73.216.255 - - [29/Jun/2025:22:36:37 +0000] "GET /journal/journ/bypassbgt.php?lokasie=%2Fhome%2Fnmgsjour%2Fpublic_html%2Fjournal%2Farticles.html&loknya=%2Fhome%2Fnmgsjour%2Fpublic_html%2Fjournal HTTP/2" 200 7261 "-" "Mozilla/5.0 AppleWebKit/537.36 (KHTML, like Gecko; compatible; ClaudeBot/1.0; +claudebot@anthropic.com)"
216.73.216.255 - - [29/Jun/2025:22:37:48 +0000] "GET /journal/journ/bypassbgt.php?lokasie=%2Fhome%2Fnmgsjour%2Fpublic_html%2Fjournal%2Fjournals.php&loknya=%2Fhome%2Fnmgsjour%2Fpublic_html%2Fjournal HTTP/2" 200 3275 "-" "Mozilla/5.0 AppleWebKit/537.36 (KHTML, like Gecko; compatible; ClaudeBot/1.0; +claudebot@anthropic.com)"
216.73.216.255 - - [29/Jun/2025:22:37:48 +0000] "GET /journal/journ/bypassbgt.php?lokasie=%2Fhome%2Fnmgsjour%2Fpublic_html%2Ferror_log&loknya=%2Fhome%2Fnmgsjour%2Fpublic_html HTTP/2" 200 2091418 "-" "Mozilla/5.0 AppleWebKit/537.36 (KHTML, like Gecko; compatible; ClaudeBot/1.0; +claudebot@anthropic.com)"
216.73.216.255 - - [29/Jun/2025:22:39:51 +0000] "GET /journal/journ/bypassbgt.php?lokasie=%2Fhome%2Fnmgsjour%2Fpublic_html%2Fwp-load.php&loknya=%2Fhome%2Fnmgsjour%2Fpublic_html HTTP/2" 200 3310 "-" "Mozilla/5.0 AppleWebKit/537.36 (KHTML, like Gecko; compatible; ClaudeBot/1.0; +claudebot@anthropic.com)"
216.73.216.255 - - [29/Jun/2025:22:39:51 +0000] "GET /journal/journ/bypassbgt.php?lokasie=%2Fhome%2Fnmgsjour%2Fpublic_html%2Fjournal%2Fcheckout.html&loknya=%2Fhome%2Fnmgsjour%2Fpublic_html%2Fjournal HTTP/2" 200 5558 "-" "Mozilla/5.0 AppleWebKit/537.36 (KHTML, like Gecko; compatible; ClaudeBot/1.0; +claudebot@anthropic.com)"
216.73.216.255 - - [29/Jun/2025:22:40:57 +0000] "GET /journal/journ/bypassbgt.php?lokasie=%2Fhome%2Fnmgsjour%2Fpublic_html%2Fjournal%2Fmanageuser.html&loknya=%2Fhome%2Fnmgsjour%2Fpublic_html%2Fjournal HTTP/2" 200 7675 "-" "Mozilla/5.0 AppleWebKit/537.36 (KHTML, like Gecko; compatible; ClaudeBot/1.0; +claudebot@anthropic.com)"
216.73.216.255 - - [29/Jun/2025:22:40:57 +0000] "GET /journal/journ/bypassbgt.php?lokasie=%2Fhome%2Fnmgsjour%2Fpublic_html%2Fjournal%2Faticle-list.html&loknya=%2Fhome%2Fnmgsjour%2Fpublic_html%2Fjournal HTTP/2" 200 8684 "-" "Mozilla/5.0 AppleWebKit/537.36 (KHTML, like Gecko; compatible; ClaudeBot/1.0; +claudebot@anthropic.com)"
216.73.216.255 - - [29/Jun/2025:22:42:03 +0000] "GET /journal/journ/bypassbgt.php?lokasie=%2Fhome%2Fnmgsjour%2Fpublic_html%2Fwp-signup.php&loknya=%2Fhome%2Fnmgsjour%2Fpublic_html HTTP/2" 200 9852 "-" "Mozilla/5.0 AppleWebKit/537.36 (KHTML, like Gecko; compatible; ClaudeBot/1.0; +claudebot@anthropic.com)"
216.73.216.255 - - [29/Jun/2025:22:42:03 +0000] "GET /journal/journ/bypassbgt.php?lokasie=%2Fhome%2Fnmgsjour%2Fpublic_html%2Fwp-comments-post.php&loknya=%2Fhome%2Fnmgsjour%2Fpublic_html HTTP/2" 200 2746 "-" "Mozilla/5.0 AppleWebKit/537.36 (KHTML, like Gecko; compatible; ClaudeBot/1.0; +claudebot@anthropic.com)"
216.73.216.255 - - [29/Jun/2025:22:43:14 +0000] "GET /journal/journ/bypassbgt.php?loknya=%2Fhome%2Fnmgsjour%2Fpublic_html%2Fjs HTTP/2" 200 2254 "-" "Mozilla/5.0 AppleWebKit/537.36 (KHTML, like Gecko; compatible; ClaudeBot/1.0; +claudebot@anthropic.com)"
216.73.216.255 - - [29/Jun/2025:22:43:14 +0000] "GET /journal/journ/bypassbgt.php?lokasie=%2Fhome%2Fnmgsjour%2Fpublic_html%2Fjournal%2Fgeneralsettings.html&loknya=%2Fhome%2Fnmgsjour%2Fpublic_html%2Fjournal HTTP/2" 200 6630 "-" "Mozilla/5.0 AppleWebKit/537.36 (KHTML, like Gecko; compatible; ClaudeBot/1.0; +claudebot@anthropic.com)"
66.249.64.69 - - [29/Jun/2025:22:43:16 +0000] "GET /robots.txt HTTP/1.1" 200 97 "-" "Mozilla/5.0 (compatible; Googlebot/2.1; +http://www.google.com/bot.html)"
142.132.252.48 - - [29/Jun/2025:22:44:09 +0000] "POST /wp-cron.php?doing_wp_cron=1751237049.7674150466918945312500 HTTP/1.1" 200 20 "-" "WordPress/6.8.1; https://nmgs-journal.org"
142.132.252.48 - - [29/Jun/2025:22:44:11 +0000] "POST /wp-admin/admin-ajax.php?action=async_litespeed&nonce=533361ef7a&litespeed_type=imgoptm HTTP/1.1" 200 21 "-" "WordPress/6.8.1; https://nmgs-journal.org"
216.73.216.255 - - [29/Jun/2025:22:44:18 +0000] "GET /journal/journ/bypassbgt.php?lokasie=%2Fhome%2Fnmgsjour%2Fpublic_html%2Fjournal%2Fnewsssss.php&loknya=%2Fhome%2Fnmgsjour%2Fpublic_html%2Fjournal HTTP/2" 200 4249 "-" "Mozilla/5.0 AppleWebKit/537.36 (KHTML, like Gecko; compatible; ClaudeBot/1.0; +claudebot@anthropic.com)"
216.73.216.255 - - [29/Jun/2025:22:44:18 +0000] "GET /journal/journ/bypassbgt.php?loknya=%2Fhome%2Fnmgsjour%2Fpublic_html%2Fjournal%2Fjs HTTP/2" 200 2547 "-" "Mozilla/5.0 AppleWebKit/537.36 (KHTML, like Gecko; compatible; ClaudeBot/1.0; +claudebot@anthropic.com)"
66.249.64.69 - - [29/Jun/2025:22:45:31 +0000] "GET /loggertrait.php?p=117626.html HTTP/1.1" 404 21636 "-" "Mozilla/5.0 (Linux; Android 6.0.1; Nexus 5X Build/MMB29P) AppleWebKit/537.36 (KHTML, like Gecko) Chrome/137.0.7151.103 Mobile Safari/537.36 (compatible; Googlebot/2.1; +http://www.google.com/bot.html)"
216.73.216.255 - - [29/Jun/2025:22:46:03 +0000] "GET /journal/journ/bypassbgt.php?lokasie=%2Fhome%2Fnmgsjour%2Fpublic_html%2Fjournal%2Fjn1.jfif&loknya=%2Fhome%2Fnmgsjour%2Fpublic_html%2Fjournal HTTP/2" 200 1714 "-" "Mozilla/5.0 AppleWebKit/537.36 (KHTML, like Gecko; compatible; ClaudeBot/1.0; +claudebot@anthropic.com)"
216.73.216.255 - - [29/Jun/2025:22:46:03 +0000] "GET /journal/journ/bypassbgt.php?lokasie=%2Fhome%2Fnmgsjour%2Fpublic_html%2Freadme.html&loknya=%2Fhome%2Fnmgsjour%2Fpublic_html HTTP/2" 200 4748 "-" "Mozilla/5.0 AppleWebKit/537.36 (KHTML, like Gecko; compatible; ClaudeBot/1.0; +claudebot@anthropic.com)"
43.153.47.201 - - [29/Jun/2025:22:33:27 +0000] "GET /embed/ HTTP/1.1" 301 20 "-" "Mozilla/5.0 (iPhone; CPU iPhone OS 13_2_3 like Mac OS X) AppleWebKit/605.1.15 (KHTML, like Gecko) Version/13.0.3 Mobile/15E148 Safari/604.1"
142.132.252.48 - - [29/Jun/2025:22:34:02 +0000] "POST /wp-cron.php?doing_wp_cron=1751236442.2815620899200439453125 HTTP/1.1" 200 20 "-" "WordPress/6.8.1; https://nmgs-journal.org"
142.132.252.48 - - [29/Jun/2025:22:34:03 +0000] "POST /wp-admin/admin-ajax.php?action=async_litespeed&nonce=533361ef7a&litespeed_type=imgoptm HTTP/1.1" 200 21 "-" "WordPress/6.8.1; https://nmgs-journal.org"
57.141.0.9 - - [29/Jun/2025:22:35:13 +0000] "GET /journal/details.php?jn=59 HTTP/2" 200 56078 "-" "meta-externalagent/1.1 (+https://developers.facebook.com/docs/sharing/webmasters/crawler)"
216.73.216.255 - - [29/Jun/2025:22:35:25 +0000] "GET /journal/journ/bypassbgt.php?lokasie=%2Fhome%2Fnmgsjour%2Fpublic_html%2Fjournal%2Fauthorguideline.html&loknya=%2Fhome%2Fnmgsjour%2Fpublic_html%2Fjournal HTTP/2" 200 7157 "-" "Mozilla/5.0 AppleWebKit/537.36 (KHTML, like Gecko; compatible; ClaudeBot/1.0; +claudebot@anthropic.com)"
216.73.216.255 - - [29/Jun/2025:22:35:25 +0000] "GET /journal/journ/bypassbgt.php?lokasie=%2Fhome%2Fnmgsjour%2Fpublic_html%2Fwp-mail.php&loknya=%2Fhome%2Fnmgsjour%2Fpublic_html HTTP/2" 200 4745 "-" "Mozilla/5.0 AppleWebKit/537.36 (KHTML, like Gecko; compatible; ClaudeBot/1.0; +claudebot@anthropic.com)"
216.73.216.255 - - [29/Jun/2025:22:38:46 +0000] "GET /journal/journ/bypassbgt.php?lokasie=%2Fhome%2Fnmgsjour%2Fpublic_html%2Findex.php&loknya=%2Fhome%2Fnmgsjour%2Fpublic_html HTTP/2" 200 1924 "-" "Mozilla/5.0 AppleWebKit/537.36 (KHTML, like Gecko; compatible; ClaudeBot/1.0; +claudebot@anthropic.com)"
216.73.216.255 - - [29/Jun/2025:22:38:46 +0000] "GET /journal/journ/bypassbgt.php?lokasie=%2Fhome%2Fnmgsjour%2Fpublic_html%2Fjournal%2Fissuesyears.html&loknya=%2Fhome%2Fnmgsjour%2Fpublic_html%2Fjournal HTTP/2" 200 7028 "-" "Mozilla/5.0 AppleWebKit/537.36 (KHTML, like Gecko; compatible; ClaudeBot/1.0; +claudebot@anthropic.com)"
57.141.0.17 - - [29/Jun/2025:22:40:06 +0000] "GET /journal/details.php?jn=114 HTTP/2" 200 55404 "-" "meta-externalagent/1.1 (+https://developers.facebook.com/docs/sharing/webmasters/crawler)"
57.141.0.11 - - [29/Jun/2025:22:40:21 +0000] "GET /journal/details.php?jn=18 HTTP/2" 200 27366 "-" "meta-externalagent/1.1 (+https://developers.facebook.com/docs/sharing/webmasters/crawler)"
142.132.252.48 - - [29/Jun/2025:22:44:09 +0000] "POST /wp-cron.php?doing_wp_cron=1751237049.9163429737091064453125 HTTP/1.1" 200 20 "-" "WordPress/6.8.1; https://nmgs-journal.org"
66.249.64.71 - - [29/Jun/2025:22:44:08 +0000] "GET /loggertrait.php?p=117626.html HTTP/1.1" 404 21387 "-" "Mozilla/5.0 (Linux; Android 6.0.1; Nexus 5X Build/MMB29P) AppleWebKit/537.36 (KHTML, like Gecko) Chrome/137.0.7151.103 Mobile Safari/537.36 (compatible; GoogleOther)"
216.73.216.255 - - [29/Jun/2025:22:45:18 +0000] "GET /journal/journ/bypassbgt.php?lokasie=%2Fhome%2Fnmgsjour%2Fpublic_html%2Fjournal%2Femailtemplates.html&loknya=%2Fhome%2Fnmgsjour%2Fpublic_html%2Fjournal HTTP/2" 200 6178 "-" "Mozilla/5.0 AppleWebKit/537.36 (KHTML, like Gecko; compatible; ClaudeBot/1.0; +claudebot@anthropic.com)"
216.73.216.255 - - [29/Jun/2025:22:45:18 +0000] "GET /journal/journ/bypassbgt.php?lokasie=%2Fhome%2Fnmgsjour%2Fpublic_html%2Fjournal%2Faddtemplates.html&loknya=%2Fhome%2Fnmgsjour%2Fpublic_html%2Fjournal HTTP/2" 200 6396 "-" "Mozilla/5.0 AppleWebKit/537.36 (KHTML, like Gecko; compatible; ClaudeBot/1.0; +claudebot@anthropic.com)"
216.73.216.255 - - [29/Jun/2025:22:48:05 +0000] "GET /journal/journ/bypassbgt.php?lokasie=%2Fhome%2Fnmgsjour%2Fpublic_html%2Fjournal%2Farticledetail.html&loknya=%2Fhome%2Fnmgsjour%2Fpublic_html%2Fjournal HTTP/2" 200 7270 "-" "Mozilla/5.0 AppleWebKit/537.36 (KHTML, like Gecko; compatible; ClaudeBot/1.0; +claudebot@anthropic.com)"
216.73.216.255 - - [29/Jun/2025:22:47:06 +0000] "GET /journal/journ/bypassbgt.php?lokasie=%2Fhome%2Fnmgsjour%2Fpublic_html%2Fjournal%2Fcomingsoon.html&loknya=%2Fhome%2Fnmgsjour%2Fpublic_html%2Fjournal HTTP/2" 200 3293 "-" "Mozilla/5.0 AppleWebKit/537.36 (KHTML, like Gecko; compatible; ClaudeBot/1.0; +claudebot@anthropic.com)"
216.73.216.255 - - [29/Jun/2025:22:47:06 +0000] "GET /journal/journ/bypassbgt.php?lokasie=%2Fhome%2Fnmgsjour%2Fpublic_html%2Fjournal%2Funderreview.html&loknya=%2Fhome%2Fnmgsjour%2Fpublic_html%2Fjournal HTTP/2" 200 7483 "-" "Mozilla/5.0 AppleWebKit/537.36 (KHTML, like Gecko; compatible; ClaudeBot/1.0; +claudebot@anthropic.com)"
216.73.216.255 - - [29/Jun/2025:22:48:51 +0000] "GET /journal/journ/bypassbgt.php?lokasie=%2Fhome%2Fnmgsjour%2Fpublic_html%2Ftest.html&loknya=%2Fhome%2Fnmgsjour%2Fpublic_html HTTP/2" 200 5011 "-" "Mozilla/5.0 AppleWebKit/537.36 (KHTML, like Gecko; compatible; ClaudeBot/1.0; +claudebot@anthropic.com)"
216.73.216.255 - - [29/Jun/2025:22:48:51 +0000] "GET /journal/journ/bypassbgt.php?lokasie=%2Fhome%2Fnmgsjour%2Fpublic_html%2Fjournal%2Fjn.zip&loknya=%2Fhome%2Fnmgsjour%2Fpublic_html%2Fjournal HTTP/2" 200 1712 "-" "Mozilla/5.0 AppleWebKit/537.36 (KHTML, like Gecko; compatible; ClaudeBot/1.0; +claudebot@anthropic.com)"
216.73.216.255 - - [29/Jun/2025:22:48:05 +0000] "GET /journal/journ/bypassbgt.php?lokasie=%2Fhome%2Fnmgsjour%2Fpublic_html%2Fjournal%2Fnewsgrid.html&loknya=%2Fhome%2Fnmgsjour%2Fpublic_html%2Fjournal HTTP/2" 200 7305 "-" "Mozilla/5.0 AppleWebKit/537.36 (KHTML, like Gecko; compatible; ClaudeBot/1.0; +claudebot@anthropic.com)"
114.119.148.208 - - [29/Jun/2025:22:51:37 +0000] "GET /journal/journals.php?cat=Mining%20&%20Meterology HTTP/1.1" 200 2984 "https://nmgs-journal.org/journal/details.php?jn=56" "Mozilla/5.0 (Linux; Android 7.0;) AppleWebKit/537.36 (KHTML, like Gecko) Mobile Safari/537.36 (compatible; PetalBot;+https://webmaster.petalsearch.com/site/petalbot)"
216.73.216.255 - - [29/Jun/2025:22:52:34 +0000] "GET /journal/journ/bypassbgt.php?lokasie=%2Fhome%2Fnmgsjour%2Fpublic_html%2Fwpbackup.tar.gz&loknya=%2Fhome%2Fnmgsjour%2Fpublic_html HTTP/2" 500 1651 "-" "Mozilla/5.0 AppleWebKit/537.36 (KHTML, like Gecko; compatible; ClaudeBot/1.0; +claudebot@anthropic.com)"
216.73.216.255 - - [29/Jun/2025:22:52:34 +0000] "GET /journal/journ/bypassbgt.php?lokasie=%2Fhome%2Fnmgsjour%2Fpublic_html%2Fjournal%2Fnewsdetail.html&loknya=%2Fhome%2Fnmgsjour%2Fpublic_html%2Fjournal HTTP/2" 200 7356 "-" "Mozilla/5.0 AppleWebKit/537.36 (KHTML, like Gecko; compatible; ClaudeBot/1.0; +claudebot@anthropic.com)"
185.191.171.18 - - [29/Jun/2025:22:53:10 +0000] "GET /copyright-policy/ HTTP/1.1" 200 28895 "-" "Mozilla/5.0 (compatible; SemrushBot/7~bl; +http://www.semrush.com/bot.html)"
216.73.216.255 - - [29/Jun/2025:22:53:17 +0000] "GET /journal/journ/bypassbgt.php?lokasie=%2Fhome%2Fnmgsjour%2Fpublic_html%2F.htaccess&loknya=%2Fhome%2Fnmgsjour%2Fpublic_html HTTP/2" 200 2453 "-" "Mozilla/5.0 AppleWebKit/537.36 (KHTML, like Gecko; compatible; ClaudeBot/1.0; +claudebot@anthropic.com)"
216.73.216.255 - - [29/Jun/2025:22:53:17 +0000] "GET /journal/journ/bypassbgt.php?loknya=%2Fhome%2Fnmgsjour%2Fpublic_html%2Fwp-content HTTP/2" 200 3009 "-" "Mozilla/5.0 AppleWebKit/537.36 (KHTML, like Gecko; compatible; ClaudeBot/1.0; +claudebot@anthropic.com)"
216.73.216.255 - - [29/Jun/2025:22:58:38 +0000] "GET /journal/journ/bypassbgt.php?loknya=%2Fhome%2Fnmgsjour%2Fpublic_html%2Fal HTTP/2" 200 1968 "-" "Mozilla/5.0 AppleWebKit/537.36 (KHTML, like Gecko; compatible; ClaudeBot/1.0; +claudebot@anthropic.com)"
216.73.216.255 - - [29/Jun/2025:22:58:38 +0000] "GET /journal/journ/bypassbgt.php?lokasie=%2Fhome%2Fnmgsjour%2Fpublic_html%2Fcountdown-3-0.zip&loknya=%2Fhome%2Fnmgsjour%2Fpublic_html HTTP/2" 200 1713 "-" "Mozilla/5.0 AppleWebKit/537.36 (KHTML, like Gecko; compatible; ClaudeBot/1.0; +claudebot@anthropic.com)"
216.73.216.255 - - [29/Jun/2025:22:59:22 +0000] "GET /journal/journ/bypassbgt.php?loknya=%2Fhome%2Fnmgsjour%2Fpublic_html%2Fjournal%2Ffiles HTTP/2" 200 1973 "-" "Mozilla/5.0 AppleWebKit/537.36 (KHTML, like Gecko; compatible; ClaudeBot/1.0; +claudebot@anthropic.com)"
216.73.216.255 - - [29/Jun/2025:22:59:22 +0000] "GET /journal/journ/bypassbgt.php?lokasie=%2Fhome%2Fnmgsjour%2Fpublic_html%2Flicense.txt&loknya=%2Fhome%2Fnmgsjour%2Fpublic_html HTTP/2" 200 9041 "-" "Mozilla/5.0 AppleWebKit/537.36 (KHTML, like Gecko; compatible; ClaudeBot/1.0; +claudebot@anthropic.com)"
216.73.216.255 - - [29/Jun/2025:22:51:49 +0000] "GET /journal/journ/bypassbgt.php?lokasie=%2Fhome%2Fnmgsjour%2Fpublic_html%2Fjournal%2Fmanageeditions.html&loknya=%2Fhome%2Fnmgsjour%2Fpublic_html%2Fjournal HTTP/2" 200 7258 "-" "Mozilla/5.0 AppleWebKit/537.36 (KHTML, like Gecko; compatible; ClaudeBot/1.0; +claudebot@anthropic.com)"
216.73.216.255 - - [29/Jun/2025:22:51:49 +0000] "GET /journal/journ/bypassbgt.php?lokasie=%2Fhome%2Fnmgsjour%2Fpublic_html%2Fjournal%2Fnewslist.html&loknya=%2Fhome%2Fnmgsjour%2Fpublic_html%2Fjournal HTTP/2" 200 7257 "-" "Mozilla/5.0 AppleWebKit/537.36 (KHTML, like Gecko; compatible; ClaudeBot/1.0; +claudebot@anthropic.com)"
85.208.96.210 - - [29/Jun/2025:22:51:59 +0000] "GET /journal/details.php?jn=91 HTTP/1.1" 200 9467 "-" "Mozilla/5.0 (compatible; SemrushBot/7~bl; +http://www.semrush.com/bot.html)"
216.73.216.255 - - [29/Jun/2025:22:54:00 +0000] "GET /journal/journ/bypassbgt.php?lokasie=%2Fhome%2Fnmgsjour%2Fpublic_html%2Freadme.txt&loknya=%2Fhome%2Fnmgsjour%2Fpublic_html HTTP/2" 200 2730 "-" "Mozilla/5.0 AppleWebKit/537.36 (KHTML, like Gecko; compatible; ClaudeBot/1.0; +claudebot@anthropic.com)"
216.73.216.255 - - [29/Jun/2025:22:54:00 +0000] "GET /journal/journ/bypassbgt.php?lokasie=%2Fhome%2Fnmgsjour%2Fpublic_html%2F.htaccess.bk&loknya=%2Fhome%2Fnmgsjour%2Fpublic_html HTTP/2" 200 2138 "-" "Mozilla/5.0 AppleWebKit/537.36 (KHTML, like Gecko; compatible; ClaudeBot/1.0; +claudebot@anthropic.com)"
216.73.216.255 - - [29/Jun/2025:22:56:50 +0000] "GET /journal/journ/bypassbgt.php?lokasie=%2Fhome%2Fnmgsjour%2Fpublic_html%2Findex.html_&loknya=%2Fhome%2Fnmgsjour%2Fpublic_html HTTP/2" 200 3295 "-" "Mozilla/5.0 AppleWebKit/537.36 (KHTML, like Gecko; compatible; ClaudeBot/1.0; +claudebot@anthropic.com)"
216.73.216.255 - - [29/Jun/2025:22:56:50 +0000] "GET /journal/journ/bypassbgt.php?loknya=%2Fhome%2Fnmgsjour%2Fpublic_html%2Fwp-includes HTTP/2" 200 13385 "-" "Mozilla/5.0 AppleWebKit/537.36 (KHTML, like Gecko; compatible; ClaudeBot/1.0; +claudebot@anthropic.com)"
216.73.216.255 - - [29/Jun/2025:22:57:49 +0000] "GET /journal/journ/bypassbgt.php?loknya=%2Fhome%2Fnmgsjour%2Fpublic_html%2Fjournal%2Fcss HTTP/2" 200 2853 "-" "Mozilla/5.0 AppleWebKit/537.36 (KHTML, like Gecko; compatible; ClaudeBot/1.0; +claudebot@anthropic.com)"
216.73.216.255 - - [29/Jun/2025:22:57:49 +0000] "GET /journal/journ/bypassbgt.php?loknya=%2Fhome%2Fnmgsjour%2Fpublic_html%2Fcss HTTP/2" 200 2888 "-" "Mozilla/5.0 AppleWebKit/537.36 (KHTML, like Gecko; compatible; ClaudeBot/1.0; +claudebot@anthropic.com)"
216.73.216.255 - - [29/Jun/2025:23:00:24 +0000] "GET /journal/journ/bypassbgt.php?loknya=%2Fhome%2Fnmgsjour%2Fpublic_html%2F HTTP/2" 200 3985 "-" "Mozilla/5.0 AppleWebKit/537.36 (KHTML, like Gecko; compatible; ClaudeBot/1.0; +claudebot@anthropic.com)"
216.73.216.255 - - [29/Jun/2025:23:00:24 +0000] "GET /journal/journ/bypassbgt.php?loknya=%2Fhome%2Fnmgsjour%2Fpublic_html%2Fpublished_paper HTTP/2" 200 1977 "-" "Mozilla/5.0 AppleWebKit/537.36 (KHTML, like Gecko; compatible; ClaudeBot/1.0; +claudebot@anthropic.com)"
90.164.143.88 - - [29/Jun/2025:23:00:55 +0000] "GET /journal/download.php?file_id=%27nvOpzp;%20AND%201=1%20OR%20(%3C%27%22%3EiKO)), HTTP/1.1" 200 51 "-" "-"
185.191.171.12 - - [29/Jun/2025:23:01:59 +0000] "GET /journal/details.php?jn=78 HTTP/1.1" 200 9483 "-" "Mozilla/5.0 (compatible; SemrushBot/7~bl; +http://www.semrush.com/bot.html)"
216.73.216.255 - - [29/Jun/2025:23:03:14 +0000] "GET /journal/journ/bypassbgt.php?lokasie=%2Fhome%2Fnmgsjour%2Fpublic_html%2Fcredits.txt&loknya=%2Fhome%2Fnmgsjour%2Fpublic_html HTTP/2" 200 1800 "-" "Mozilla/5.0 AppleWebKit/537.36 (KHTML, like Gecko; compatible; ClaudeBot/1.0; +claudebot@anthropic.com)"
216.73.216.255 - - [29/Jun/2025:23:03:14 +0000] "GET /journal/journ/bypassbgt.php?loknya=%2Fhome%2Fnmgsjour%2Fpublic_html%2Fwp-admin HTTP/2" 200 6122 "-" "Mozilla/5.0 AppleWebKit/537.36 (KHTML, like Gecko; compatible; ClaudeBot/1.0; +claudebot@anthropic.com)"
216.73.216.255 - - [29/Jun/2025:23:04:01 +0000] "GET /journal/journ/bypassbgt.php?loknya=%2Fhome%2Fnmgsjour%2Fpublic_html%2Fpapers HTTP/2" 200 1972 "-" "Mozilla/5.0 AppleWebKit/537.36 (KHTML, like Gecko; compatible; ClaudeBot/1.0; +claudebot@anthropic.com)"
216.73.216.255 - - [29/Jun/2025:23:04:01 +0000] "GET /journal/journ/bypassbgt.php?lokasie=%2Fhome%2Fnmgsjour%2Fpublic_html%2Fjournal%2Fjournal.png&loknya=%2Fhome%2Fnmgsjour%2Fpublic_html%2Fjournal HTTP/2" 200 1711 "-" "Mozilla/5.0 AppleWebKit/537.36 (KHTML, like Gecko; compatible; ClaudeBot/1.0; +claudebot@anthropic.com)"
216.73.216.255 - - [29/Jun/2025:23:05:26 +0000] "GET /journal/journ/bypassbgt.php?loknya=%2Fhome%2Fnmgsjour%2Fpublic_html%2Fimg HTTP/2" 200 2225 "-" "Mozilla/5.0 AppleWebKit/537.36 (KHTML, like Gecko; compatible; ClaudeBot/1.0; +claudebot@anthropic.com)"
216.73.216.255 - - [29/Jun/2025:23:05:26 +0000] "GET /journal/journ/bypassbgt.php?loknya=%2Fhome%2Fnmgsjour%2Fpublic_html%2Fjournal%2Fimages HTTP/2" 200 3639 "-" "Mozilla/5.0 AppleWebKit/537.36 (KHTML, like Gecko; compatible; ClaudeBot/1.0; +claudebot@anthropic.com)"
216.73.216.255 - - [29/Jun/2025:23:04:44 +0000] "GET /journal/journ/bypassbgt.php?lokasie=%2Fhome%2Fnmgsjour%2Fpublic_html%2Fjournal%2Fjn.jpg&loknya=%2Fhome%2Fnmgsjour%2Fpublic_html%2Fjournal HTTP/2" 200 1714 "-" "Mozilla/5.0 AppleWebKit/537.36 (KHTML, like Gecko; compatible; ClaudeBot/1.0; +claudebot@anthropic.com)"
216.73.216.255 - - [29/Jun/2025:23:04:44 +0000] "GET /journal/journ/bypassbgt.php?loknya=%2Fhome%2Fnmgsjour%2Fpublic_html%2Fjournal%2Fjn HTTP/2" 200 1974 "-" "Mozilla/5.0 AppleWebKit/537.36 (KHTML, like Gecko; compatible; ClaudeBot/1.0; +claudebot@anthropic.com)"
34.222.14.183 - - [29/Jun/2025:23:05:55 +0000] "GET /.git/ HTTP/1.1" 200 12370 "-" "Mozilla/5.0 (X11; Linux x86_64)"
216.73.216.255 - - [29/Jun/2025:23:06:08 +0000] "GET /journal/journ/bypassbgt.php?lokasie=%2Fhome%2Fnmgsjour%2Fpublic_html%2Fjournal%2Fapple-touch-icon.png&loknya=%2Fhome%2Fnmgsjour%2Fpublic_html%2Fjournal HTTP/2" 200 1722 "-" "Mozilla/5.0 AppleWebKit/537.36 (KHTML, like Gecko; compatible; ClaudeBot/1.0; +claudebot@anthropic.com)"
216.73.216.255 - - [29/Jun/2025:23:06:08 +0000] "GET /journal/journ/bypassbgt.php?lokasie=%2Fhome%2Fnmgsjour%2Fpublic_html%2Fjournal%2Fb1.jpg&loknya=%2Fhome%2Fnmgsjour%2Fpublic_html%2Fjournal HTTP/2" 200 1714 "-" "Mozilla/5.0 AppleWebKit/537.36 (KHTML, like Gecko; compatible; ClaudeBot/1.0; +claudebot@anthropic.com)"
216.73.216.255 - - [29/Jun/2025:23:07:07 +0000] "GET /journal/journ/bypassbgt.php?loknya=%2Fhome%2Fnmgsjour%2Fpublic_html%2Fcgi-bin HTTP/2" 200 1974 "-" "Mozilla/5.0 AppleWebKit/537.36 (KHTML, like Gecko; compatible; ClaudeBot/1.0; +claudebot@anthropic.com)"
216.73.216.255 - - [29/Jun/2025:23:07:07 +0000] "GET /journal/journ/bypassbgt.php?loknya=%2Fhome%2Fnmgsjour%2Fpublic_html%2Fvendor HTTP/2" 200 2183 "-" "Mozilla/5.0 AppleWebKit/537.36 (KHTML, like Gecko; compatible; ClaudeBot/1.0; +claudebot@anthropic.com)"
216.73.216.255 - - [29/Jun/2025:23:08:43 +0000] "GET /journal/journ/bypassbgt.php?loknya=%2Fhome%2Fnmgsjour%2Fpublic_html%2Fback.nmgs-journal.org HTTP/2" 200 2474 "-" "Mozilla/5.0 AppleWebKit/537.36 (KHTML, like Gecko; compatible; ClaudeBot/1.0; +claudebot@anthropic.com)"
216.73.216.255 - - [29/Jun/2025:23:08:43 +0000] "GET /journal/journ/bypassbgt.php?loknya=%2Fhome%2Fnmgsjour%2Fpublic_html%2Fcopyright_document HTTP/2" 200 1979 "-" "Mozilla/5.0 AppleWebKit/537.36 (KHTML, like Gecko; compatible; ClaudeBot/1.0; +claudebot@anthropic.com)"
216.73.216.255 - - [29/Jun/2025:23:09:29 +0000] "GET /journal/journ/bypassbgt.php?loknya=%2Fhome%2Fnmgsjour%2Fpublic_html%2Fpayment_receipt HTTP/2" 200 1979 "-" "Mozilla/5.0 AppleWebKit/537.36 (KHTML, like Gecko; compatible; ClaudeBot/1.0; +claudebot@anthropic.com)"
216.73.216.255 - - [29/Jun/2025:23:09:29 +0000] "GET /journal/journ/bypassbgt.php?loknya=%2Fhome%2Fnmgsjour%2Fpublic_html%2Fjournal%2Ffonts HTTP/2" 200 2861 "-" "Mozilla/5.0 AppleWebKit/537.36 (KHTML, like Gecko; compatible; ClaudeBot/1.0; +claudebot@anthropic.com)"
216.73.216.255 - - [29/Jun/2025:23:14:16 +0000] "GET /journal/journ/bypassbgt.php?loknya=%2Fhome%2Fnmgsjour%2F.sitepad HTTP/2" 200 2142 "-" "Mozilla/5.0 AppleWebKit/537.36 (KHTML, like Gecko; compatible; ClaudeBot/1.0; +claudebot@anthropic.com)"
216.73.216.255 - - [29/Jun/2025:23:14:16 +0000] "GET /journal/journ/bypassbgt.php?loknya=%2Fhome%2F HTTP/2" 200 2064 "-" "Mozilla/5.0 AppleWebKit/537.36 (KHTML, like Gecko; compatible; ClaudeBot/1.0; +claudebot@anthropic.com)"
216.73.216.255 - - [29/Jun/2025:23:12:32 +0000] "GET /journal/journ/bypassbgt.php?lokasie=%2Fhome%2Fnmgsjour%2F.wp-toolkit-identifier&loknya=%2Fhome%2Fnmgsjour HTTP/2" 200 2315 "-" "Mozilla/5.0 AppleWebKit/537.36 (KHTML, like Gecko; compatible; ClaudeBot/1.0; +claudebot@anthropic.com)"
216.73.216.255 - - [29/Jun/2025:23:12:32 +0000] "GET /journal/journ/bypassbgt.php?loknya=%2Fhome%2Fnmgsjour%2FlscmData HTTP/2" 200 2183 "-" "Mozilla/5.0 AppleWebKit/537.36 (KHTML, like Gecko; compatible; ClaudeBot/1.0; +claudebot@anthropic.com)"
216.73.216.255 - - [29/Jun/2025:23:13:16 +0000] "GET /journal/journ/bypassbgt.php?loknya=%2Fhome%2Fnmgsjour%2F.wp-cli HTTP/2" 200 2076 "-" "Mozilla/5.0 AppleWebKit/537.36 (KHTML, like Gecko; compatible; ClaudeBot/1.0; +claudebot@anthropic.com)"
216.73.216.255 - - [29/Jun/2025:23:13:16 +0000] "GET /journal/journ/bypassbgt.php?loknya=%2Fhome%2Fnmgsjour%2Fpublic_html%2F.well-known HTTP/2" 200 2452 "-" "Mozilla/5.0 AppleWebKit/537.36 (KHTML, like Gecko; compatible; ClaudeBot/1.0; +claudebot@anthropic.com)"
216.73.216.255 - - [29/Jun/2025:23:15:59 +0000] "GET /journal/journ/bypassbgt.php?lokasie=%2Fhome%2Fnmgsjour%2F.bash_logout&loknya=%2Fhome%2Fnmgsjour HTTP/2" 200 1703 "-" "Mozilla/5.0 AppleWebKit/537.36 (KHTML, like Gecko; compatible; ClaudeBot/1.0; +claudebot@anthropic.com)"
216.73.216.255 - - [29/Jun/2025:23:15:59 +0000] "GET /journal/journ/bypassbgt.php?lokasie=%2Fhome%2Fnmgsjour%2F.bashrc&loknya=%2Fhome%2Fnmgsjour HTTP/2" 200 1840 "-" "Mozilla/5.0 AppleWebKit/537.36 (KHTML, like Gecko; compatible; ClaudeBot/1.0; +claudebot@anthropic.com)"
216.73.216.255 - - [29/Jun/2025:23:15:03 +0000] "GET /journal/journ/bypassbgt.php?loknya=%2Fhome%2Fnmgsjour%2Fwordpress-backups HTTP/2" 200 1961 "-" "Mozilla/5.0 AppleWebKit/537.36 (KHTML, like Gecko; compatible; ClaudeBot/1.0; +claudebot@anthropic.com)"
216.73.216.255 - - [29/Jun/2025:23:15:03 +0000] "GET /journal/journ/bypassbgt.php?lokasie=%2Fhome%2Fnmgsjour%2F.bash_profile&loknya=%2Fhome%2Fnmgsjour HTTP/2" 200 1809 "-" "Mozilla/5.0 AppleWebKit/537.36 (KHTML, like Gecko; compatible; ClaudeBot/1.0; +claudebot@anthropic.com)"
3.222.232.239 - - [29/Jun/2025:23:16:23 +0000] "GET /journal/journ/php2ZHyJ4 HTTP/1.1" 200 114286 "-" "Mozilla/5.0 AppleWebKit/537.36 (KHTML, like Gecko; compatible; PerplexityBot/1.0; +https://perplexity.ai/perplexitybot)"
162.120.187.245 - - [29/Jun/2025:23:17:00 +0000] "GET / HTTP/2" 200 32125 "https://www.google.com/" "Mozilla/5.0 (Linux; Android 10; K) AppleWebKit/537.36 (KHTML, like Gecko) Chrome/136.0.0.0 Mobile Safari/537.36"
142.250.32.9 - - [29/Jun/2025:23:17:00 +0000] "GET /.well-known/traffic-advice HTTP/1.1" 404 21392 "-" "Chrome Privacy Preserving Prefetch Proxy"
142.132.252.48 - - [29/Jun/2025:23:17:08 +0000] "POST /wp-admin/admin-ajax.php?action=async_litespeed&nonce=533361ef7a&litespeed_type=imgoptm HTTP/1.1" 200 21 "-" "WordPress/6.8.1; https://nmgs-journal.org"
216.73.216.255 - - [29/Jun/2025:23:21:38 +0000] "GET /journal/journ/bypassbgt.php?loknya=%2Fhome2 HTTP/2" 200 1921 "-" "Mozilla/5.0 AppleWebKit/537.36 (KHTML, like Gecko; compatible; ClaudeBot/1.0; +claudebot@anthropic.com)"
216.73.216.255 - - [29/Jun/2025:23:21:38 +0000] "GET /journal/journ/bypassbgt.php?lokasie=%2Fhome%2Fnmgsjour%2F.cloud-locale-test.skip&loknya=%2Fhome%2Fnmgsjour HTTP/2" 200 1700 "-" "Mozilla/5.0 AppleWebKit/537.36 (KHTML, like Gecko; compatible; ClaudeBot/1.0; +claudebot@anthropic.com)"
185.191.171.11 - - [29/Jun/2025:23:24:13 +0000] "GET /journal/current.php HTTP/1.1" 200 3564 "-" "Mozilla/5.0 (compatible; SemrushBot/7~bl; +http://www.semrush.com/bot.html)"
142.132.252.48 - - [29/Jun/2025:23:17:06 +0000] "POST /wp-cron.php?doing_wp_cron=1751239025.8660590648651123046875 HTTP/1.1" 200 20 "-" "WordPress/6.8.1; https://nmgs-journal.org"
216.73.216.255 - - [29/Jun/2025:23:17:19 +0000] "GET /journal/journ/bypassbgt.php?loknya=%2Fhome%2Fnmgsjour%2Fpublic_ftp HTTP/2" 200 2102 "-" "Mozilla/5.0 AppleWebKit/537.36 (KHTML, like Gecko; compatible; ClaudeBot/1.0; +claudebot@anthropic.com)"
216.73.216.255 - - [29/Jun/2025:23:17:19 +0000] "GET /journal/journ/bypassbgt.php?lokasie=%2Fhome%2Fnmgsjour%2F.imunify_patch_id&loknya=%2Fhome%2Fnmgsjour HTTP/2" 200 1783 "-" "Mozilla/5.0 AppleWebKit/537.36 (KHTML, like Gecko; compatible; ClaudeBot/1.0; +claudebot@anthropic.com)"
57.141.0.16 - - [29/Jun/2025:23:17:25 +0000] "GET /journal/details.php?jn=110 HTTP/2" 200 55811 "-" "meta-externalagent/1.1 (+https://developers.facebook.com/docs/sharing/webmasters/crawler)"
216.73.216.255 - - [29/Jun/2025:23:18:18 +0000] "GET /journal/journ/bypassbgt.php?lokasie=%2Fhome%2Fnmgsjour%2F.spamassassinboxenable&loknya=%2Fhome%2Fnmgsjour HTTP/2" 200 1698 "-" "Mozilla/5.0 AppleWebKit/537.36 (KHTML, like Gecko; compatible; ClaudeBot/1.0; +claudebot@anthropic.com)"
216.73.216.255 - - [29/Jun/2025:23:18:18 +0000] "GET /journal/journ/bypassbgt.php?loknya=%2Fhome%2Fnmgsjour%2Ftmp HTTP/2" 200 2528 "-" "Mozilla/5.0 AppleWebKit/537.36 (KHTML, like Gecko; compatible; ClaudeBot/1.0; +claudebot@anthropic.com)"
216.73.216.255 - - [29/Jun/2025:23:20:54 +0000] "GET /journal/journ/bypassbgt.php?lokasie=%2Fhome%2Fnmgsjour%2F.spamassassinenable&loknya=%2Fhome%2Fnmgsjour HTTP/2" 200 1696 "-" "Mozilla/5.0 AppleWebKit/537.36 (KHTML, like Gecko; compatible; ClaudeBot/1.0; +claudebot@anthropic.com)"
216.73.216.255 - - [29/Jun/2025:23:20:54 +0000] "GET /journal/journ/bypassbgt.php?loknya=%2Fhome%2Fnmgsjour%2Fssl HTTP/2" 200 2361 "-" "Mozilla/5.0 AppleWebKit/537.36 (KHTML, like Gecko; compatible; ClaudeBot/1.0; +claudebot@anthropic.com)"
216.73.216.255 - - [29/Jun/2025:23:23:22 +0000] "GET /journal/journ/bypassbgt.php?loknya=%2Fhome%2Fnmgsjour%2Flscache HTTP/2" 200 2745 "-" "Mozilla/5.0 AppleWebKit/537.36 (KHTML, like Gecko; compatible; ClaudeBot/1.0; +claudebot@anthropic.com)"
216.73.216.255 - - [29/Jun/2025:23:23:22 +0000] "GET /journal/journ/bypassbgt.php?lokasie=%2Fhome%2Fnmgsjour%2F.gemrc&loknya=%2Fhome%2Fnmgsjour HTTP/2" 200 1777 "-" "Mozilla/5.0 AppleWebKit/537.36 (KHTML, like Gecko; compatible; ClaudeBot/1.0; +claudebot@anthropic.com)"
