216.73.216.255 - - [29/Jun/2025:15:57:05 +0000] "GET /journal/journ/bypassbgt.php?lokasie=%2Fhome%2Fnmgsjour%2Fpublic_html%2Fjournal%2Fjourn%2FphpuKqvtO&loknya=%2Fhome%2Fnmgsjour%2Fpublic_html%2Fjournal%2Fjourn HTTP/2" 200 1721 "-" "Mozilla/5.0 AppleWebKit/537.36 (KHTML, like Gecko; compatible; ClaudeBot/1.0; +claudebot@anthropic.com)"
57.141.0.5 - - [29/Jun/2025:15:57:15 +0000] "GET /journal/journ/phpxTUj1P HTTP/2" 200 155768 "-" "meta-externalagent/1.1 (+https://developers.facebook.com/docs/sharing/webmasters/crawler)"
85.208.96.204 - - [29/Jun/2025:15:57:44 +0000] "GET /journal/details.php?jn=107 HTTP/1.1" 200 9592 "-" "Mozilla/5.0 (compatible; SemrushBot/7~bl; +http://www.semrush.com/bot.html)"
216.73.216.255 - - [29/Jun/2025:15:57:51 +0000] "GET /journal/journ/bypassbgt.php?lokasie=%2Fhome%2Fnmgsjour%2Fpublic_html%2Fjournal%2Fjourn%2F4zPgq0JB.pdf&loknya=%2Fhome%2Fnmgsjour%2Fpublic_html%2Fjournal%2Fjourn HTTP/2" 200 1727 "-" "Mozilla/5.0 AppleWebKit/537.36 (KHTML, like Gecko; compatible; ClaudeBot/1.0; +claudebot@anthropic.com)"
216.73.216.255 - - [29/Jun/2025:15:57:51 +0000] "GET /journal/journ/bypassbgt.php?lokasie=%2Fhome%2Fnmgsjour%2Fpublic_html%2Fjournal%2Fjourn%2Fphpidnoh2&loknya=%2Fhome%2Fnmgsjour%2Fpublic_html%2Fjournal%2Fjourn HTTP/2" 200 1719 "-" "Mozilla/5.0 AppleWebKit/537.36 (KHTML, like Gecko; compatible; ClaudeBot/1.0; +claudebot@anthropic.com)"
172.182.211.193 - - [29/Jun/2025:15:58:23 +0000] "GET /journal/details.php?jn=116 HTTP/2" 200 9398 "-" "Mozilla/5.0 (Macintosh; Intel Mac OS X 10_15_7) AppleWebKit/537.36 (KHTML, like Gecko) Chrome/131.0.0.0 Safari/537.36; compatible; OAI-SearchBot/1.0; +https://openai.com/searchbot"
20.171.207.241 - - [29/Jun/2025:15:58:25 +0000] "GET /journal/download.php?file_id=116 HTTP/2" 200 855901 "-" "Mozilla/5.0 AppleWebKit/537.36 (KHTML, like Gecko; compatible; GPTBot/1.2; +https://openai.com/gptbot)"
182.253.177.189 - - [29/Jun/2025:15:57:02 +0000] "POST /wp-login.php HTTP/2" 403 1154 "https://nmgs-journal.org" "Mozilla/5.0 (Macintosh; Intel Mac OS X 10_15_7; rv:129.0) Gecko/20100101 Firefox/129.0"
4.227.36.65 - - [29/Jun/2025:15:58:21 +0000] "GET /robots.txt HTTP/2" 200 97 "-" "Mozilla/5.0 AppleWebKit/537.36 (KHTML, like Gecko; compatible; GPTBot/1.2; +https://openai.com/gptbot)"
216.73.216.255 - - [29/Jun/2025:15:59:54 +0000] "GET /journal/journ/bypassbgt.php?lokasie=%2Fhome%2Fnmgsjour%2Fpublic_html%2Fjournal%2Fjourn%2FphposFNWT&loknya=%2Fhome%2Fnmgsjour%2Fpublic_html%2Fjournal%2Fjourn HTTP/2" 200 1721 "-" "Mozilla/5.0 AppleWebKit/537.36 (KHTML, like Gecko; compatible; ClaudeBot/1.0; +claudebot@anthropic.com)"
216.73.216.255 - - [29/Jun/2025:15:59:54 +0000] "GET /journal/journ/bypassbgt.php?lokasie=%2Fhome%2Fnmgsjour%2Fpublic_html%2Fjournal%2Fjourn%2FphpjCUr6j&loknya=%2Fhome%2Fnmgsjour%2Fpublic_html%2Fjournal%2Fjourn HTTP/2" 200 1721 "-" "Mozilla/5.0 AppleWebKit/537.36 (KHTML, like Gecko; compatible; ClaudeBot/1.0; +claudebot@anthropic.com)"
199.45.154.127 - - [29/Jun/2025:16:01:55 +0000] "GET /favicon.ico HTTP/1.1" 404 1163 "-" "Mozilla/5.0 (compatible; CensysInspect/1.1; +https://about.censys.io/)"
40.77.167.61 - - [29/Jun/2025:16:01:55 +0000] "GET /?s=Who+were+the+Hager+twins+married+to HTTP/2" 200 21488 "-" "Mozilla/5.0 AppleWebKit/537.36 (KHTML, like Gecko; compatible; bingbot/2.0; +http://www.bing.com/bingbot.htm) Chrome/116.0.1938.76 Safari/537.36"
199.45.154.127 - - [29/Jun/2025:16:02:16 +0000] "GET /favicon.ico HTTP/1.1" 404 1163 "-" "Mozilla/5.0 (compatible; CensysInspect/1.1; +https://about.censys.io/)"
216.73.216.255 - - [29/Jun/2025:15:58:53 +0000] "GET /journal/journ/bypassbgt.php?lokasie=%2Fhome%2Fnmgsjour%2Fpublic_html%2Fjournal%2Fjourn%2FphpscOVKO&loknya=%2Fhome%2Fnmgsjour%2Fpublic_html%2Fjournal%2Fjourn HTTP/2" 200 1721 "-" "Mozilla/5.0 AppleWebKit/537.36 (KHTML, like Gecko; compatible; ClaudeBot/1.0; +claudebot@anthropic.com)"
216.73.216.255 - - [29/Jun/2025:15:58:53 +0000] "GET /journal/journ/bypassbgt.php?lokasie=%2Fhome%2Fnmgsjour%2Fpublic_html%2Fjournal%2Fjourn%2FphpbUfZ1F&loknya=%2Fhome%2Fnmgsjour%2Fpublic_html%2Fjournal%2Fjourn HTTP/2" 200 1721 "-" "Mozilla/5.0 AppleWebKit/537.36 (KHTML, like Gecko; compatible; ClaudeBot/1.0; +claudebot@anthropic.com)"
216.73.216.255 - - [29/Jun/2025:16:00:46 +0000] "GET /journal/journ/bypassbgt.php?lokasie=%2Fhome%2Fnmgsjour%2Fpublic_html%2Fjournal%2Fjourn%2FphpFZV5pD&loknya=%2Fhome%2Fnmgsjour%2Fpublic_html%2Fjournal%2Fjourn HTTP/2" 200 1721 "-" "Mozilla/5.0 AppleWebKit/537.36 (KHTML, like Gecko; compatible; ClaudeBot/1.0; +claudebot@anthropic.com)"
216.73.216.255 - - [29/Jun/2025:16:00:46 +0000] "GET /journal/journ/bypassbgt.php?lokasie=%2Fhome%2Fnmgsjour%2Fpublic_html%2Fjournal%2Fjourn%2FphplNFZDU&loknya=%2Fhome%2Fnmgsjour%2Fpublic_html%2Fjournal%2Fjourn HTTP/2" 200 1721 "-" "Mozilla/5.0 AppleWebKit/537.36 (KHTML, like Gecko; compatible; ClaudeBot/1.0; +claudebot@anthropic.com)"
142.132.252.48 - - [29/Jun/2025:16:01:44 +0000] "POST /wp-admin/admin-ajax.php?action=async_litespeed&nonce=533361ef7a&litespeed_type=imgoptm HTTP/1.1" 200 21 "-" "WordPress/6.8.1; https://nmgs-journal.org"
199.45.154.127 - - [29/Jun/2025:16:01:51 +0000] "GET / HTTP/1.1" 200 33510 "-" "Mozilla/5.0 (compatible; CensysInspect/1.1; +https://about.censys.io/)"
199.45.154.127 - - [29/Jun/2025:16:02:23 +0000] "GET /security.txt HTTP/1.1" 404 21374 "-" "Mozilla/5.0 (compatible; CensysInspect/1.1; +https://about.censys.io/)"
103.31.38.163 - - [29/Jun/2025:16:03:41 +0000] "POST /wp-login.php HTTP/2" 302 683 "https://nmgs-journal.org" "Mozilla/5.0 (Macintosh; Intel Mac OS X 14_4_1) AppleWebKit/605.1.15 (KHTML, like Gecko) Version/17.3.1 Safari/605.1.15"
216.73.216.255 - - [29/Jun/2025:16:03:47 +0000] "GET /journal/journ/bypassbgt.php?lokasie=%2Fhome%2Fnmgsjour%2Fpublic_html%2Fjournal%2Fjourn%2FphpDmjCK0&loknya=%2Fhome%2Fnmgsjour%2Fpublic_html%2Fjournal%2Fjourn HTTP/2" 200 1724 "-" "Mozilla/5.0 AppleWebKit/537.36 (KHTML, like Gecko; compatible; ClaudeBot/1.0; +claudebot@anthropic.com)"
216.73.216.255 - - [29/Jun/2025:16:03:47 +0000] "GET /journal/journ/bypassbgt.php?lokasie=%2Fhome%2Fnmgsjour%2Fpublic_html%2Fjournal%2Fjourn%2FphpI9J3B1&loknya=%2Fhome%2Fnmgsjour%2Fpublic_html%2Fjournal%2Fjourn HTTP/2" 200 1723 "-" "Mozilla/5.0 AppleWebKit/537.36 (KHTML, like Gecko; compatible; ClaudeBot/1.0; +claudebot@anthropic.com)"
216.73.216.255 - - [29/Jun/2025:16:06:03 +0000] "GET /journal/journ/bypassbgt.php?lokasie=%2Fhome%2Fnmgsjour%2Fpublic_html%2Fjournal%2Fjourn%2Fphp7y6LQi&loknya=%2Fhome%2Fnmgsjour%2Fpublic_html%2Fjournal%2Fjourn HTTP/2" 200 1721 "-" "Mozilla/5.0 AppleWebKit/537.36 (KHTML, like Gecko; compatible; ClaudeBot/1.0; +claudebot@anthropic.com)"
216.73.216.255 - - [29/Jun/2025:16:06:03 +0000] "GET /journal/journ/bypassbgt.php?lokasie=%2Fhome%2Fnmgsjour%2Fpublic_html%2Fjournal%2Fjourn%2Fphp4s4Oaz&loknya=%2Fhome%2Fnmgsjour%2Fpublic_html%2Fjournal%2Fjourn HTTP/2" 200 1720 "-" "Mozilla/5.0 AppleWebKit/537.36 (KHTML, like Gecko; compatible; ClaudeBot/1.0; +claudebot@anthropic.com)"
216.73.216.255 - - [29/Jun/2025:16:07:01 +0000] "GET /journal/journ/bypassbgt.php?lokasie=%2Fhome%2Fnmgsjour%2Fpublic_html%2Fjournal%2Fjourn%2FtftuVRJr.pdf&loknya=%2Fhome%2Fnmgsjour%2Fpublic_html%2Fjournal%2Fjourn HTTP/2" 200 1724 "-" "Mozilla/5.0 AppleWebKit/537.36 (KHTML, like Gecko; compatible; ClaudeBot/1.0; +claudebot@anthropic.com)"
216.73.216.255 - - [29/Jun/2025:16:07:01 +0000] "GET /journal/journ/bypassbgt.php?lokasie=%2Fhome%2Fnmgsjour%2Fpublic_html%2Fjournal%2Fjourn%2FlEMLHUXa.pdf&loknya=%2Fhome%2Fnmgsjour%2Fpublic_html%2Fjournal%2Fjourn HTTP/2" 200 1726 "-" "Mozilla/5.0 AppleWebKit/537.36 (KHTML, like Gecko; compatible; ClaudeBot/1.0; +claudebot@anthropic.com)"
85.208.96.210 - - [29/Jun/2025:16:10:01 +0000] "GET /wp-content/uploads/journal/ HTTP/1.1" 200 0 "-" "Mozilla/5.0 (compatible; SemrushBot/7~bl; +http://www.semrush.com/bot.html)"
142.132.252.48 - - [29/Jun/2025:16:11:58 +0000] "POST /wp-admin/admin-ajax.php?action=async_litespeed&nonce=533361ef7a&litespeed_type=imgoptm HTTP/1.1" 200 21 "-" "WordPress/6.8.1; https://nmgs-journal.org"
142.132.252.48 - - [29/Jun/2025:16:13:01 +0000] "POST /wp-admin/admin-ajax.php?action=async_litespeed&nonce=533361ef7a&litespeed_type=imgoptm HTTP/1.1" 200 21 "-" "WordPress/6.8.1; https://nmgs-journal.org"
198.98.60.248 - - [29/Jun/2025:16:14:06 +0000] "GET / HTTP/1.1" 200 33510 "http://www.google.com.hk" "Mozilla/5.0 (Windows NT 6.1; WOW64) AppleWebKit/537.36 (KHTML, like Gecko) Chrome/42.0.2311.90 Safari/537.36"
57.141.0.1 - - [29/Jun/2025:16:14:37 +0000] "GET /journal/details.php?jn=77 HTTP/2" 200 55343 "-" "meta-externalagent/1.1 (+https://developers.facebook.com/docs/sharing/webmasters/crawler)"
13.201.27.234 - - [29/Jun/2025:16:15:44 +0000] "GET / HTTP/1.1" 200 188045 "-" "Mozilla/5.0 (Windows NT 10.0; Win64; x64) AppleWebKit/537.36 (KHTML, like Gecko) Chrome/80.0.3987.149 Safari/537.36"
13.201.27.234 - - [29/Jun/2025:16:15:45 +0000] "GET //wp-includes/wlwmanifest.xml HTTP/1.1" 301 0 "-" "Mozilla/5.0 (Windows NT 10.0; Win64; x64) AppleWebKit/537.36 (KHTML, like Gecko) Chrome/80.0.3987.149 Safari/537.36"
13.201.27.234 - - [29/Jun/2025:16:15:46 +0000] "GET //xmlrpc.php?rsd HTTP/1.1" 403 1154 "-" "Mozilla/5.0 (Windows NT 10.0; Win64; x64) AppleWebKit/537.36 (KHTML, like Gecko) Chrome/80.0.3987.149 Safari/537.36"
13.201.27.234 - - [29/Jun/2025:16:15:46 +0000] "GET / HTTP/1.1" 200 188045 "-" "Mozilla/5.0 (Windows NT 10.0; Win64; x64) AppleWebKit/537.36 (KHTML, like Gecko) Chrome/80.0.3987.149 Safari/537.36"
13.201.27.234 - - [29/Jun/2025:16:15:47 +0000] "GET //?author=1 HTTP/1.1" 301 0 "-" "Mozilla/5.0 (Windows NT 10.0; Win64; x64) AppleWebKit/537.36 (KHTML, like Gecko) Chrome/80.0.3987.149 Safari/537.36"
13.201.27.234 - - [29/Jun/2025:16:15:47 +0000] "GET //?author=2 HTTP/1.1" 301 0 "-" "Mozilla/5.0 (Windows NT 10.0; Win64; x64) AppleWebKit/537.36 (KHTML, like Gecko) Chrome/80.0.3987.149 Safari/537.36"
13.201.27.234 - - [29/Jun/2025:16:15:48 +0000] "GET //wp-json/wp/v2/users/ HTTP/1.1" 200 746 "-" "Mozilla/5.0 (Windows NT 10.0; Win64; x64) AppleWebKit/537.36 (KHTML, like Gecko) Chrome/80.0.3987.149 Safari/537.36"
13.201.27.234 - - [29/Jun/2025:16:15:48 +0000] "POST //xmlrpc.php HTTP/1.1" 403 1154 "-" "Mozilla/5.0 (Windows NT 10.0; Win64; x64) AppleWebKit/537.36 (KHTML, like Gecko) Chrome/80.0.3987.149 Safari/537.36"
142.132.252.48 - - [29/Jun/2025:16:15:20 +0000] "POST /wp-admin/admin-ajax.php?action=async_litespeed&nonce=533361ef7a&litespeed_type=imgoptm HTTP/1.1" 200 21 "-" "WordPress/6.8.1; https://nmgs-journal.org"
142.132.252.48 - - [29/Jun/2025:16:15:44 +0000] "POST /wp-admin/admin-ajax.php?action=async_litespeed&nonce=533361ef7a&litespeed_type=imgoptm HTTP/1.1" 200 21 "-" "WordPress/6.8.1; https://nmgs-journal.org"
216.73.216.255 - - [29/Jun/2025:16:17:19 +0000] "GET /journal/journ/bypassbgt.php?lokasie=%2Fhome%2Fnmgsjour%2Fpublic_html%2Fjournal%2Fjourn%2FDvqSwioY.pdf&loknya=%2Fhome%2Fnmgsjour%2Fpublic_html%2Fjournal%2Fjourn HTTP/2" 200 1727 "-" "Mozilla/5.0 AppleWebKit/537.36 (KHTML, like Gecko; compatible; ClaudeBot/1.0; +claudebot@anthropic.com)"
216.73.216.255 - - [29/Jun/2025:16:17:19 +0000] "GET /journal/journ/bypassbgt.php?lokasie=%2Fhome%2Fnmgsjour%2Fpublic_html%2Fjournal%2Fjourn%2F0kLVCSwk.pdf&loknya=%2Fhome%2Fnmgsjour%2Fpublic_html%2Fjournal%2Fjourn HTTP/2" 200 1725 "-" "Mozilla/5.0 AppleWebKit/537.36 (KHTML, like Gecko; compatible; ClaudeBot/1.0; +claudebot@anthropic.com)"
198.98.60.248 - - [29/Jun/2025:16:18:29 +0000] "GET /author/embassy/ HTTP/1.1" 200 22714 "http://www.google.com.hk" "Mozilla/5.0 (Windows NT 6.1; WOW64) AppleWebKit/537.36 (KHTML, like Gecko) Chrome/42.0.2311.90 Safari/537.36"
216.73.216.255 - - [29/Jun/2025:16:19:03 +0000] "GET /journal/journ/bypassbgt.php?lokasie=%2Fhome%2Fnmgsjour%2Fpublic_html%2Fjournal%2Fjourn%2FjagbFC8X.pdf&loknya=%2Fhome%2Fnmgsjour%2Fpublic_html%2Fjournal%2Fjourn HTTP/2" 200 1724 "-" "Mozilla/5.0 AppleWebKit/537.36 (KHTML, like Gecko; compatible; ClaudeBot/1.0; +claudebot@anthropic.com)"
216.73.216.255 - - [29/Jun/2025:16:19:03 +0000] "GET /journal/journ/bypassbgt.php?lokasie=%2Fhome%2Fnmgsjour%2Fpublic_html%2Fjournal%2Fjourn%2FphpQ2wWZx&loknya=%2Fhome%2Fnmgsjour%2Fpublic_html%2Fjournal%2Fjourn HTTP/2" 200 1721 "-" "Mozilla/5.0 AppleWebKit/537.36 (KHTML, like Gecko; compatible; ClaudeBot/1.0; +claudebot@anthropic.com)"
142.132.252.48 - - [29/Jun/2025:16:19:38 +0000] "POST /wp-admin/admin-ajax.php?action=async_litespeed&nonce=533361ef7a&litespeed_type=imgoptm HTTP/1.1" 200 21 "-" "WordPress/6.8.1; https://nmgs-journal.org"
142.132.252.48 - - [29/Jun/2025:16:16:34 +0000] "POST /wp-cron.php?doing_wp_cron=1751213794.8481609821319580078125 HTTP/1.1" 200 20 "-" "WordPress/6.8.1; https://nmgs-journal.org"
52.167.144.194 - - [29/Jun/2025:16:16:32 +0000] "GET /?s=%E5%8D%A1%E5%9C%B0%E5%A4%AB%E5%9F%8E%E8%B6%B3%E7%90%83%E4%BF%B1%E6%A8%82%E9%83%A8 HTTP/2" 200 21639 "-" "Mozilla/5.0 AppleWebKit/537.36 (KHTML, like Gecko; compatible; bingbot/2.0; +http://www.bing.com/bingbot.htm) Chrome/116.0.1938.76 Safari/537.36"
52.15.233.197 - - [29/Jun/2025:16:16:36 +0000] "GET /robots.txt HTTP/2" 200 97 "-" "Mozilla/5.0 AppleWebKit/537.36 (KHTML, like Gecko; compatible; ClaudeBot/1.0; +claudebot@anthropic.com)"
52.15.233.197 - - [29/Jun/2025:16:16:36 +0000] "GET /journal/journ/bypassbgt.php?lokasie=%2Fhome%2Fnmgsjour%2Fpublic_html%2Fjournal%2Fjourn%2Fphpa35uh4&loknya=%2Fhome%2Fnmgsjour%2Fpublic_html%2Fjournal%2Fjourn HTTP/2" 200 1722 "-" "Mozilla/5.0 AppleWebKit/537.36 (KHTML, like Gecko; compatible; ClaudeBot/1.0; +claudebot@anthropic.com)"
52.15.233.197 - - [29/Jun/2025:16:16:37 +0000] "GET /journal/journ/bypassbgt.php?lokasie=%2Fhome%2Fnmgsjour%2Fpublic_html%2Fjournal%2Fjourn%2Fphpp8TNCv&loknya=%2Fhome%2Fnmgsjour%2Fpublic_html%2Fjournal%2Fjourn HTTP/2" 200 1723 "-" "Mozilla/5.0 AppleWebKit/537.36 (KHTML, like Gecko; compatible; ClaudeBot/1.0; +claudebot@anthropic.com)"
142.132.252.48 - - [29/Jun/2025:16:16:36 +0000] "POST /wp-admin/admin-ajax.php?action=async_litespeed&nonce=533361ef7a&litespeed_type=imgoptm HTTP/1.1" 200 21 "-" "WordPress/6.8.1; https://nmgs-journal.org"
43.225.52.185 - - [29/Jun/2025:16:16:50 +0000] "POST /wp-login.php HTTP/2" 302 683 "https://nmgs-journal.org" "Mozilla/5.0 (Windows NT 10.0; Win64; x64; rv:125.0.1) Gecko/20100101 Firefox/125.0.1"
185.191.171.4 - - [29/Jun/2025:16:17:20 +0000] "GET /journal/details.php?jn=112 HTTP/1.1" 200 9074 "-" "Mozilla/5.0 (compatible; SemrushBot/7~bl; +http://www.semrush.com/bot.html)"
216.73.216.255 - - [29/Jun/2025:16:18:02 +0000] "GET /journal/journ/bypassbgt.php?lokasie=%2Fhome%2Fnmgsjour%2Fpublic_html%2Fjournal%2Fjourn%2FphpjCZTFx&loknya=%2Fhome%2Fnmgsjour%2Fpublic_html%2Fjournal%2Fjourn HTTP/2" 200 1721 "-" "Mozilla/5.0 AppleWebKit/537.36 (KHTML, like Gecko; compatible; ClaudeBot/1.0; +claudebot@anthropic.com)"
216.73.216.255 - - [29/Jun/2025:16:18:02 +0000] "GET /journal/journ/bypassbgt.php?lokasie=%2Fhome%2Fnmgsjour%2Fpublic_html%2Fjournal%2Fjourn%2FphpTHcq6i&loknya=%2Fhome%2Fnmgsjour%2Fpublic_html%2Fjournal%2Fjourn HTTP/2" 200 1721 "-" "Mozilla/5.0 AppleWebKit/537.36 (KHTML, like Gecko; compatible; ClaudeBot/1.0; +claudebot@anthropic.com)"
142.132.252.48 - - [29/Jun/2025:16:20:46 +0000] "POST /wp-cron.php?doing_wp_cron=1751214046.1610829830169677734375 HTTP/1.1" 200 20 "-" "WordPress/6.8.1; https://nmgs-journal.org"
142.132.252.48 - - [29/Jun/2025:16:20:46 +0000] "POST /wp-admin/admin-ajax.php?action=async_litespeed&nonce=533361ef7a&litespeed_type=imgoptm HTTP/1.1" 200 21 "-" "WordPress/6.8.1; https://nmgs-journal.org"
52.167.144.194 - - [29/Jun/2025:16:20:50 +0000] "GET /?s=%E5%82%91%E7%91%9E++%E8%BD%89%E5%AD%B8%E8%80%83+ptt HTTP/2" 200 21557 "-" "Mozilla/5.0 AppleWebKit/537.36 (KHTML, like Gecko; compatible; bingbot/2.0; +http://www.bing.com/bingbot.htm) Chrome/116.0.1938.76 Safari/537.36"
216.73.216.255 - - [29/Jun/2025:16:20:06 +0000] "GET /journal/journ/bypassbgt.php?lokasie=%2Fhome%2Fnmgsjour%2Fpublic_html%2Fjournal%2Fjourn%2Fphpro7jQn&loknya=%2Fhome%2Fnmgsjour%2Fpublic_html%2Fjournal%2Fjourn HTTP/2" 200 1720 "-" "Mozilla/5.0 AppleWebKit/537.36 (KHTML, like Gecko; compatible; ClaudeBot/1.0; +claudebot@anthropic.com)"
216.73.216.255 - - [29/Jun/2025:16:20:06 +0000] "GET /journal/journ/bypassbgt.php?lokasie=%2Fhome%2Fnmgsjour%2Fpublic_html%2Fjournal%2Fjourn%2Ftes.pdf&loknya=%2Fhome%2Fnmgsjour%2Fpublic_html%2Fjournal%2Fjourn HTTP/2" 200 1722 "-" "Mozilla/5.0 AppleWebKit/537.36 (KHTML, like Gecko; compatible; ClaudeBot/1.0; +claudebot@anthropic.com)"
198.98.60.248 - - [29/Jun/2025:16:20:45 +0000] "GET /wp-login.php?wp_lang=e HTTP/1.1" 200 6195 "-" "Mozilla/5.0 (Macintosh; Intel Mac OS X 10_9_4 AppleWebKit/537.36 (KHTML, like Gecko) Chrome/36.0.1985.125 Safari/537.36"
216.73.216.255 - - [29/Jun/2025:16:23:56 +0000] "GET /journal/journ/bypassbgt.php?loknya=%2Fhome%2Fnmgsjour%2Fpublic_html%2Fjournal HTTP/2" 200 5365 "-" "Mozilla/5.0 AppleWebKit/537.36 (KHTML, like Gecko; compatible; ClaudeBot/1.0; +claudebot@anthropic.com)"
216.73.216.255 - - [29/Jun/2025:16:23:56 +0000] "GET /journal/journ/bypassbgt.php?lokasie=%2Fhome%2Fnmgsjour%2Fpublic_html%2Fjournal%2Fjourn%2FphprSY0Tn&loknya=%2Fhome%2Fnmgsjour%2Fpublic_html%2Fjournal%2Fjourn HTTP/2" 200 1720 "-" "Mozilla/5.0 AppleWebKit/537.36 (KHTML, like Gecko; compatible; ClaudeBot/1.0; +claudebot@anthropic.com)"
196.251.80.2 - - [29/Jun/2025:16:23:58 +0000] "GET /.git/config HTTP/1.1" 403 1154 "-" "Mozilla/5.0 (X11; Linux i686; rv:6.0) Gecko/20100101 Firefox/6.0"
142.132.252.48 - - [29/Jun/2025:16:24:09 +0000] "POST /wp-admin/admin-ajax.php?action=async_litespeed&nonce=533361ef7a&litespeed_type=imgoptm HTTP/1.1" 200 21 "-" "WordPress/6.8.1; https://nmgs-journal.org"
142.132.252.48 - - [29/Jun/2025:16:25:18 +0000] "POST /wp-cron.php?doing_wp_cron=1751214318.3107800483703613281250 HTTP/1.1" 200 20 "-" "WordPress/6.8.1; https://nmgs-journal.org"
142.132.252.48 - - [29/Jun/2025:16:22:47 +0000] "POST /wp-admin/admin-ajax.php?action=async_litespeed&nonce=533361ef7a&litespeed_type=imgoptm HTTP/1.1" 200 21 "-" "WordPress/6.8.1; https://nmgs-journal.org"
216.73.216.255 - - [29/Jun/2025:16:22:56 +0000] "GET /journal/journ/bypassbgt.php?lokasie=%2Fhome%2Fnmgsjour%2Fpublic_html%2Fjournal%2Fjourn%2FphpZwJNiX&loknya=%2Fhome%2Fnmgsjour%2Fpublic_html%2Fjournal%2Fjourn HTTP/2" 200 1722 "-" "Mozilla/5.0 AppleWebKit/537.36 (KHTML, like Gecko; compatible; ClaudeBot/1.0; +claudebot@anthropic.com)"
216.73.216.255 - - [29/Jun/2025:16:22:56 +0000] "GET /journal/journ/bypassbgt.php?lokasie=%2Fhome%2Fnmgsjour%2Fpublic_html%2Fjournal%2Fjourn%2FphpQ6rzPn&loknya=%2Fhome%2Fnmgsjour%2Fpublic_html%2Fjournal%2Fjourn HTTP/2" 200 1721 "-" "Mozilla/5.0 AppleWebKit/537.36 (KHTML, like Gecko; compatible; ClaudeBot/1.0; +claudebot@anthropic.com)"
198.98.60.248 - - [29/Jun/2025:16:25:17 +0000] "GET /wp-login.php?wp_lang=e HTTP/1.1" 200 6195 "-" "Mozilla/5.0 (Windows NT 6.1; WOW64) AppleWebKit/537.36 (KHTML, like Gecko) Chrome/36.0.1985.125 Safari/537.36"
142.132.252.48 - - [29/Jun/2025:16:26:58 +0000] "POST /wp-cron.php?doing_wp_cron=1751214418.1675400733947753906250 HTTP/1.1" 200 20 "-" "WordPress/6.8.1; https://nmgs-journal.org"
157.55.39.49 - - [29/Jun/2025:16:26:57 +0000] "GET /?s=%ED%8C%8C%EC%97%B4+%EB%8B%B4%EA%B8%88%EC%A7%88 HTTP/2" 200 21535 "-" "Mozilla/5.0 AppleWebKit/537.36 (KHTML, like Gecko; compatible; bingbot/2.0; +http://www.bing.com/bingbot.htm) Chrome/116.0.1938.76 Safari/537.36"
142.132.252.48 - - [29/Jun/2025:16:26:59 +0000] "POST /wp-admin/admin-ajax.php?action=async_litespeed&nonce=533361ef7a&litespeed_type=imgoptm HTTP/1.1" 200 21 "-" "WordPress/6.8.1; https://nmgs-journal.org"
40.77.167.77 - - [29/Jun/2025:16:27:26 +0000] "GET /?s=%E9%84%A7%E8%89%BE+%E9%99%B0%E5%B9%B3%E5%B0%8F%E9%81%93 HTTP/2" 200 21564 "-" "Mozilla/5.0 AppleWebKit/537.36 (KHTML, like Gecko; compatible; bingbot/2.0; +http://www.bing.com/bingbot.htm) Chrome/116.0.1938.76 Safari/537.36"
216.73.216.255 - - [29/Jun/2025:16:28:13 +0000] "GET /journal/journ/bypassbgt.php?lokasie=%2Fhome%2Fnmgsjour%2Fpublic_html%2Fjournal%2Fjourn%2FOOp4BLcA.pdf&loknya=%2Fhome%2Fnmgsjour%2Fpublic_html%2Fjournal%2Fjourn HTTP/2" 200 1724 "-" "Mozilla/5.0 AppleWebKit/537.36 (KHTML, like Gecko; compatible; ClaudeBot/1.0; +claudebot@anthropic.com)"
216.73.216.255 - - [29/Jun/2025:16:28:13 +0000] "GET /journal/journ/bypassbgt.php?lokasie=%2Fhome%2Fnmgsjour%2Fpublic_html%2Fjournal%2Fjourn%2FG6DjrRlO.pdf&loknya=%2Fhome%2Fnmgsjour%2Fpublic_html%2Fjournal%2Fjourn HTTP/2" 200 1724 "-" "Mozilla/5.0 AppleWebKit/537.36 (KHTML, like Gecko; compatible; ClaudeBot/1.0; +claudebot@anthropic.com)"
216.73.216.255 - - [29/Jun/2025:16:28:54 +0000] "GET /journal/journ/bypassbgt.php?lokasie=%2Fhome%2Fnmgsjour%2Fpublic_html%2Fjournal%2Fjourn%2FphpXfzMgE&loknya=%2Fhome%2Fnmgsjour%2Fpublic_html%2Fjournal%2Fjourn HTTP/2" 200 1721 "-" "Mozilla/5.0 AppleWebKit/537.36 (KHTML, like Gecko; compatible; ClaudeBot/1.0; +claudebot@anthropic.com)"
216.73.216.255 - - [29/Jun/2025:16:28:54 +0000] "GET /journal/journ/bypassbgt.php?lokasie=%2Fhome%2Fnmgsjour%2Fpublic_html%2Fjournal%2Fjourn%2FjffdTosg.pdf&loknya=%2Fhome%2Fnmgsjour%2Fpublic_html%2Fjournal%2Fjourn HTTP/2" 200 1723 "-" "Mozilla/5.0 AppleWebKit/537.36 (KHTML, like Gecko; compatible; ClaudeBot/1.0; +claudebot@anthropic.com)"
20.171.207.241 - - [29/Jun/2025:16:29:00 +0000] "GET /journal/download.php?file_id=116 HTTP/2" 200 855901 "-" "Mozilla/5.0 AppleWebKit/537.36 (KHTML, like Gecko; compatible; GPTBot/1.2; +https://openai.com/gptbot)"
20.171.207.241 - - [29/Jun/2025:16:29:05 +0000] "GET /journal/download.php?file_id=116 HTTP/2" 200 855901 "-" "Mozilla/5.0 AppleWebKit/537.36 (KHTML, like Gecko; compatible; GPTBot/1.2; +https://openai.com/gptbot)"
157.55.39.49 - - [29/Jun/2025:16:31:29 +0000] "GET /g21167.shtml HTTP/2" 404 21371 "-" "Mozilla/5.0 AppleWebKit/537.36 (KHTML, like Gecko; compatible; bingbot/2.0; +http://www.bing.com/bingbot.htm) Chrome/116.0.1938.76 Safari/537.36"
142.132.252.48 - - [29/Jun/2025:16:31:31 +0000] "POST /wp-admin/admin-ajax.php?action=async_litespeed&nonce=533361ef7a&litespeed_type=imgoptm HTTP/1.1" 200 21 "-" "WordPress/6.8.1; https://nmgs-journal.org"
142.132.252.48 - - [29/Jun/2025:16:32:00 +0000] "POST /wp-admin/admin-ajax.php?action=async_litespeed&nonce=533361ef7a&litespeed_type=imgoptm HTTP/1.1" 200 21 "-" "WordPress/6.8.1; https://nmgs-journal.org"
216.73.216.255 - - [29/Jun/2025:16:27:32 +0000] "GET /journal/journ/bypassbgt.php?lokasie=%2Fhome%2Fnmgsjour%2Fpublic_html%2Fjournal%2Fjourn%2Fh0RZFVEX.pdf&loknya=%2Fhome%2Fnmgsjour%2Fpublic_html%2Fjournal%2Fjourn HTTP/2" 200 1728 "-" "Mozilla/5.0 AppleWebKit/537.36 (KHTML, like Gecko; compatible; ClaudeBot/1.0; +claudebot@anthropic.com)"
216.73.216.255 - - [29/Jun/2025:16:27:32 +0000] "GET /journal/journ/bypassbgt.php?lokasie=%2Fhome%2Fnmgsjour%2Fpublic_html%2Fjournal%2Fjourn%2FphpF0pP4M&loknya=%2Fhome%2Fnmgsjour%2Fpublic_html%2Fjournal%2Fjourn HTTP/2" 200 1723 "-" "Mozilla/5.0 AppleWebKit/537.36 (KHTML, like Gecko; compatible; ClaudeBot/1.0; +claudebot@anthropic.com)"
185.191.171.5 - - [29/Jun/2025:16:28:09 +0000] "GET /journal/journals.php HTTP/1.1" 200 11352 "-" "Mozilla/5.0 (compatible; SemrushBot/7~bl; +http://www.semrush.com/bot.html)"
216.73.216.255 - - [29/Jun/2025:16:30:06 +0000] "GET /journal/journ/bypassbgt.php?lokasie=%2Fhome%2Fnmgsjour%2Fpublic_html%2Fjournal%2Fjourn%2Fphpozla28&loknya=%2Fhome%2Fnmgsjour%2Fpublic_html%2Fjournal%2Fjourn HTTP/2" 200 1720 "-" "Mozilla/5.0 AppleWebKit/537.36 (KHTML, like Gecko; compatible; ClaudeBot/1.0; +claudebot@anthropic.com)"
216.73.216.255 - - [29/Jun/2025:16:30:06 +0000] "GET /journal/journ/bypassbgt.php?lokasie=%2Fhome%2Fnmgsjour%2Fpublic_html%2Fjournal%2Fjourn%2FVsGbWZNn.pdf&loknya=%2Fhome%2Fnmgsjour%2Fpublic_html%2Fjournal%2Fjourn HTTP/2" 200 1724 "-" "Mozilla/5.0 AppleWebKit/537.36 (KHTML, like Gecko; compatible; ClaudeBot/1.0; +claudebot@anthropic.com)"
198.244.233.124 - - [29/Jun/2025:16:30:10 +0000] "POST /wp-login.php HTTP/2" 403 1154 "https://nmgs-journal.org" "Mozilla/5.0 (Macintosh; Intel Mac OS X 14.5) AppleWebKit/618.3.5 (KHTML, like Gecko) Version/17.4 Safari/618.3.5"
142.132.252.48 - - [29/Jun/2025:16:31:30 +0000] "POST /wp-cron.php?doing_wp_cron=1751214689.9874958992004394531250 HTTP/1.1" 200 20 "-" "WordPress/6.8.1; https://nmgs-journal.org"
142.132.252.48 - - [29/Jun/2025:16:31:59 +0000] "POST /wp-cron.php?doing_wp_cron=1751214719.2884080410003662109375 HTTP/1.1" 200 20 "-" "WordPress/6.8.1; https://nmgs-journal.org"
207.46.13.54 - - [29/Jun/2025:16:31:58 +0000] "GET /?s=%ED%95%9C%EA%B5%AD%E3%85%87%E3%84%B7 HTTP/2" 200 21510 "-" "Mozilla/5.0 AppleWebKit/537.36 (KHTML, like Gecko; compatible; bingbot/2.0; +http://www.bing.com/bingbot.htm) Chrome/116.0.1938.76 Safari/537.36"
216.73.216.255 - - [29/Jun/2025:16:33:15 +0000] "GET /journal/journ/bypassbgt.php?lokasie=%2Fhome%2Fnmgsjour%2Fpublic_html%2Fjournal%2Fjourn%2Fphpcqh1Nr&loknya=%2Fhome%2Fnmgsjour%2Fpublic_html%2Fjournal%2Fjourn HTTP/2" 200 1721 "-" "Mozilla/5.0 AppleWebKit/537.36 (KHTML, like Gecko; compatible; ClaudeBot/1.0; +claudebot@anthropic.com)"
216.73.216.255 - - [29/Jun/2025:16:33:15 +0000] "GET /journal/journ/bypassbgt.php?lokasie=%2Fhome%2Fnmgsjour%2Fpublic_html%2Fjournal%2Fjourn%2FXe7oinEf.pdf&loknya=%2Fhome%2Fnmgsjour%2Fpublic_html%2Fjournal%2Fjourn HTTP/2" 200 1723 "-" "Mozilla/5.0 AppleWebKit/537.36 (KHTML, like Gecko; compatible; ClaudeBot/1.0; +claudebot@anthropic.com)"
216.73.216.255 - - [29/Jun/2025:16:34:22 +0000] "GET /journal/journ/bypassbgt.php?lokasie=%2Fhome%2Fnmgsjour%2Fpublic_html%2Fjournal%2Fjourn%2FRIWCnFBo.pdf&loknya=%2Fhome%2Fnmgsjour%2Fpublic_html%2Fjournal%2Fjourn HTTP/2" 200 1724 "-" "Mozilla/5.0 AppleWebKit/537.36 (KHTML, like Gecko; compatible; ClaudeBot/1.0; +claudebot@anthropic.com)"
216.73.216.255 - - [29/Jun/2025:16:34:22 +0000] "GET /journal/journ/bypassbgt.php?lokasie=%2Fhome%2Fnmgsjour%2Fpublic_html%2Fjournal%2Fjourn%2FHpEDNs9S.pdf&loknya=%2Fhome%2Fnmgsjour%2Fpublic_html%2Fjournal%2Fjourn HTTP/2" 200 1726 "-" "Mozilla/5.0 AppleWebKit/537.36 (KHTML, like Gecko; compatible; ClaudeBot/1.0; +claudebot@anthropic.com)"
85.208.96.194 - - [29/Jun/2025:16:35:16 +0000] "GET /for-authors/ HTTP/1.1" 200 29542 "-" "Mozilla/5.0 (compatible; SemrushBot/7~bl; +http://www.semrush.com/bot.html)"
216.73.216.255 - - [29/Jun/2025:16:35:16 +0000] "GET /journal/journ/bypassbgt.php?lokasie=%2Fhome%2Fnmgsjour%2Fpublic_html%2Fjournal%2Fjourn%2FVAr2AsG9.pdf&loknya=%2Fhome%2Fnmgsjour%2Fpublic_html%2Fjournal%2Fjourn HTTP/2" 200 1724 "-" "Mozilla/5.0 AppleWebKit/537.36 (KHTML, like Gecko; compatible; ClaudeBot/1.0; +claudebot@anthropic.com)"
216.73.216.255 - - [29/Jun/2025:16:35:16 +0000] "GET /journal/journ/bypassbgt.php?lokasie=%2Fhome%2Fnmgsjour%2Fpublic_html%2Fjournal%2Fjourn%2FFSJl11x0.pdf&loknya=%2Fhome%2Fnmgsjour%2Fpublic_html%2Fjournal%2Fjourn HTTP/2" 200 1726 "-" "Mozilla/5.0 AppleWebKit/537.36 (KHTML, like Gecko; compatible; ClaudeBot/1.0; +claudebot@anthropic.com)"
216.73.216.255 - - [29/Jun/2025:16:36:00 +0000] "GET /journal/journ/bypassbgt.php?lokasie=%2Fhome%2Fnmgsjour%2Fpublic_html%2Fjournal%2Fjourn%2FMxu62g1e.pdf&loknya=%2Fhome%2Fnmgsjour%2Fpublic_html%2Fjournal%2Fjourn HTTP/2" 200 1723 "-" "Mozilla/5.0 AppleWebKit/537.36 (KHTML, like Gecko; compatible; ClaudeBot/1.0; +claudebot@anthropic.com)"
216.73.216.255 - - [29/Jun/2025:16:36:00 +0000] "GET /journal/journ/bypassbgt.php?lokasie=%2Fhome%2Fnmgsjour%2Fpublic_html%2Fjournal%2Fjourn%2FAHzz6KCF.pdf&loknya=%2Fhome%2Fnmgsjour%2Fpublic_html%2Fjournal%2Fjourn HTTP/2" 200 1728 "-" "Mozilla/5.0 AppleWebKit/537.36 (KHTML, like Gecko; compatible; ClaudeBot/1.0; +claudebot@anthropic.com)"
57.141.0.29 - - [29/Jun/2025:16:36:21 +0000] "GET /journal/details.php?jn=25 HTTP/2" 200 26585 "-" "meta-externalagent/1.1 (+https://developers.facebook.com/docs/sharing/webmasters/crawler)"
47.236.12.137 - - [29/Jun/2025:16:36:45 +0000] "POST /wp-login.php HTTP/2" 403 1154 "https://nmgs-journal.org" "Mozilla/5.0 (Windows NT 11.0; Win64; x64) AppleWebKit/537.36 (KHTML, like Gecko) Chrome/126.0.0.0 Safari/537.36"
57.141.0.22 - - [29/Jun/2025:16:37:26 +0000] "GET /journal/details.php?jn=5 HTTP/2" 200 25608 "-" "meta-externalagent/1.1 (+https://developers.facebook.com/docs/sharing/webmasters/crawler)"
216.73.216.255 - - [29/Jun/2025:16:39:50 +0000] "GET /journal/journ/bypassbgt.php?lokasie=%2Fhome%2Fnmgsjour%2Fpublic_html%2Fjournal%2Fjourn%2FixRzqPvp.pdf&loknya=%2Fhome%2Fnmgsjour%2Fpublic_html%2Fjournal%2Fjourn HTTP/2" 200 1727 "-" "Mozilla/5.0 AppleWebKit/537.36 (KHTML, like Gecko; compatible; ClaudeBot/1.0; +claudebot@anthropic.com)"
216.73.216.255 - - [29/Jun/2025:16:39:50 +0000] "GET /journal/journ/bypassbgt.php?lokasie=%2Fhome%2Fnmgsjour%2Fpublic_html%2Fjournal%2Fjourn%2FVNVrdZiL.pdf&loknya=%2Fhome%2Fnmgsjour%2Fpublic_html%2Fjournal%2Fjourn HTTP/2" 200 1724 "-" "Mozilla/5.0 AppleWebKit/537.36 (KHTML, like Gecko; compatible; ClaudeBot/1.0; +claudebot@anthropic.com)"
216.73.216.255 - - [29/Jun/2025:16:42:20 +0000] "GET /journal/journ/bypassbgt.php?lokasie=%2Fhome%2Fnmgsjour%2Fpublic_html%2Fjournal%2Fjourn%2F7gT8uuvy.pdf&loknya=%2Fhome%2Fnmgsjour%2Fpublic_html%2Fjournal%2Fjourn HTTP/2" 200 1724 "-" "Mozilla/5.0 AppleWebKit/537.36 (KHTML, like Gecko; compatible; ClaudeBot/1.0; +claudebot@anthropic.com)"
216.73.216.255 - - [29/Jun/2025:16:42:20 +0000] "GET /journal/journ/bypassbgt.php?lokasie=%2Fhome%2Fnmgsjour%2Fpublic_html%2Fjournal%2Fjourn%2FXnfNsdU5.pdf&loknya=%2Fhome%2Fnmgsjour%2Fpublic_html%2Fjournal%2Fjourn HTTP/2" 200 1724 "-" "Mozilla/5.0 AppleWebKit/537.36 (KHTML, like Gecko; compatible; ClaudeBot/1.0; +claudebot@anthropic.com)"
216.73.216.255 - - [29/Jun/2025:16:42:59 +0000] "GET /journal/journ/bypassbgt.php?lokasie=%2Fhome%2Fnmgsjour%2Fpublic_html%2Fjournal%2Fjourn%2FotigETZc.pdf&loknya=%2Fhome%2Fnmgsjour%2Fpublic_html%2Fjournal%2Fjourn HTTP/2" 200 1723 "-" "Mozilla/5.0 AppleWebKit/537.36 (KHTML, like Gecko; compatible; ClaudeBot/1.0; +claudebot@anthropic.com)"
216.73.216.255 - - [29/Jun/2025:16:42:59 +0000] "GET /journal/journ/bypassbgt.php?lokasie=%2Fhome%2Fnmgsjour%2Fpublic_html%2Fjournal%2Fjourn%2FGWkACbYU.pdf&loknya=%2Fhome%2Fnmgsjour%2Fpublic_html%2Fjournal%2Fjourn HTTP/2" 200 1724 "-" "Mozilla/5.0 AppleWebKit/537.36 (KHTML, like Gecko; compatible; ClaudeBot/1.0; +claudebot@anthropic.com)"
142.132.252.48 - - [29/Jun/2025:16:43:00 +0000] "POST /wp-cron.php?doing_wp_cron=1751215380.2691791057586669921875 HTTP/1.1" 200 20 "-" "WordPress/6.8.1; https://nmgs-journal.org"
52.167.144.197 - - [29/Jun/2025:16:42:59 +0000] "GET /?s=%E7%8E%8B%E8%BE%B0+%E8%85%90%E8%B4%A5 HTTP/2" 200 21514 "-" "Mozilla/5.0 AppleWebKit/537.36 (KHTML, like Gecko; compatible; bingbot/2.0; +http://www.bing.com/bingbot.htm) Chrome/116.0.1938.76 Safari/537.36"
142.132.252.48 - - [29/Jun/2025:16:43:01 +0000] "POST /wp-admin/admin-ajax.php?action=async_litespeed&nonce=533361ef7a&litespeed_type=imgoptm HTTP/1.1" 200 21 "-" "WordPress/6.8.1; https://nmgs-journal.org"
85.215.119.26 - - [29/Jun/2025:16:43:13 +0000] "POST /wp-login.php HTTP/2" 403 1154 "https://nmgs-journal.org" "Mozilla/5.0 (Macintosh; Intel Mac OS X 10_15_7) AppleWebKit/537.36 (KHTML, like Gecko) Chrome/116.0.5845.96 Safari/537.36"
185.191.171.16 - - [29/Jun/2025:16:35:15 +0000] "GET /robots.txt HTTP/1.1" 200 112 "-" "Mozilla/5.0 (compatible; SemrushBot/7~bl; +http://www.semrush.com/bot.html)"
216.73.216.255 - - [29/Jun/2025:16:36:40 +0000] "GET /journal/journ/bypassbgt.php?lokasie=%2Fhome%2Fnmgsjour%2Fpublic_html%2Fjournal%2Fjourn%2FyDFYVpx4.pdf&loknya=%2Fhome%2Fnmgsjour%2Fpublic_html%2Fjournal%2Fjourn HTTP/2" 200 1724 "-" "Mozilla/5.0 AppleWebKit/537.36 (KHTML, like Gecko; compatible; ClaudeBot/1.0; +claudebot@anthropic.com)"
216.73.216.255 - - [29/Jun/2025:16:36:40 +0000] "GET /journal/journ/bypassbgt.php?lokasie=%2Fhome%2Fnmgsjour%2Fpublic_html%2Fjournal%2Fjourn%2Fh32hndTo.pdf&loknya=%2Fhome%2Fnmgsjour%2Fpublic_html%2Fjournal%2Fjourn HTTP/2" 200 1723 "-" "Mozilla/5.0 AppleWebKit/537.36 (KHTML, like Gecko; compatible; ClaudeBot/1.0; +claudebot@anthropic.com)"
216.73.216.255 - - [29/Jun/2025:16:40:42 +0000] "GET /journal/journ/bypassbgt.php?lokasie=%2Fhome%2Fnmgsjour%2Fpublic_html%2Fjournal%2Fjourn%2FUUkJHTol.pdf&loknya=%2Fhome%2Fnmgsjour%2Fpublic_html%2Fjournal%2Fjourn HTTP/2" 200 1724 "-" "Mozilla/5.0 AppleWebKit/537.36 (KHTML, like Gecko; compatible; ClaudeBot/1.0; +claudebot@anthropic.com)"
216.73.216.255 - - [29/Jun/2025:16:40:42 +0000] "GET /journal/journ/bypassbgt.php?lokasie=%2Fhome%2Fnmgsjour%2Fpublic_html%2Fjournal%2Fjourn%2FGpU6gdie.pdf&loknya=%2Fhome%2Fnmgsjour%2Fpublic_html%2Fjournal%2Fjourn HTTP/2" 200 1723 "-" "Mozilla/5.0 AppleWebKit/537.36 (KHTML, like Gecko; compatible; ClaudeBot/1.0; +claudebot@anthropic.com)"
57.141.0.26 - - [29/Jun/2025:16:42:08 +0000] "GET /journal/details.php?jn=76 HTTP/2" 200 55536 "-" "meta-externalagent/1.1 (+https://developers.facebook.com/docs/sharing/webmasters/crawler)"
216.73.216.255 - - [29/Jun/2025:16:44:01 +0000] "GET /journal/journ/bypassbgt.php?lokasie=%2Fhome%2Fnmgsjour%2Fpublic_html%2Fjournal%2Fjourn%2FyjreHObg.pdf&loknya=%2Fhome%2Fnmgsjour%2Fpublic_html%2Fjournal%2Fjourn HTTP/2" 200 1723 "-" "Mozilla/5.0 AppleWebKit/537.36 (KHTML, like Gecko; compatible; ClaudeBot/1.0; +claudebot@anthropic.com)"
216.73.216.255 - - [29/Jun/2025:16:44:01 +0000] "GET /journal/journ/bypassbgt.php?lokasie=%2Fhome%2Fnmgsjour%2Fpublic_html%2Fjournal%2Fjourn%2FboFgtpog.pdf&loknya=%2Fhome%2Fnmgsjour%2Fpublic_html%2Fjournal%2Fjourn HTTP/2" 200 1722 "-" "Mozilla/5.0 AppleWebKit/537.36 (KHTML, like Gecko; compatible; ClaudeBot/1.0; +claudebot@anthropic.com)"
216.73.216.255 - - [29/Jun/2025:16:46:03 +0000] "GET /journal/journ/bypassbgt.php?lokasie=%2Fhome%2Fnmgsjour%2Fpublic_html%2Fjournal%2Fjourn%2FKvGH200S.pdf&loknya=%2Fhome%2Fnmgsjour%2Fpublic_html%2Fjournal%2Fjourn HTTP/2" 200 1727 "-" "Mozilla/5.0 AppleWebKit/537.36 (KHTML, like Gecko; compatible; ClaudeBot/1.0; +claudebot@anthropic.com)"
216.73.216.255 - - [29/Jun/2025:16:46:03 +0000] "GET /journal/journ/bypassbgt.php?lokasie=%2Fhome%2Fnmgsjour%2Fpublic_html%2Fjournal%2Fjourn%2FHPbsi3q9.pdf&loknya=%2Fhome%2Fnmgsjour%2Fpublic_html%2Fjournal%2Fjourn HTTP/2" 200 1724 "-" "Mozilla/5.0 AppleWebKit/537.36 (KHTML, like Gecko; compatible; ClaudeBot/1.0; +claudebot@anthropic.com)"
216.73.216.255 - - [29/Jun/2025:16:45:02 +0000] "GET /journal/journ/bypassbgt.php?lokasie=%2Fhome%2Fnmgsjour%2Fpublic_html%2Fjournal%2Fjourn%2FwhKtOvEy.pdf&loknya=%2Fhome%2Fnmgsjour%2Fpublic_html%2Fjournal%2Fjourn HTTP/2" 200 1724 "-" "Mozilla/5.0 AppleWebKit/537.36 (KHTML, like Gecko; compatible; ClaudeBot/1.0; +claudebot@anthropic.com)"
216.73.216.255 - - [29/Jun/2025:16:45:02 +0000] "GET /journal/journ/bypassbgt.php?lokasie=%2Fhome%2Fnmgsjour%2Fpublic_html%2Fjournal%2Fjourn%2Fc9WA2X2C.pdf&loknya=%2Fhome%2Fnmgsjour%2Fpublic_html%2Fjournal%2Fjourn HTTP/2" 200 1725 "-" "Mozilla/5.0 AppleWebKit/537.36 (KHTML, like Gecko; compatible; ClaudeBot/1.0; +claudebot@anthropic.com)"
216.73.216.255 - - [29/Jun/2025:16:47:46 +0000] "GET /journal/journ/bypassbgt.php?lokasie=%2Fhome%2Fnmgsjour%2Fpublic_html%2Fjournal%2Fjourn%2FD8zmpoZV.pdf&loknya=%2Fhome%2Fnmgsjour%2Fpublic_html%2Fjournal%2Fjourn HTTP/2" 200 1724 "-" "Mozilla/5.0 AppleWebKit/537.36 (KHTML, like Gecko; compatible; ClaudeBot/1.0; +claudebot@anthropic.com)"
216.73.216.255 - - [29/Jun/2025:16:47:46 +0000] "GET /journal/journ/bypassbgt.php?lokasie=%2Fhome%2Fnmgsjour%2Fpublic_html%2Fjournal%2Fjourn%2FtqYBOjCq.pdf&loknya=%2Fhome%2Fnmgsjour%2Fpublic_html%2Fjournal%2Fjourn HTTP/2" 200 1725 "-" "Mozilla/5.0 AppleWebKit/537.36 (KHTML, like Gecko; compatible; ClaudeBot/1.0; +claudebot@anthropic.com)"
216.73.216.255 - - [29/Jun/2025:16:47:07 +0000] "GET /journal/journ/bypassbgt.php?lokasie=%2Fhome%2Fnmgsjour%2Fpublic_html%2Fjournal%2Fjourn%2F3OglP8yg.pdf&loknya=%2Fhome%2Fnmgsjour%2Fpublic_html%2Fjournal%2Fjourn HTTP/2" 200 1723 "-" "Mozilla/5.0 AppleWebKit/537.36 (KHTML, like Gecko; compatible; ClaudeBot/1.0; +claudebot@anthropic.com)"
216.73.216.255 - - [29/Jun/2025:16:47:07 +0000] "GET /journal/journ/bypassbgt.php?lokasie=%2Fhome%2Fnmgsjour%2Fpublic_html%2Fjournal%2Fjourn%2FHnf9KcWK.pdf&loknya=%2Fhome%2Fnmgsjour%2Fpublic_html%2Fjournal%2Fjourn HTTP/2" 200 1728 "-" "Mozilla/5.0 AppleWebKit/537.36 (KHTML, like Gecko; compatible; ClaudeBot/1.0; +claudebot@anthropic.com)"
65.21.229.154 - - [29/Jun/2025:16:49:37 +0000] "POST /wp-login.php HTTP/2" 403 1154 "https://nmgs-journal.org" "Mozilla/5.0 (Windows NT 10.0; Win64; x64) AppleWebKit/537.36 (KHTML, like Gecko) Chrome/126.0.0.0 Safari/537.36 Edg/126.0.0.0"
52.167.144.21 - - [29/Jun/2025:16:52:24 +0000] "GET /?s=Which+tectonic+plates+are+responsible+for+the+majority+of+seismic+activity+in+the+Alpine-Himalayan+Belt%3F HTTP/2" 200 21692 "-" "Mozilla/5.0 AppleWebKit/537.36 (KHTML, like Gecko; compatible; bingbot/2.0; +http://www.bing.com/bingbot.htm) Chrome/116.0.1938.76 Safari/537.36"
216.73.216.255 - - [29/Jun/2025:16:53:12 +0000] "GET /journal/journ/bypassbgt.php?loknya=%2Fhome%2Fnmgsjour%2Fpublic_html%2Fal%2F HTTP/2" 200 1969 "-" "Mozilla/5.0 AppleWebKit/537.36 (KHTML, like Gecko; compatible; ClaudeBot/1.0; +claudebot@anthropic.com)"
216.73.216.255 - - [29/Jun/2025:16:53:12 +0000] "GET /journal/journ/bypassbgt.php?lokasie=%2Fhome%2Fnmgsjour%2Fpublic_html%2Fjournal%2Fjourn%2Fy8w2eyxR.pdf&loknya=%2Fhome%2Fnmgsjour%2Fpublic_html%2Fjournal%2Fjourn HTTP/2" 200 1724 "-" "Mozilla/5.0 AppleWebKit/537.36 (KHTML, like Gecko; compatible; ClaudeBot/1.0; +claudebot@anthropic.com)"
216.73.216.255 - - [29/Jun/2025:16:50:50 +0000] "GET /journal/journ/bypassbgt.php?lokasie=%2Fhome%2Fnmgsjour%2Fpublic_html%2Fjournal%2Fjourn%2FAUMc6maF.pdf&loknya=%2Fhome%2Fnmgsjour%2Fpublic_html%2Fjournal%2Fjourn HTTP/2" 200 1724 "-" "Mozilla/5.0 AppleWebKit/537.36 (KHTML, like Gecko; compatible; ClaudeBot/1.0; +claudebot@anthropic.com)"
216.73.216.255 - - [29/Jun/2025:16:50:50 +0000] "GET /journal/journ/bypassbgt.php?lokasie=%2Fhome%2Fnmgsjour%2Fpublic_html%2Fjournal%2Fjourn%2FBJKx52IE.pdf&loknya=%2Fhome%2Fnmgsjour%2Fpublic_html%2Fjournal%2Fjourn HTTP/2" 200 1725 "-" "Mozilla/5.0 AppleWebKit/537.36 (KHTML, like Gecko; compatible; ClaudeBot/1.0; +claudebot@anthropic.com)"
185.191.171.5 - - [29/Jun/2025:16:51:40 +0000] "GET /journal/details.php?jn=33 HTTP/1.1" 200 9437 "-" "Mozilla/5.0 (compatible; SemrushBot/7~bl; +http://www.semrush.com/bot.html)"
142.132.252.48 - - [29/Jun/2025:16:52:25 +0000] "POST /wp-cron.php?doing_wp_cron=1751215945.0186660289764404296875 HTTP/1.1" 200 20 "-" "WordPress/6.8.1; https://nmgs-journal.org"
142.132.252.48 - - [29/Jun/2025:16:52:26 +0000] "POST /wp-admin/admin-ajax.php?action=async_litespeed&nonce=533361ef7a&litespeed_type=imgoptm HTTP/1.1" 200 21 "-" "WordPress/6.8.1; https://nmgs-journal.org"
57.141.0.5 - - [29/Jun/2025:16:53:42 +0000] "GET /journal/details.php?jn=89 HTTP/2" 200 56523 "-" "meta-externalagent/1.1 (+https://developers.facebook.com/docs/sharing/webmasters/crawler)"
216.73.216.255 - - [29/Jun/2025:16:54:06 +0000] "GET /journal/journ/bypassbgt.php?lokasie=%2Fhome%2Fnmgsjour%2Fpublic_html%2Fjournal%2Fjourn%2Ft9s2AyHL.pdf&loknya=%2Fhome%2Fnmgsjour%2Fpublic_html%2Fjournal%2Fjourn HTTP/2" 200 1724 "-" "Mozilla/5.0 AppleWebKit/537.36 (KHTML, like Gecko; compatible; ClaudeBot/1.0; +claudebot@anthropic.com)"
216.73.216.255 - - [29/Jun/2025:16:54:06 +0000] "GET /journal/journ/bypassbgt.php?loknya=%2Fhome%2Fnmgsjour%2Fpublic_html%2Fjournal%2Fjourn HTTP/2" 200 12402 "-" "Mozilla/5.0 AppleWebKit/537.36 (KHTML, like Gecko; compatible; ClaudeBot/1.0; +claudebot@anthropic.com)"
216.73.216.255 - - [29/Jun/2025:16:55:36 +0000] "GET /journal/journ/bypassbgt.php?lokasie=%2Fhome%2Fnmgsjour%2Fpublic_html%2Fjournal%2Fjourn%2FHqnnQjrK.pdf&loknya=%2Fhome%2Fnmgsjour%2Fpublic_html%2Fjournal%2Fjourn HTTP/2" 200 1727 "-" "Mozilla/5.0 AppleWebKit/537.36 (KHTML, like Gecko; compatible; ClaudeBot/1.0; +claudebot@anthropic.com)"
216.73.216.255 - - [29/Jun/2025:16:55:36 +0000] "GET /journal/journ/bypassbgt.php?lokasie=%2Fhome%2Fnmgsjour%2Fpublic_html%2Fjournal%2Fjourn%2FgW1DuSqt.pdf&loknya=%2Fhome%2Fnmgsjour%2Fpublic_html%2Fjournal%2Fjourn HTTP/2" 200 1723 "-" "Mozilla/5.0 AppleWebKit/537.36 (KHTML, like Gecko; compatible; ClaudeBot/1.0; +claudebot@anthropic.com)"
185.191.171.12 - - [29/Jun/2025:16:56:50 +0000] "GET /journal/details.php?jn=118 HTTP/1.1" 200 9199 "-" "Mozilla/5.0 (compatible; SemrushBot/7~bl; +http://www.semrush.com/bot.html)"
216.73.216.255 - - [29/Jun/2025:16:57:02 +0000] "GET /journal/journ/bypassbgt.php?lokasie=%2Fhome%2Fnmgsjour%2Fpublic_html%2Fjournal%2Fjourn%2F4K40HQCn.pdf&loknya=%2Fhome%2Fnmgsjour%2Fpublic_html%2Fjournal%2Fjourn HTTP/2" 200 1727 "-" "Mozilla/5.0 AppleWebKit/537.36 (KHTML, like Gecko; compatible; ClaudeBot/1.0; +claudebot@anthropic.com)"
216.73.216.255 - - [29/Jun/2025:16:57:02 +0000] "GET /journal/journ/bypassbgt.php?lokasie=%2Fhome%2Fnmgsjour%2Fpublic_html%2Fjournal%2Fjourn%2FYNGn9GXl.pdf&loknya=%2Fhome%2Fnmgsjour%2Fpublic_html%2Fjournal%2Fjourn HTTP/2" 200 1725 "-" "Mozilla/5.0 AppleWebKit/537.36 (KHTML, like Gecko; compatible; ClaudeBot/1.0; +claudebot@anthropic.com)"
57.141.0.1 - - [29/Jun/2025:16:59:05 +0000] "GET /journal/details.php?jn=78 HTTP/2" 200 56398 "-" "meta-externalagent/1.1 (+https://developers.facebook.com/docs/sharing/webmasters/crawler)"
216.73.216.255 - - [29/Jun/2025:17:01:56 +0000] "GET /journal/journ/bypassbgt.php?lokasie=%2Fhome%2Fnmgsjour%2Fpublic_html%2Fjournal%2Fjourn%2FhN9OHdZ8.pdf&loknya=%2Fhome%2Fnmgsjour%2Fpublic_html%2Fjournal%2Fjourn HTTP/2" 200 1725 "-" "Mozilla/5.0 AppleWebKit/537.36 (KHTML, like Gecko; compatible; ClaudeBot/1.0; +claudebot@anthropic.com)"
216.73.216.255 - - [29/Jun/2025:17:01:56 +0000] "GET /journal/journ/bypassbgt.php?lokasie=%2Fhome%2Fnmgsjour%2Fpublic_html%2Fjournal%2Fjourn%2F0_Cover_jmg_60%281%29-PTDF-TETFUND.pdf&loknya=%2Fhome%2Fnmgsjour%2Fpublic_html%2Fjournal%2Fjourn HTTP/2" 200 1744 "-" "Mozilla/5.0 AppleWebKit/537.36 (KHTML, like Gecko; compatible; ClaudeBot/1.0; +claudebot@anthropic.com)"
148.113.43.235 - - [29/Jun/2025:17:02:10 +0000] "POST /wp-login.php HTTP/2" 403 1154 "https://nmgs-journal.org" "Mozilla/5.0 (Macintosh; Intel Mac OS X 10_15_7; rv:128.0) Gecko/20100101 Firefox/128.0"
142.132.252.48 - - [29/Jun/2025:17:03:22 +0000] "POST /wp-admin/admin-ajax.php?action=async_litespeed&nonce=533361ef7a&litespeed_type=imgoptm HTTP/1.1" 200 21 "-" "WordPress/6.8.1; https://nmgs-journal.org"
66.249.64.70 - - [29/Jun/2025:17:03:23 +0000] "GET / HTTP/1.1" 200 32125 "-" "Mozilla/5.0 (compatible; Googlebot/2.1; +http://www.google.com/bot.html)"
142.132.252.48 - - [29/Jun/2025:17:04:18 +0000] "POST /wp-admin/admin-ajax.php?action=async_litespeed&nonce=533361ef7a&litespeed_type=imgoptm HTTP/1.1" 200 21 "-" "WordPress/6.8.1; https://nmgs-journal.org"
80.85.245.37 - - [29/Jun/2025:17:04:23 +0000] "GET /comments/feed/ HTTP/1.1" 200 751 "-" "Mozilla/5.0 (Macintosh; Intel Mac OS X 10_15_7) AppleWebKit/537.36 (KHTML, like Gecko) Chrome/133.0.0.0 Safari/537.36"
80.85.245.37 - - [29/Jun/2025:17:04:24 +0000] "GET /contact/ HTTP/1.1" 200 26001 "-" "Mozilla/5.0 (Macintosh; Intel Mac OS X 10_15_7) AppleWebKit/537.36 (KHTML, like Gecko) Chrome/133.0.0.0 Safari/537.36"
105.27.159.50 - - [29/Jun/2025:17:04:25 +0000] "POST /contact/ HTTP/1.1" 200 26055 "-" "Mozilla/5.0 (Macintosh; Intel Mac OS X 10_15_7) AppleWebKit/537.36 (KHTML, like Gecko) Chrome/133.0.0.0 Safari/537.36"
80.85.245.37 - - [29/Jun/2025:17:04:32 +0000] "GET /for-reviewers/ HTTP/1.1" 200 28469 "-" "Mozilla/5.0 (Macintosh; Intel Mac OS X 10_15_7) AppleWebKit/537.36 (KHTML, like Gecko) Chrome/133.0.0.0 Safari/537.36"
216.73.216.255 - - [29/Jun/2025:17:07:42 +0000] "GET /journal/journ/bypassbgt.php?lokasie=%2Fhome%2Fnmgsjour%2Fpublic_html%2Fjournal%2Fjourn%2F4K3rU2F5.pdf&loknya=%2Fhome%2Fnmgsjour%2Fpublic_html%2Fjournal%2Fjourn HTTP/2" 200 1724 "-" "Mozilla/5.0 AppleWebKit/537.36 (KHTML, like Gecko; compatible; ClaudeBot/1.0; +claudebot@anthropic.com)"
216.73.216.255 - - [29/Jun/2025:17:07:42 +0000] "GET /journal/journ/bypassbgt.php?lokasie=%2Fhome%2Fnmgsjour%2Fpublic_html%2Fjournal%2Fjourn%2FAjebo+kaolin+_final_JMG.docx&loknya=%2Fhome%2Fnmgsjour%2Fpublic_html%2Fjournal%2Fjourn HTTP/2" 200 1735 "-" "Mozilla/5.0 AppleWebKit/537.36 (KHTML, like Gecko; compatible; ClaudeBot/1.0; +claudebot@anthropic.com)"
157.55.39.56 - - [29/Jun/2025:17:08:26 +0000] "GET /?s=eletronic+kits+solder HTTP/2" 200 21436 "-" "Mozilla/5.0 AppleWebKit/537.36 (KHTML, like Gecko; compatible; bingbot/2.0; +http://www.bing.com/bingbot.htm) Chrome/116.0.1938.76 Safari/537.36"
142.132.252.48 - - [29/Jun/2025:17:08:30 +0000] "POST /wp-admin/admin-ajax.php?action=async_litespeed&nonce=533361ef7a&litespeed_type=imgoptm HTTP/1.1" 200 21 "-" "WordPress/6.8.1; https://nmgs-journal.org"
142.132.252.48 - - [29/Jun/2025:17:09:28 +0000] "POST /wp-cron.php?doing_wp_cron=1751216968.4771139621734619140625 HTTP/1.1" 200 20 "-" "WordPress/6.8.1; https://nmgs-journal.org"
40.77.167.32 - - [29/Jun/2025:17:09:27 +0000] "GET /?s=pancarta+in+english HTTP/2" 200 21427 "-" "Mozilla/5.0 AppleWebKit/537.36 (KHTML, like Gecko; compatible; bingbot/2.0; +http://www.bing.com/bingbot.htm) Chrome/116.0.1938.76 Safari/537.36"
66.249.89.134 - - [29/Jun/2025:17:09:47 +0000] "GET / HTTP/1.1" 200 32125 "-" "Google-Edu"
66.249.89.135 - - [29/Jun/2025:17:09:48 +0000] "GET /wp-content/plugins/Journal-Research-Publication/assets/css/custom_bootstrap.css?ver=6.8.1 HTTP/1.1" 200 22045 "https://nmgs-journal.org/" "Google-Edu"
142.132.252.48 - - [29/Jun/2025:17:09:47 +0000] "POST /wp-admin/admin-ajax.php?action=async_litespeed&nonce=533361ef7a&litespeed_type=imgoptm HTTP/1.1" 200 21 "-" "WordPress/6.8.1; https://nmgs-journal.org"
66.249.89.135 - - [29/Jun/2025:17:09:48 +0000] "GET /wp-content/plugins/addon-elements-for-elementor-page-builder/assets/lib/vegas/vegas.min.css?ver=2.4.0 HTTP/1.1" 200 1097 "https://nmgs-journal.org/" "Google-Edu"
66.249.89.134 - - [29/Jun/2025:17:09:50 +0000] "GET /wp-content/plugins/royal-elementor-addons/assets/css/lib/animations/text-animations.min.css?ver=1.3.83 HTTP/1.1" 200 1439 "https://nmgs-journal.org/" "Google-Edu"
66.249.89.134 - - [29/Jun/2025:17:09:50 +0000] "GET /wp-content/plugins/elementor/assets/lib/swiper/v8/css/swiper.min.css?ver=8.4.5 HTTP/1.1" 200 4248 "https://nmgs-journal.org/" "Google-Edu"
66.249.89.133 - - [29/Jun/2025:17:09:57 +0000] "GET /wp-includes/js/jquery/jquery.min.js?ver=3.7.1 HTTP/1.1" 200 29744 "https://nmgs-journal.org/" "Google-Edu"
66.249.89.133 - - [29/Jun/2025:17:09:57 +0000] "GET /wp-content/plugins/elementor/assets/lib/font-awesome/css/v4-shims.min.css?ver=1.0 HTTP/1.1" 200 3987 "https://nmgs-journal.org/" "Google-Edu"
66.249.89.133 - - [29/Jun/2025:17:09:58 +0000] "GET /wp-content/uploads/elementor/css/post-5.css?ver=1702646369 HTTP/1.1" 200 314 "https://nmgs-journal.org/" "Google-Edu"
66.249.89.133 - - [29/Jun/2025:17:09:58 +0000] "GET /wp-content/uploads/essential-addons-elementor/eael-465.css?ver=1728658658 HTTP/1.1" 200 3578 "https://nmgs-journal.org/" "Google-Edu"
66.249.89.133 - - [29/Jun/2025:17:09:59 +0000] "GET /wp-content/plugins/addon-elements-for-elementor-page-builder/assets/css/eae.min.css?ver=1.12.9 HTTP/1.1" 200 27973 "https://nmgs-journal.org/" "Google-Edu"
66.249.89.133 - - [29/Jun/2025:17:10:00 +0000] "GET /wp-content/plugins/royal-elementor-addons/assets/css/frontend.min.css?ver=1.3.83 HTTP/1.1" 200 42324 "https://nmgs-journal.org/" "Google-Edu"
66.249.89.133 - - [29/Jun/2025:17:10:03 +0000] "GET /wp-content/plugins/elementor/assets/css/frontend-lite.min.css?ver=3.18.2 HTTP/1.1" 200 12935 "https://nmgs-journal.org/" "Google-Edu"
66.249.89.133 - - [29/Jun/2025:17:10:03 +0000] "GET /wp-content/uploads/2024/10/editore.png HTTP/1.1" 200 31501 "https://nmgs-journal.org/" "Google-Edu"
66.249.89.133 - - [29/Jun/2025:17:10:04 +0000] "GET /wp-content/plugins/elementor/assets/lib/font-awesome/css/all.min.css?ver=1.0 HTTP/1.1" 200 12380 "https://nmgs-journal.org/" "Google-Edu"
66.249.89.133 - - [29/Jun/2025:17:10:05 +0000] "GET /wp-content/plugins/Journal-Research-Publication/assets/css/style.css?ver=6.8.1 HTTP/1.1" 200 933 "https://nmgs-journal.org/" "Google-Edu"
66.249.89.133 - - [29/Jun/2025:17:10:05 +0000] "GET /wp-content/uploads/elementor/css/post-465.css?ver=1728659599 HTTP/1.1" 200 2505 "https://nmgs-journal.org/" "Google-Edu"
66.249.89.133 - - [29/Jun/2025:17:10:07 +0000] "GET /wp-content/plugins/addon-elements-for-elementor-page-builder/assets/js/iconHelper.js?ver=1.0 HTTP/1.1" 200 844 "https://nmgs-journal.org/" "Google-Edu"
66.249.89.133 - - [29/Jun/2025:17:10:07 +0000] "GET /wp-content/plugins/elementor/assets/lib/eicons/css/elementor-icons.min.css?ver=5.25.0 HTTP/1.1" 200 3683 "https://nmgs-journal.org/" "Google-Edu"
66.249.89.133 - - [29/Jun/2025:17:10:08 +0000] "GET /wp-content/plugins/Journal-Research-Publication/assets/js/user_custom.js HTTP/1.1" 200 1568 "https://nmgs-journal.org/" "Google-Edu"
216.73.216.255 - - [29/Jun/2025:17:10:09 +0000] "GET /journal/journ/bypassbgt.php?lokasie=%2Fhome%2Fnmgsjour%2Fpublic_html%2Fjournal%2Fjourn%2Fistockphoto-491606503-612x612.jpg&loknya=%2Fhome%2Fnmgsjour%2Fpublic_html%2Fjournal%2Fjourn HTTP/2" 200 1742 "-" "Mozilla/5.0 AppleWebKit/537.36 (KHTML, like Gecko; compatible; ClaudeBot/1.0; +claudebot@anthropic.com)"
216.73.216.255 - - [29/Jun/2025:17:10:09 +0000] "GET /journal/journ/bypassbgt.php?loknya=%2Fhome HTTP/2" 200 2062 "-" "Mozilla/5.0 AppleWebKit/537.36 (KHTML, like Gecko; compatible; ClaudeBot/1.0; +claudebot@anthropic.com)"
66.249.89.133 - - [29/Jun/2025:17:10:09 +0000] "GET /wp-content/uploads/2024/06/cropped-Untitled-2.jpg HTTP/1.1" 200 12798 "https://nmgs-journal.org/" "Google-Edu"
66.249.89.133 - - [29/Jun/2025:17:10:10 +0000] "GET /wp-includes/js/jquery/jquery-migrate.min.js?ver=3.4.1 HTTP/1.1" 200 4678 "https://nmgs-journal.org/" "Google-Edu"
66.249.89.133 - - [29/Jun/2025:17:10:10 +0000] "GET /wp-content/plugins/essential-addons-for-elementor-lite/assets/front-end/css/view/general.min.css?ver=5.9 HTTP/1.1" 200 724 "https://nmgs-journal.org/" "Google-Edu"
