66.249.64.69 - - [29/Jun/2025:15:04:56 +0000] "GET /wp-includes/js/underscore.min.js?ver=1.13.7 HTTP/1.1" 200 7185 "https://nmgs-journal.org/" "Mozilla/5.0 AppleWebKit/537.36 (KHTML, like Gecko; compatible; Googlebot/2.1; +http://www.google.com/bot.html) Chrome/137.0.7151.68 Safari/537.36"
66.249.64.69 - - [29/Jun/2025:15:04:56 +0000] "GET /wp-includes/js/wp-util.min.js?ver=6.8.1 HTTP/1.1" 200 690 "https://nmgs-journal.org/" "Mozilla/5.0 AppleWebKit/537.36 (KHTML, like Gecko; compatible; Googlebot/2.1; +http://www.google.com/bot.html) Chrome/137.0.7151.68 Safari/537.36"
66.249.64.69 - - [29/Jun/2025:15:04:57 +0000] "GET /wp-content/plugins/wpforms-lite/assets/js/integrations/elementor/frontend.min.js?ver=1.8.5.2 HTTP/1.1" 200 342 "https://nmgs-journal.org/" "Mozilla/5.0 AppleWebKit/537.36 (KHTML, like Gecko; compatible; Googlebot/2.1; +http://www.google.com/bot.html) Chrome/137.0.7151.68 Safari/537.36"
66.249.64.69 - - [29/Jun/2025:15:04:59 +0000] "GET /wp-content/plugins/wpforms-lite/assets/lib/jquery.validate.min.js?ver=1.19.5 HTTP/1.1" 200 7677 "https://nmgs-journal.org/" "Mozilla/5.0 AppleWebKit/537.36 (KHTML, like Gecko; compatible; Googlebot/2.1; +http://www.google.com/bot.html) Chrome/137.0.7151.68 Safari/537.36"
66.249.64.69 - - [29/Jun/2025:15:05:01 +0000] "GET /wp-content/plugins/wpforms-lite/assets/js/utils.min.js?ver=1.8.5.2 HTTP/1.1" 200 197 "https://nmgs-journal.org/" "Mozilla/5.0 AppleWebKit/537.36 (KHTML, like Gecko; compatible; Googlebot/2.1; +http://www.google.com/bot.html) Chrome/137.0.7151.68 Safari/537.36"
66.249.64.69 - - [29/Jun/2025:15:05:02 +0000] "GET /wp-content/plugins/wpforms-lite/assets/js/wpforms.min.js?ver=1.8.5.2 HTTP/1.1" 200 11090 "https://nmgs-journal.org/" "Mozilla/5.0 AppleWebKit/537.36 (KHTML, like Gecko; compatible; Googlebot/2.1; +http://www.google.com/bot.html) Chrome/137.0.7151.68 Safari/537.36"
66.249.64.70 - - [29/Jun/2025:15:05:04 +0000] "GET /wp-content/plugins/elementor/assets/lib/swiper/v8/swiper.min.js?ver=8.4.5 HTTP/1.1" 200 38152 "https://nmgs-journal.org/" "Mozilla/5.0 AppleWebKit/537.36 (KHTML, like Gecko; compatible; Googlebot/2.1; +http://www.google.com/bot.html) Chrome/137.0.7151.68 Safari/537.36"
66.249.64.70 - - [29/Jun/2025:15:05:06 +0000] "GET /wp-content/plugins/elementor/assets/js/text-editor.2c35aafbe5bf0e127950.bundle.min.js HTTP/1.1" 200 600 "https://nmgs-journal.org/" "Mozilla/5.0 AppleWebKit/537.36 (KHTML, like Gecko; compatible; Googlebot/2.1; +http://www.google.com/bot.html) Chrome/137.0.7151.68 Safari/537.36"
66.249.64.69 - - [29/Jun/2025:15:05:08 +0000] "GET /wp-content/plugins/elementor/assets/js/tabs.c2af5be7f9cb3cdcf3d5.bundle.min.js HTTP/1.1" 200 1280 "https://nmgs-journal.org/" "Mozilla/5.0 AppleWebKit/537.36 (KHTML, like Gecko; compatible; Googlebot/2.1; +http://www.google.com/bot.html) Chrome/137.0.7151.68 Safari/537.36"
66.249.64.69 - - [29/Jun/2025:15:05:46 +0000] "GET /favicon.ico HTTP/1.1" 404 1163 "-" "Googlebot-Image/1.0"
216.73.216.255 - - [29/Jun/2025:15:03:37 +0000] "GET /journal/journ/bypassbgt.php?lokasie=%2Fhome%2Fnmgsjour%2Fpublic_html%2Fjournal%2Fjourn%2FphpEW0xf2&loknya=%2Fhome%2Fnmgsjour%2Fpublic_html%2Fjournal%2Fjourn HTTP/2" 200 1722 "-" "Mozilla/5.0 AppleWebKit/537.36 (KHTML, like Gecko; compatible; ClaudeBot/1.0; +claudebot@anthropic.com)"
216.73.216.255 - - [29/Jun/2025:15:03:37 +0000] "GET /journal/journ/bypassbgt.php?lokasie=%2Fhome%2Fnmgsjour%2Fpublic_html%2Fjournal%2Fjourn%2FphphF2d7F&loknya=%2Fhome%2Fnmgsjour%2Fpublic_html%2Fjournal%2Fjourn HTTP/2" 200 1720 "-" "Mozilla/5.0 AppleWebKit/537.36 (KHTML, like Gecko; compatible; ClaudeBot/1.0; +claudebot@anthropic.com)"
142.132.252.48 - - [29/Jun/2025:15:04:26 +0000] "POST /wp-admin/admin-ajax.php?action=async_litespeed&nonce=533361ef7a&litespeed_type=imgoptm HTTP/1.1" 200 21 "-" "WordPress/6.8.1; https://nmgs-journal.org"
66.249.64.69 - - [29/Jun/2025:15:04:28 +0000] "GET / HTTP/1.1" 200 32125 "-" "Mozilla/5.0 (compatible; Googlebot/2.1; +http://www.google.com/bot.html)"
66.249.64.71 - - [29/Jun/2025:15:05:00 +0000] "GET /wp-content/plugins/wpforms-lite/assets/lib/mailcheck.min.js?ver=1.1.2 HTTP/1.1" 200 1615 "https://nmgs-journal.org/" "Mozilla/5.0 AppleWebKit/537.36 (KHTML, like Gecko; compatible; Googlebot/2.1; +http://www.google.com/bot.html) Chrome/137.0.7151.68 Safari/537.36"
216.73.216.255 - - [29/Jun/2025:15:05:17 +0000] "GET /journal/journ/bypassbgt.php?lokasie=%2Fhome%2Fnmgsjour%2Fpublic_html%2Fjournal%2Fjourn%2Fphp90b3O7&loknya=%2Fhome%2Fnmgsjour%2Fpublic_html%2Fjournal%2Fjourn HTTP/2" 200 1721 "-" "Mozilla/5.0 AppleWebKit/537.36 (KHTML, like Gecko; compatible; ClaudeBot/1.0; +claudebot@anthropic.com)"
216.73.216.255 - - [29/Jun/2025:15:05:17 +0000] "GET /journal/journ/bypassbgt.php?lokasie=%2Fhome%2Fnmgsjour%2Fpublic_html%2Fjournal%2Fjourn%2FphpT0nLRH&loknya=%2Fhome%2Fnmgsjour%2Fpublic_html%2Fjournal%2Fjourn HTTP/2" 200 1723 "-" "Mozilla/5.0 AppleWebKit/537.36 (KHTML, like Gecko; compatible; ClaudeBot/1.0; +claudebot@anthropic.com)"
216.73.216.255 - - [29/Jun/2025:15:06:11 +0000] "GET /journal/journ/bypassbgt.php?lokasie=%2Fhome%2Fnmgsjour%2Fpublic_html%2Fjournal%2Fjourn%2FphpTMBbdi&loknya=%2Fhome%2Fnmgsjour%2Fpublic_html%2Fjournal%2Fjourn HTTP/2" 200 1721 "-" "Mozilla/5.0 AppleWebKit/537.36 (KHTML, like Gecko; compatible; ClaudeBot/1.0; +claudebot@anthropic.com)"
216.73.216.255 - - [29/Jun/2025:15:06:11 +0000] "GET /journal/journ/bypassbgt.php?lokasie=%2Fhome%2Fnmgsjour%2Fpublic_html%2Fjournal%2Fjourn%2FphpCIO8jv&loknya=%2Fhome%2Fnmgsjour%2Fpublic_html%2Fjournal%2Fjourn HTTP/2" 200 1721 "-" "Mozilla/5.0 AppleWebKit/537.36 (KHTML, like Gecko; compatible; ClaudeBot/1.0; +claudebot@anthropic.com)"
95.217.9.42 - - [29/Jun/2025:15:08:03 +0000] "GET /wp-sitemap-posts-page-1.xml HTTP/1.1" 200 2532 "-" "Mozilla/5.0 (Windows NT 10.0; Win64; x64) AppleWebKit/537.36 (KHTML, like Gecko) Chrome/134.0.0.0 Safari/537.36 OPR/118.0.0.0"
142.132.252.48 - - [29/Jun/2025:15:08:31 +0000] "POST /wp-cron.php?doing_wp_cron=1751209710.9185910224914550781250 HTTP/1.1" 200 20 "-" "WordPress/6.8.1; https://nmgs-journal.org"
66.249.64.69 - - [29/Jun/2025:15:08:29 +0000] "GET /t/M334313 HTTP/1.1" 404 21364 "-" "Mozilla/5.0 (Linux; Android 6.0.1; Nexus 5X Build/MMB29P) AppleWebKit/537.36 (KHTML, like Gecko) Chrome/137.0.7151.103 Mobile Safari/537.36 (compatible; GoogleOther)"
142.132.252.48 - - [29/Jun/2025:15:08:32 +0000] "POST /wp-admin/admin-ajax.php?action=async_litespeed&nonce=533361ef7a&litespeed_type=imgoptm HTTP/1.1" 200 21 "-" "WordPress/6.8.1; https://nmgs-journal.org"
216.73.216.255 - - [29/Jun/2025:15:09:07 +0000] "GET /journal/journ/bypassbgt.php?lokasie=%2Fhome%2Fnmgsjour%2Fpublic_html%2Fjournal%2Fjourn%2FphpKjwCwW&loknya=%2Fhome%2Fnmgsjour%2Fpublic_html%2Fjournal%2Fjourn HTTP/2" 200 1721 "-" "Mozilla/5.0 AppleWebKit/537.36 (KHTML, like Gecko; compatible; ClaudeBot/1.0; +claudebot@anthropic.com)"
216.73.216.255 - - [29/Jun/2025:15:09:07 +0000] "GET /journal/journ/bypassbgt.php?lokasie=%2Fhome%2Fnmgsjour%2Fpublic_html%2Fjournal%2Fjourn%2FphpQKm8up&loknya=%2Fhome%2Fnmgsjour%2Fpublic_html%2Fjournal%2Fjourn HTTP/2" 200 1721 "-" "Mozilla/5.0 AppleWebKit/537.36 (KHTML, like Gecko; compatible; ClaudeBot/1.0; +claudebot@anthropic.com)"
66.249.64.70 - - [29/Jun/2025:15:08:58 +0000] "GET /t/M334313 HTTP/1.1" 404 21602 "-" "Mozilla/5.0 (Linux; Android 6.0.1; Nexus 5X Build/MMB29P) AppleWebKit/537.36 (KHTML, like Gecko) Chrome/137.0.7151.103 Mobile Safari/537.36 (compatible; Googlebot/2.1; +http://www.google.com/bot.html)"
78.135.85.79 - - [29/Jun/2025:15:09:56 +0000] "POST /wp-login.php HTTP/2" 403 1154 "https://nmgs-journal.org" "Mozilla/5.0 (Windows NT 10.0; Win64; x64) AppleWebKit/537.36 (KHTML, like Gecko) Chrome/116.0.5845.96 Safari/537.36"
216.73.216.255 - - [29/Jun/2025:15:11:25 +0000] "GET /robots.txt HTTP/2" 200 97 "-" "Mozilla/5.0 AppleWebKit/537.36 (KHTML, like Gecko; compatible; ClaudeBot/1.0; +claudebot@anthropic.com)"
216.73.216.255 - - [29/Jun/2025:15:11:26 +0000] "GET /journal/journ/bypassbgt.php?lokasie=%2Fhome%2Fnmgsjour%2Fpublic_html%2Fjournal%2Fjourn%2Fphph1pDBR&loknya=%2Fhome%2Fnmgsjour%2Fpublic_html%2Fjournal%2Fjourn HTTP/2" 200 1721 "-" "Mozilla/5.0 AppleWebKit/537.36 (KHTML, like Gecko; compatible; ClaudeBot/1.0; +claudebot@anthropic.com)"
216.73.216.255 - - [29/Jun/2025:15:11:26 +0000] "GET /journal/journ/bypassbgt.php?lokasie=%2Fhome%2Fnmgsjour%2Fpublic_html%2Fjournal%2Fjourn%2FphpEHDpO3&loknya=%2Fhome%2Fnmgsjour%2Fpublic_html%2Fjournal%2Fjourn HTTP/2" 200 1723 "-" "Mozilla/5.0 AppleWebKit/537.36 (KHTML, like Gecko; compatible; ClaudeBot/1.0; +claudebot@anthropic.com)"
216.73.216.255 - - [29/Jun/2025:15:12:53 +0000] "GET /journal/journ/bypassbgt.php?lokasie=%2Fhome%2Fnmgsjour%2Fpublic_html%2Fjournal%2Fjourn%2Fphpkb32Up&loknya=%2Fhome%2Fnmgsjour%2Fpublic_html%2Fjournal%2Fjourn HTTP/2" 200 1720 "-" "Mozilla/5.0 AppleWebKit/537.36 (KHTML, like Gecko; compatible; ClaudeBot/1.0; +claudebot@anthropic.com)"
216.73.216.255 - - [29/Jun/2025:15:12:53 +0000] "GET /journal/journ/bypassbgt.php?lokasie=%2Fhome%2Fnmgsjour%2Fpublic_html%2Fjournal%2Fjourn%2FphpjzmzsP&loknya=%2Fhome%2Fnmgsjour%2Fpublic_html%2Fjournal%2Fjourn HTTP/2" 200 1721 "-" "Mozilla/5.0 AppleWebKit/537.36 (KHTML, like Gecko; compatible; ClaudeBot/1.0; +claudebot@anthropic.com)"
66.249.64.71 - - [29/Jun/2025:15:10:52 +0000] "GET / HTTP/1.1" 200 32125 "-" "Mozilla/5.0 (compatible; Googlebot/2.1; +http://www.google.com/bot.html)"
216.73.216.255 - - [29/Jun/2025:15:12:07 +0000] "GET /journal/journ/bypassbgt.php?lokasie=%2Fhome%2Fnmgsjour%2Fpublic_html%2Fjournal%2Fjourn%2FphpSc05zR&loknya=%2Fhome%2Fnmgsjour%2Fpublic_html%2Fjournal%2Fjourn HTTP/2" 200 1723 "-" "Mozilla/5.0 AppleWebKit/537.36 (KHTML, like Gecko; compatible; ClaudeBot/1.0; +claudebot@anthropic.com)"
216.73.216.255 - - [29/Jun/2025:15:12:07 +0000] "GET /journal/journ/bypassbgt.php?lokasie=%2Fhome%2Fnmgsjour%2Fpublic_html%2Fjournal%2Fjourn%2FphpctJxpg&loknya=%2Fhome%2Fnmgsjour%2Fpublic_html%2Fjournal%2Fjourn HTTP/2" 200 1720 "-" "Mozilla/5.0 AppleWebKit/537.36 (KHTML, like Gecko; compatible; ClaudeBot/1.0; +claudebot@anthropic.com)"
216.73.216.255 - - [29/Jun/2025:15:13:31 +0000] "GET /journal/journ/bypassbgt.php?lokasie=%2Fhome%2Fnmgsjour%2Fpublic_html%2Fjournal%2Fjourn%2FphpWeahl7&loknya=%2Fhome%2Fnmgsjour%2Fpublic_html%2Fjournal%2Fjourn HTTP/2" 200 1720 "-" "Mozilla/5.0 AppleWebKit/537.36 (KHTML, like Gecko; compatible; ClaudeBot/1.0; +claudebot@anthropic.com)"
216.73.216.255 - - [29/Jun/2025:15:13:31 +0000] "GET /journal/journ/bypassbgt.php?lokasie=%2Fhome%2Fnmgsjour%2Fpublic_html%2Fjournal%2Fjourn%2FphpMeIAeF&loknya=%2Fhome%2Fnmgsjour%2Fpublic_html%2Fjournal%2Fjourn HTTP/2" 200 1721 "-" "Mozilla/5.0 AppleWebKit/537.36 (KHTML, like Gecko; compatible; ClaudeBot/1.0; +claudebot@anthropic.com)"
216.73.216.255 - - [29/Jun/2025:15:15:49 +0000] "GET /journal/journ/bypassbgt.php?lokasie=%2Fhome%2Fnmgsjour%2Fpublic_html%2Fjournal%2Fjourn%2FphptynEnf&loknya=%2Fhome%2Fnmgsjour%2Fpublic_html%2Fjournal%2Fjourn HTTP/2" 200 1720 "-" "Mozilla/5.0 AppleWebKit/537.36 (KHTML, like Gecko; compatible; ClaudeBot/1.0; +claudebot@anthropic.com)"
216.73.216.255 - - [29/Jun/2025:15:15:49 +0000] "GET /journal/journ/bypassbgt.php?lokasie=%2Fhome%2Fnmgsjour%2Fpublic_html%2Fjournal%2Fjourn%2FphpPMD6s1&loknya=%2Fhome%2Fnmgsjour%2Fpublic_html%2Fjournal%2Fjourn HTTP/2" 200 1721 "-" "Mozilla/5.0 AppleWebKit/537.36 (KHTML, like Gecko; compatible; ClaudeBot/1.0; +claudebot@anthropic.com)"
142.132.252.48 - - [29/Jun/2025:15:17:24 +0000] "POST /wp-admin/admin-ajax.php?action=async_litespeed&nonce=533361ef7a&litespeed_type=imgoptm HTTP/1.1" 200 21 "-" "WordPress/6.8.1; https://nmgs-journal.org"
216.73.216.255 - - [29/Jun/2025:15:17:52 +0000] "GET /journal/journ/bypassbgt.php?lokasie=%2Fhome%2Fnmgsjour%2Fpublic_html%2Fjournal%2Fjourn%2FphpYEM8cp&loknya=%2Fhome%2Fnmgsjour%2Fpublic_html%2Fjournal%2Fjourn HTTP/2" 200 1721 "-" "Mozilla/5.0 AppleWebKit/537.36 (KHTML, like Gecko; compatible; ClaudeBot/1.0; +claudebot@anthropic.com)"
216.73.216.255 - - [29/Jun/2025:15:17:52 +0000] "GET /journal/journ/bypassbgt.php?lokasie=%2Fhome%2Fnmgsjour%2Fpublic_html%2Fjournal%2Fjourn%2Fphpm4srMW&loknya=%2Fhome%2Fnmgsjour%2Fpublic_html%2Fjournal%2Fjourn HTTP/2" 200 1720 "-" "Mozilla/5.0 AppleWebKit/537.36 (KHTML, like Gecko; compatible; ClaudeBot/1.0; +claudebot@anthropic.com)"
57.141.0.14 - - [29/Jun/2025:15:18:02 +0000] "GET /journal/details.php?jn=80 HTTP/2" 200 55763 "-" "meta-externalagent/1.1 (+https://developers.facebook.com/docs/sharing/webmasters/crawler)"
216.73.216.255 - - [29/Jun/2025:15:19:07 +0000] "GET /journal/journ/bypassbgt.php?lokasie=%2Fhome%2Fnmgsjour%2Fpublic_html%2Fjournal%2Fjourn%2Fphphenvrj&loknya=%2Fhome%2Fnmgsjour%2Fpublic_html%2Fjournal%2Fjourn HTTP/2" 200 1720 "-" "Mozilla/5.0 AppleWebKit/537.36 (KHTML, like Gecko; compatible; ClaudeBot/1.0; +claudebot@anthropic.com)"
216.73.216.255 - - [29/Jun/2025:15:19:07 +0000] "GET /journal/journ/bypassbgt.php?lokasie=%2Fhome%2Fnmgsjour%2Fpublic_html%2Fjournal%2Fjourn%2FphpdPMlzO&loknya=%2Fhome%2Fnmgsjour%2Fpublic_html%2Fjournal%2Fjourn HTTP/2" 200 1721 "-" "Mozilla/5.0 AppleWebKit/537.36 (KHTML, like Gecko; compatible; ClaudeBot/1.0; +claudebot@anthropic.com)"
216.73.216.255 - - [29/Jun/2025:15:14:33 +0000] "GET /journal/journ/bypassbgt.php?lokasie=%2Fhome%2Fnmgsjour%2Fpublic_html%2Fjournal%2Fjourn%2FphpMAQvcL&loknya=%2Fhome%2Fnmgsjour%2Fpublic_html%2Fjournal%2Fjourn HTTP/2" 200 1722 "-" "Mozilla/5.0 AppleWebKit/537.36 (KHTML, like Gecko; compatible; ClaudeBot/1.0; +claudebot@anthropic.com)"
216.73.216.255 - - [29/Jun/2025:15:14:33 +0000] "GET /journal/journ/bypassbgt.php?lokasie=%2Fhome%2Fnmgsjour%2Fpublic_html%2Fjournal%2Fjourn%2Fphpypspdv&loknya=%2Fhome%2Fnmgsjour%2Fpublic_html%2Fjournal%2Fjourn HTTP/2" 200 1720 "-" "Mozilla/5.0 AppleWebKit/537.36 (KHTML, like Gecko; compatible; ClaudeBot/1.0; +claudebot@anthropic.com)"
216.73.216.255 - - [29/Jun/2025:15:17:06 +0000] "GET /journal/journ/bypassbgt.php?lokasie=%2Fhome%2Fnmgsjour%2Fpublic_html%2Fjournal%2Fjourn%2FphppdBBS8&loknya=%2Fhome%2Fnmgsjour%2Fpublic_html%2Fjournal%2Fjourn HTTP/2" 200 1721 "-" "Mozilla/5.0 AppleWebKit/537.36 (KHTML, like Gecko; compatible; ClaudeBot/1.0; +claudebot@anthropic.com)"
216.73.216.255 - - [29/Jun/2025:15:17:06 +0000] "GET /journal/journ/bypassbgt.php?lokasie=%2Fhome%2Fnmgsjour%2Fpublic_html%2Fjournal%2Fjourn%2FphpsEh4Ui&loknya=%2Fhome%2Fnmgsjour%2Fpublic_html%2Fjournal%2Fjourn HTTP/2" 200 1859 "-" "Mozilla/5.0 AppleWebKit/537.36 (KHTML, like Gecko; compatible; ClaudeBot/1.0; +claudebot@anthropic.com)"
66.249.64.71 - - [29/Jun/2025:15:17:24 +0000] "GET /robots.txt HTTP/1.1" 200 97 "-" "Mozilla/5.0 (compatible; Googlebot/2.1; +http://www.google.com/bot.html)"
142.132.252.48 - - [29/Jun/2025:15:19:32 +0000] "POST /wp-cron.php?doing_wp_cron=1751210372.0583770275115966796875 HTTP/1.1" 200 20 "-" "WordPress/6.8.1; https://nmgs-journal.org"
66.249.64.71 - - [29/Jun/2025:15:19:31 +0000] "GET /t/B249773 HTTP/1.1" 404 21363 "-" "Mozilla/5.0 (Linux; Android 6.0.1; Nexus 5X Build/MMB29P) AppleWebKit/537.36 (KHTML, like Gecko) Chrome/137.0.7151.103 Mobile Safari/537.36 (compatible; GoogleOther)"
142.132.252.48 - - [29/Jun/2025:15:20:14 +0000] "POST /wp-cron.php?doing_wp_cron=1751210414.8721389770507812500000 HTTP/1.1" 200 20 "-" "WordPress/6.8.1; https://nmgs-journal.org"
146.70.202.171 - - [29/Jun/2025:15:19:13 +0000] "GET /wp-sitemap-posts-post-1.xml HTTP/1.1" 200 306 "-" "Mozilla/5.0 (Windows NT 10.0; Win64; x64) AppleWebKit/537.36 (KHTML, like Gecko) Chrome/134.0.0.0 Safari/537.36 OPR/118.0.0.0"
142.132.252.48 - - [29/Jun/2025:15:19:32 +0000] "POST /wp-admin/admin-ajax.php?action=async_litespeed&nonce=533361ef7a&litespeed_type=imgoptm HTTP/1.1" 200 21 "-" "WordPress/6.8.1; https://nmgs-journal.org"
40.77.167.42 - - [29/Jun/2025:15:20:14 +0000] "GET /?s=%E3%83%9D%E3%83%BC%E3%83%88%E3%82%A2%E3%82%A4%E3%83%A9%E3%83%B3%E3%83%89%E3%80%80%E3%83%A9%E3%83%BC%E3%83%A1%E3%83%B3%E9%BA%97 HTTP/2" 200 21618 "-" "Mozilla/5.0 AppleWebKit/537.36 (KHTML, like Gecko; compatible; bingbot/2.0; +http://www.bing.com/bingbot.htm) Chrome/116.0.1938.76 Safari/537.36"
142.132.252.48 - - [29/Jun/2025:15:20:16 +0000] "POST /wp-admin/admin-ajax.php?action=async_litespeed&nonce=533361ef7a&litespeed_type=imgoptm HTTP/1.1" 200 21 "-" "WordPress/6.8.1; https://nmgs-journal.org"
66.249.64.70 - - [29/Jun/2025:15:20:17 +0000] "GET /t/B249773 HTTP/1.1" 404 21603 "-" "Mozilla/5.0 (Linux; Android 6.0.1; Nexus 5X Build/MMB29P) AppleWebKit/537.36 (KHTML, like Gecko) Chrome/137.0.7151.103 Mobile Safari/537.36 (compatible; Googlebot/2.1; +http://www.google.com/bot.html)"
5.255.231.77 - - [29/Jun/2025:15:20:22 +0000] "GET /robots.txt HTTP/1.1" 200 117 "-" "Mozilla/5.0 (compatible; YandexBot/3.0; +http://yandex.com/bots)"
213.180.203.11 - - [29/Jun/2025:15:20:23 +0000] "GET /view-articles/ HTTP/1.1" 404 21373 "-" "Mozilla/5.0 (compatible; YandexBot/3.0; +http://yandex.com/bots)"
57.141.0.6 - - [29/Jun/2025:15:20:40 +0000] "GET /journal/details.php?jn=14 HTTP/2" 200 26579 "-" "meta-externalagent/1.1 (+https://developers.facebook.com/docs/sharing/webmasters/crawler)"
216.73.216.255 - - [29/Jun/2025:15:21:07 +0000] "GET /journal/journ/bypassbgt.php?lokasie=%2Fhome%2Fnmgsjour%2Fpublic_html%2Fjournal%2Fjourn%2Fphps9yQk2&loknya=%2Fhome%2Fnmgsjour%2Fpublic_html%2Fjournal%2Fjourn HTTP/2" 200 1721 "-" "Mozilla/5.0 AppleWebKit/537.36 (KHTML, like Gecko; compatible; ClaudeBot/1.0; +claudebot@anthropic.com)"
216.73.216.255 - - [29/Jun/2025:15:21:07 +0000] "GET /journal/journ/bypassbgt.php?lokasie=%2Fhome%2Fnmgsjour%2Fpublic_html%2Fjournal%2Fjourn%2Fphpzaf1gi&loknya=%2Fhome%2Fnmgsjour%2Fpublic_html%2Fjournal%2Fjourn HTTP/2" 200 1720 "-" "Mozilla/5.0 AppleWebKit/537.36 (KHTML, like Gecko; compatible; ClaudeBot/1.0; +claudebot@anthropic.com)"
142.132.252.48 - - [29/Jun/2025:15:21:48 +0000] "POST /wp-admin/admin-ajax.php?action=async_litespeed&nonce=533361ef7a&litespeed_type=imgoptm HTTP/1.1" 200 21 "-" "WordPress/6.8.1; https://nmgs-journal.org"
47.242.200.220 - - [29/Jun/2025:15:21:50 +0000] "GET /wp-sitemap.xml HTTP/2" 200 226 "-" "Mozilla/5.0 (Macintosh; Intel Mac OS X 10_15_7) AppleWebKit/537.36 (KHTML, like Gecko) Chrome/109.0.0.0 Safari/537.36"
216.73.216.255 - - [29/Jun/2025:15:23:02 +0000] "GET /journal/journ/bypassbgt.php?lokasie=%2Fhome%2Fnmgsjour%2Fpublic_html%2Fjournal%2Fjourn%2FphpBsUGuk&loknya=%2Fhome%2Fnmgsjour%2Fpublic_html%2Fjournal%2Fjourn HTTP/2" 200 1720 "-" "Mozilla/5.0 AppleWebKit/537.36 (KHTML, like Gecko; compatible; ClaudeBot/1.0; +claudebot@anthropic.com)"
216.73.216.255 - - [29/Jun/2025:15:23:02 +0000] "GET /journal/journ/bypassbgt.php?lokasie=%2Fhome%2Fnmgsjour%2Fpublic_html%2Fjournal%2Fjourn%2Fphpks3Jdm&loknya=%2Fhome%2Fnmgsjour%2Fpublic_html%2Fjournal%2Fjourn HTTP/2" 200 1720 "-" "Mozilla/5.0 AppleWebKit/537.36 (KHTML, like Gecko; compatible; ClaudeBot/1.0; +claudebot@anthropic.com)"
47.236.12.137 - - [29/Jun/2025:15:23:31 +0000] "POST /wp-login.php HTTP/2" 302 683 "https://nmgs-journal.org" "Mozilla/5.0 (Macintosh; Intel Mac OS X 14_4_1) AppleWebKit/605.1.15 (KHTML, like Gecko) Version/17.3.1 Safari/605.1.15"
216.73.216.255 - - [29/Jun/2025:15:24:13 +0000] "GET /journal/journ/bypassbgt.php?lokasie=%2Fhome%2Fnmgsjour%2Fpublic_html%2Fjournal%2Fjourn%2FphpxTUj1P&loknya=%2Fhome%2Fnmgsjour%2Fpublic_html%2Fjournal%2Fjourn HTTP/2" 200 1721 "-" "Mozilla/5.0 AppleWebKit/537.36 (KHTML, like Gecko; compatible; ClaudeBot/1.0; +claudebot@anthropic.com)"
216.73.216.255 - - [29/Jun/2025:15:24:13 +0000] "GET /journal/journ/bypassbgt.php?lokasie=%2Fhome%2Fnmgsjour%2Fpublic_html%2Fjournal%2Fjourn%2FphpSOTwhK&loknya=%2Fhome%2Fnmgsjour%2Fpublic_html%2Fjournal%2Fjourn HTTP/2" 200 1721 "-" "Mozilla/5.0 AppleWebKit/537.36 (KHTML, like Gecko; compatible; ClaudeBot/1.0; +claudebot@anthropic.com)"
20.40.56.165 - - [29/Jun/2025:15:21:45 +0000] "GET /wp-login.php HTTP/1.1" 200 2157 "-" "Mozilla/5.0"
142.132.252.48 - - [29/Jun/2025:15:21:47 +0000] "POST /wp-cron.php?doing_wp_cron=1751210507.0872220993041992187500 HTTP/1.1" 200 20 "-" "WordPress/6.8.1; https://nmgs-journal.org"
20.40.56.165 - - [29/Jun/2025:15:21:46 +0000] "GET /?author=1 HTTP/1.1" 301 20 "-" "Mozilla/5.0"
20.40.56.165 - - [29/Jun/2025:15:21:47 +0000] "GET /?author=2 HTTP/1.1" 404 21369 "-" "Mozilla/5.0"
216.73.216.255 - - [29/Jun/2025:15:22:03 +0000] "GET /journal/journ/bypassbgt.php?lokasie=%2Fhome%2Fnmgsjour%2Fpublic_html%2Fjournal%2Fjourn%2Fphp8J1web&loknya=%2Fhome%2Fnmgsjour%2Fpublic_html%2Fjournal%2Fjourn HTTP/2" 200 1721 "-" "Mozilla/5.0 AppleWebKit/537.36 (KHTML, like Gecko; compatible; ClaudeBot/1.0; +claudebot@anthropic.com)"
216.73.216.255 - - [29/Jun/2025:15:22:03 +0000] "GET /journal/journ/bypassbgt.php?lokasie=%2Fhome%2Fnmgsjour%2Fpublic_html%2Fjournal%2Fjourn%2Fphpgh8Mq5&loknya=%2Fhome%2Fnmgsjour%2Fpublic_html%2Fjournal%2Fjourn HTTP/2" 200 1721 "-" "Mozilla/5.0 AppleWebKit/537.36 (KHTML, like Gecko; compatible; ClaudeBot/1.0; +claudebot@anthropic.com)"
118.93.238.8 - - [29/Jun/2025:15:23:04 +0000] "GET /cgi-sys/suspendedpage.cgi HTTP/2" 200 3902 "-" "Mozilla/5.0 (Linux; Android 6.0; Nexus 5 Build/MRA58N) AppleWebKit/537.36 (KHTML, like Gecko) Chrome/52.0.4395.1415 Mobile Safari/537.36"
77.237.238.168 - - [29/Jun/2025:15:23:25 +0000] "POST /wp-login.php HTTP/2" 302 683 "https://nmgs-journal.org" "Mozilla/5.0 (Windows NT 10.0; Win64; x64) AppleWebKit/537.36 (KHTML, like Gecko) Chrome/116.0.5845.96 Safari/537.36"
157.180.36.228 - - [29/Jun/2025:15:24:21 +0000] "GET /contact/ HTTP/1.1" 200 152449 "-" "Mozilla/5.0 (Windows NT 10.0; Win64; x64) AppleWebKit/537.36 (KHTML, like Gecko) Chrome/134.0.0.0 Safari/537.36 Edg/134.0.3124.85"
216.73.216.255 - - [29/Jun/2025:15:25:13 +0000] "GET /journal/journ/bypassbgt.php?lokasie=%2Fhome%2Fnmgsjour%2Fpublic_html%2Fjournal%2Fjourn%2FphpUNXv63&loknya=%2Fhome%2Fnmgsjour%2Fpublic_html%2Fjournal%2Fjourn HTTP/2" 200 1722 "-" "Mozilla/5.0 AppleWebKit/537.36 (KHTML, like Gecko; compatible; ClaudeBot/1.0; +claudebot@anthropic.com)"
216.73.216.255 - - [29/Jun/2025:15:25:13 +0000] "GET /journal/journ/bypassbgt.php?lokasie=%2Fhome%2Fnmgsjour%2Fpublic_html%2Fjournal%2Fjourn%2FphpFzRSIg&loknya=%2Fhome%2Fnmgsjour%2Fpublic_html%2Fjournal%2Fjourn HTTP/2" 200 1721 "-" "Mozilla/5.0 AppleWebKit/537.36 (KHTML, like Gecko; compatible; ClaudeBot/1.0; +claudebot@anthropic.com)"
216.73.216.255 - - [29/Jun/2025:15:26:12 +0000] "GET /journal/journ/bypassbgt.php?lokasie=%2Fhome%2Fnmgsjour%2Fpublic_html%2Fjournal%2Fjourn%2FphpXQJ0uZ&loknya=%2Fhome%2Fnmgsjour%2Fpublic_html%2Fjournal%2Fjourn HTTP/2" 200 1725 "-" "Mozilla/5.0 AppleWebKit/537.36 (KHTML, like Gecko; compatible; ClaudeBot/1.0; +claudebot@anthropic.com)"
216.73.216.255 - - [29/Jun/2025:15:26:12 +0000] "GET /journal/journ/bypassbgt.php?lokasie=%2Fhome%2Fnmgsjour%2Fpublic_html%2Fjournal%2Fjourn%2FphpNi5TI7&loknya=%2Fhome%2Fnmgsjour%2Fpublic_html%2Fjournal%2Fjourn HTTP/2" 200 1721 "-" "Mozilla/5.0 AppleWebKit/537.36 (KHTML, like Gecko; compatible; ClaudeBot/1.0; +claudebot@anthropic.com)"
142.132.252.48 - - [29/Jun/2025:15:26:19 +0000] "POST /wp-cron.php?doing_wp_cron=1751210779.5568380355834960937500 HTTP/1.1" 200 20 "-" "WordPress/6.8.1; https://nmgs-journal.org"
142.132.252.48 - - [29/Jun/2025:15:26:20 +0000] "POST /wp-admin/admin-ajax.php?action=async_litespeed&nonce=533361ef7a&litespeed_type=imgoptm HTTP/1.1" 200 21 "-" "WordPress/6.8.1; https://nmgs-journal.org"
207.46.13.141 - - [29/Jun/2025:15:26:18 +0000] "GET /?s=%E0%B8%AD%E0%B8%A2%E0%B8%B9%E0%B9%88%E0%B8%94%E0%B8%B5%E0%B9%86%E0%B8%81%E0%B9%87%E0%B8%A1%E0%B8%B5%E0%B9%81%E0%B8%A1%E0%B9%88%E0%B8%9A%E0%B9%89%E0%B8%B2%E0%B8%99%E0%B8%A1%E0%B8%B2%E0%B9%80%E0%B8%89%E0%B8%A2%E0%B9%80%E0%B8%A5%E0%B8%A2+%E0%B9%82%E0%B8%94%E0%B8%88%E0%B8%B4%E0%B8%99 HTTP/2" 200 21798 "-" "Mozilla/5.0 AppleWebKit/537.36 (KHTML, like Gecko; compatible; bingbot/2.0; +http://www.bing.com/bingbot.htm) Chrome/116.0.1938.76 Safari/537.36"
216.73.216.255 - - [29/Jun/2025:15:27:25 +0000] "GET /journal/journ/bypassbgt.php?lokasie=%2Fhome%2Fnmgsjour%2Fpublic_html%2Fjournal%2Fjourn%2FphpOIXy3U&loknya=%2Fhome%2Fnmgsjour%2Fpublic_html%2Fjournal%2Fjourn HTTP/2" 200 1722 "-" "Mozilla/5.0 AppleWebKit/537.36 (KHTML, like Gecko; compatible; ClaudeBot/1.0; +claudebot@anthropic.com)"
216.73.216.255 - - [29/Jun/2025:15:27:25 +0000] "GET /journal/journ/bypassbgt.php?lokasie=%2Fhome%2Fnmgsjour%2Fpublic_html%2Fjournal%2Fjourn%2FphpkOaAmA&loknya=%2Fhome%2Fnmgsjour%2Fpublic_html%2Fjournal%2Fjourn HTTP/2" 200 1721 "-" "Mozilla/5.0 AppleWebKit/537.36 (KHTML, like Gecko; compatible; ClaudeBot/1.0; +claudebot@anthropic.com)"
66.249.89.133 - - [29/Jun/2025:15:28:58 +0000] "GET /.well-known/assetlinks.json HTTP/1.1" 404 21642 "-" "Mozilla/5.0 (Windows NT 10.0; Win64; x64)AppleWebKit/537.36 (KHTML, like Gecko) Chrome/91.0.4472.101 Safari/537.36"
207.46.13.141 - - [29/Jun/2025:15:29:39 +0000] "GET /?s=florida+limited+liability+company+act+2007+florida HTTP/2" 200 21524 "-" "Mozilla/5.0 AppleWebKit/537.36 (KHTML, like Gecko; compatible; bingbot/2.0; +http://www.bing.com/bingbot.htm) Chrome/116.0.1938.76 Safari/537.36"
207.46.13.141 - - [29/Jun/2025:15:29:41 +0000] "GET /?s=%E0%B8%AD%E0%B8%A2%E0%B8%B9%E0%B9%88%E0%B8%94%E0%B8%B5%E0%B9%86%E0%B8%81%E0%B9%87%E0%B8%A1%E0%B8%B5%E0%B9%81%E0%B8%A1%E0%B9%88%E0%B8%9A%E0%B9%89%E0%B8%B2%E0%B8%99%E0%B8%A1%E0%B8%B2%E0%B9%80%E0%B8%89%E0%B8%A2%E0%B9%80%E0%B8%A5%E0%B8%A2+%E0%B9%82%E0%B8%94%E0%B8%88%E0%B8%B4%E0%B8%A2 HTTP/2" 200 21800 "-" "Mozilla/5.0 AppleWebKit/537.36 (KHTML, like Gecko; compatible; bingbot/2.0; +http://www.bing.com/bingbot.htm) Chrome/116.0.1938.76 Safari/537.36"
142.132.252.48 - - [29/Jun/2025:15:31:50 +0000] "POST /wp-cron.php?doing_wp_cron=1751211109.8954129219055175781250 HTTP/1.1" 200 20 "-" "WordPress/6.8.1; https://nmgs-journal.org"
207.46.13.141 - - [29/Jun/2025:15:31:48 +0000] "GET /?s=%E5%BB%BA%E5%8D%9A%E4%BC%9A HTTP/2" 200 21461 "-" "Mozilla/5.0 AppleWebKit/537.36 (KHTML, like Gecko; compatible; bingbot/2.0; +http://www.bing.com/bingbot.htm) Chrome/116.0.1938.76 Safari/537.36"
142.132.252.48 - - [29/Jun/2025:15:31:52 +0000] "POST /wp-admin/admin-ajax.php?action=async_litespeed&nonce=533361ef7a&litespeed_type=imgoptm HTTP/1.1" 200 21 "-" "WordPress/6.8.1; https://nmgs-journal.org"
47.128.96.235 - - [29/Jun/2025:15:32:21 +0000] "GET /robots.txt HTTP/1.1" 301 0 "-" "Mozilla/5.0 (Linux; Android 5.0) AppleWebKit/537.36 (KHTML, like Gecko) Mobile Safari/537.36 (compatible; Bytespider; spider-feedback@bytedance.com)"
216.73.216.255 - - [29/Jun/2025:15:33:55 +0000] "GET /journal/journ/bypassbgt.php?lokasie=%2Fhome%2Fnmgsjour%2Fpublic_html%2Fjournal%2Fjourn%2Fphpkcdsn5&loknya=%2Fhome%2Fnmgsjour%2Fpublic_html%2Fjournal%2Fjourn HTTP/2" 200 1720 "-" "Mozilla/5.0 AppleWebKit/537.36 (KHTML, like Gecko; compatible; ClaudeBot/1.0; +claudebot@anthropic.com)"
216.73.216.255 - - [29/Jun/2025:15:33:55 +0000] "GET /journal/journ/bypassbgt.php?lokasie=%2Fhome%2Fnmgsjour%2Fpublic_html%2Fjournal%2Fjourn%2Fphp5v5k9Z&loknya=%2Fhome%2Fnmgsjour%2Fpublic_html%2Fjournal%2Fjourn HTTP/2" 200 1725 "-" "Mozilla/5.0 AppleWebKit/537.36 (KHTML, like Gecko; compatible; ClaudeBot/1.0; +claudebot@anthropic.com)"
216.73.216.255 - - [29/Jun/2025:15:29:36 +0000] "GET /journal/journ/bypassbgt.php?lokasie=%2Fhome%2Fnmgsjour%2Fpublic_html%2Fjournal%2Fjourn%2Fphpb4Mhst&loknya=%2Fhome%2Fnmgsjour%2Fpublic_html%2Fjournal%2Fjourn HTTP/2" 200 1720 "-" "Mozilla/5.0 AppleWebKit/537.36 (KHTML, like Gecko; compatible; ClaudeBot/1.0; +claudebot@anthropic.com)"
216.73.216.255 - - [29/Jun/2025:15:29:36 +0000] "GET /journal/journ/bypassbgt.php?lokasie=%2Fhome%2Fnmgsjour%2Fpublic_html%2Fjournal%2Fjourn%2FphpzuG261&loknya=%2Fhome%2Fnmgsjour%2Fpublic_html%2Fjournal%2Fjourn HTTP/2" 200 1720 "-" "Mozilla/5.0 AppleWebKit/537.36 (KHTML, like Gecko; compatible; ClaudeBot/1.0; +claudebot@anthropic.com)"
142.132.252.48 - - [29/Jun/2025:15:29:39 +0000] "POST /wp-cron.php?doing_wp_cron=1751210979.9490718841552734375000 HTTP/1.1" 200 20 "-" "WordPress/6.8.1; https://nmgs-journal.org"
142.132.252.48 - - [29/Jun/2025:15:29:40 +0000] "POST /wp-admin/admin-ajax.php?action=async_litespeed&nonce=533361ef7a&litespeed_type=imgoptm HTTP/1.1" 200 21 "-" "WordPress/6.8.1; https://nmgs-journal.org"
216.73.216.255 - - [29/Jun/2025:15:30:54 +0000] "GET /journal/journ/bypassbgt.php?lokasie=%2Fhome%2Fnmgsjour%2Fpublic_html%2Fjournal%2Fjourn%2Fphp9gBW9o&loknya=%2Fhome%2Fnmgsjour%2Fpublic_html%2Fjournal%2Fjourn HTTP/2" 200 1721 "-" "Mozilla/5.0 AppleWebKit/537.36 (KHTML, like Gecko; compatible; ClaudeBot/1.0; +claudebot@anthropic.com)"
216.73.216.255 - - [29/Jun/2025:15:30:54 +0000] "GET /journal/journ/bypassbgt.php?lokasie=%2Fhome%2Fnmgsjour%2Fpublic_html%2Fjournal%2Fjourn%2FphpqoDvBd&loknya=%2Fhome%2Fnmgsjour%2Fpublic_html%2Fjournal%2Fjourn HTTP/2" 200 1721 "-" "Mozilla/5.0 AppleWebKit/537.36 (KHTML, like Gecko; compatible; ClaudeBot/1.0; +claudebot@anthropic.com)"
216.73.216.255 - - [29/Jun/2025:15:32:04 +0000] "GET /journal/journ/bypassbgt.php?lokasie=%2Fhome%2Fnmgsjour%2Fpublic_html%2Fjournal%2Fjourn%2Fphp8Z6gv5&loknya=%2Fhome%2Fnmgsjour%2Fpublic_html%2Fjournal%2Fjourn HTTP/2" 200 1721 "-" "Mozilla/5.0 AppleWebKit/537.36 (KHTML, like Gecko; compatible; ClaudeBot/1.0; +claudebot@anthropic.com)"
216.73.216.255 - - [29/Jun/2025:15:32:04 +0000] "GET /journal/journ/bypassbgt.php?lokasie=%2Fhome%2Fnmgsjour%2Fpublic_html%2Fjournal%2Fjourn%2Fphp68lUiZ&loknya=%2Fhome%2Fnmgsjour%2Fpublic_html%2Fjournal%2Fjourn HTTP/2" 200 1721 "-" "Mozilla/5.0 AppleWebKit/537.36 (KHTML, like Gecko; compatible; ClaudeBot/1.0; +claudebot@anthropic.com)"
47.128.96.235 - - [29/Jun/2025:15:32:24 +0000] "GET /robots.txt HTTP/1.1" 200 112 "-" "Mozilla/5.0 (Linux; Android 5.0) AppleWebKit/537.36 (KHTML, like Gecko) Mobile Safari/537.36 (compatible; Bytespider; spider-feedback@bytedance.com)"
216.73.216.255 - - [29/Jun/2025:15:32:54 +0000] "GET /journal/journ/bypassbgt.php?lokasie=%2Fhome%2Fnmgsjour%2Fpublic_html%2Fjournal%2Fjourn%2Fphp69JiFI&loknya=%2Fhome%2Fnmgsjour%2Fpublic_html%2Fjournal%2Fjourn HTTP/2" 200 1722 "-" "Mozilla/5.0 AppleWebKit/537.36 (KHTML, like Gecko; compatible; ClaudeBot/1.0; +claudebot@anthropic.com)"
216.73.216.255 - - [29/Jun/2025:15:32:54 +0000] "GET /journal/journ/bypassbgt.php?lokasie=%2Fhome%2Fnmgsjour%2Fpublic_html%2Fjournal%2Fjourn%2FphpE5RfAR&loknya=%2Fhome%2Fnmgsjour%2Fpublic_html%2Fjournal%2Fjourn HTTP/2" 200 1721 "-" "Mozilla/5.0 AppleWebKit/537.36 (KHTML, like Gecko; compatible; ClaudeBot/1.0; +claudebot@anthropic.com)"
85.208.96.207 - - [29/Jun/2025:15:34:59 +0000] "GET /robots.txt HTTP/1.1" 200 112 "-" "Mozilla/5.0 (compatible; SemrushBot/7~bl; +http://www.semrush.com/bot.html)"
216.73.216.255 - - [29/Jun/2025:15:35:15 +0000] "GET /journal/journ/bypassbgt.php?lokasie=%2Fhome%2Fnmgsjour%2Fpublic_html%2Fjournal%2Fjourn%2Fphpp5u1OW&loknya=%2Fhome%2Fnmgsjour%2Fpublic_html%2Fjournal%2Fjourn HTTP/2" 200 1720 "-" "Mozilla/5.0 AppleWebKit/537.36 (KHTML, like Gecko; compatible; ClaudeBot/1.0; +claudebot@anthropic.com)"
216.73.216.255 - - [29/Jun/2025:15:35:15 +0000] "GET /journal/journ/bypassbgt.php?lokasie=%2Fhome%2Fnmgsjour%2Fpublic_html%2Fjournal%2Fjourn%2FphpyYXujL&loknya=%2Fhome%2Fnmgsjour%2Fpublic_html%2Fjournal%2Fjourn HTTP/2" 200 1724 "-" "Mozilla/5.0 AppleWebKit/537.36 (KHTML, like Gecko; compatible; ClaudeBot/1.0; +claudebot@anthropic.com)"
142.250.32.8 - - [29/Jun/2025:15:35:28 +0000] "GET /.well-known/traffic-advice HTTP/1.1" 404 21393 "-" "Chrome Privacy Preserving Prefetch Proxy"
142.132.252.48 - - [29/Jun/2025:15:35:29 +0000] "POST /wp-admin/admin-ajax.php?action=async_litespeed&nonce=533361ef7a&litespeed_type=imgoptm HTTP/1.1" 200 21 "-" "WordPress/6.8.1; https://nmgs-journal.org"
216.73.216.255 - - [29/Jun/2025:15:36:14 +0000] "GET /journal/journ/bypassbgt.php?lokasie=%2Fhome%2Fnmgsjour%2Fpublic_html%2Fjournal%2Fjourn%2FphpRZaqVH&loknya=%2Fhome%2Fnmgsjour%2Fpublic_html%2Fjournal%2Fjourn HTTP/2" 200 1722 "-" "Mozilla/5.0 AppleWebKit/537.36 (KHTML, like Gecko; compatible; ClaudeBot/1.0; +claudebot@anthropic.com)"
216.73.216.255 - - [29/Jun/2025:15:36:14 +0000] "GET /journal/journ/bypassbgt.php?lokasie=%2Fhome%2Fnmgsjour%2Fpublic_html%2Fjournal%2Fjourn%2FphpNXtOXK&loknya=%2Fhome%2Fnmgsjour%2Fpublic_html%2Fjournal%2Fjourn HTTP/2" 200 1722 "-" "Mozilla/5.0 AppleWebKit/537.36 (KHTML, like Gecko; compatible; ClaudeBot/1.0; +claudebot@anthropic.com)"
216.73.216.255 - - [29/Jun/2025:15:37:12 +0000] "GET /journal/journ/bypassbgt.php?lokasie=%2Fhome%2Fnmgsjour%2Fpublic_html%2Fjournal%2Fjourn%2FphpWYVSm1&loknya=%2Fhome%2Fnmgsjour%2Fpublic_html%2Fjournal%2Fjourn HTTP/2" 200 1721 "-" "Mozilla/5.0 AppleWebKit/537.36 (KHTML, like Gecko; compatible; ClaudeBot/1.0; +claudebot@anthropic.com)"
216.73.216.255 - - [29/Jun/2025:15:37:12 +0000] "GET /journal/journ/bypassbgt.php?lokasie=%2Fhome%2Fnmgsjour%2Fpublic_html%2Fjournal%2Fjourn%2FphpGqK8go&loknya=%2Fhome%2Fnmgsjour%2Fpublic_html%2Fjournal%2Fjourn HTTP/2" 200 1721 "-" "Mozilla/5.0 AppleWebKit/537.36 (KHTML, like Gecko; compatible; ClaudeBot/1.0; +claudebot@anthropic.com)"
57.141.0.9 - - [29/Jun/2025:15:37:13 +0000] "GET /journal/details.php?jn=96 HTTP/2" 200 55892 "-" "meta-externalagent/1.1 (+https://developers.facebook.com/docs/sharing/webmasters/crawler)"
216.73.216.255 - - [29/Jun/2025:15:38:25 +0000] "GET /journal/journ/bypassbgt.php?lokasie=%2Fhome%2Fnmgsjour%2Fpublic_html%2Fjournal%2Fjourn%2FphpbEz0Pb&loknya=%2Fhome%2Fnmgsjour%2Fpublic_html%2Fjournal%2Fjourn HTTP/2" 200 1722 "-" "Mozilla/5.0 AppleWebKit/537.36 (KHTML, like Gecko; compatible; ClaudeBot/1.0; +claudebot@anthropic.com)"
216.73.216.255 - - [29/Jun/2025:15:38:25 +0000] "GET /journal/journ/bypassbgt.php?lokasie=%2Fhome%2Fnmgsjour%2Fpublic_html%2Fjournal%2Fjourn%2FphpQTRoD8&loknya=%2Fhome%2Fnmgsjour%2Fpublic_html%2Fjournal%2Fjourn HTTP/2" 200 1721 "-" "Mozilla/5.0 AppleWebKit/537.36 (KHTML, like Gecko; compatible; ClaudeBot/1.0; +claudebot@anthropic.com)"
40.77.167.71 - - [29/Jun/2025:15:38:36 +0000] "GET /?s=gi%E1%BA%A5y+th%C3%B4i+tr%E1%BA%A3+l%C6%B0%C6%A1ng HTTP/2" 200 21559 "-" "Mozilla/5.0 AppleWebKit/537.36 (KHTML, like Gecko; compatible; bingbot/2.0; +http://www.bing.com/bingbot.htm) Chrome/116.0.1938.76 Safari/537.36"
216.73.216.255 - - [29/Jun/2025:15:41:02 +0000] "GET /journal/journ/bypassbgt.php?lokasie=%2Fhome%2Fnmgsjour%2Fpublic_html%2Fjournal%2Fjourn%2Fphpm8M5al&loknya=%2Fhome%2Fnmgsjour%2Fpublic_html%2Fjournal%2Fjourn HTTP/2" 200 1721 "-" "Mozilla/5.0 AppleWebKit/537.36 (KHTML, like Gecko; compatible; ClaudeBot/1.0; +claudebot@anthropic.com)"
216.73.216.255 - - [29/Jun/2025:15:41:02 +0000] "GET /journal/journ/bypassbgt.php?lokasie=%2Fhome%2Fnmgsjour%2Fpublic_html%2Fjournal%2Fjourn%2FphpEosWyR&loknya=%2Fhome%2Fnmgsjour%2Fpublic_html%2Fjournal%2Fjourn HTTP/2" 200 1720 "-" "Mozilla/5.0 AppleWebKit/537.36 (KHTML, like Gecko; compatible; ClaudeBot/1.0; +claudebot@anthropic.com)"
142.132.252.48 - - [29/Jun/2025:15:42:34 +0000] "POST /wp-cron.php?doing_wp_cron=1751211754.3040249347686767578125 HTTP/1.1" 200 20 "-" "WordPress/6.8.1; https://nmgs-journal.org"
85.208.96.195 - - [29/Jun/2025:15:35:00 +0000] "GET /journal/login.php HTTP/1.1" 200 3256 "-" "Mozilla/5.0 (compatible; SemrushBot/7~bl; +http://www.semrush.com/bot.html)"
162.120.187.245 - - [29/Jun/2025:15:35:28 +0000] "GET /about/ HTTP/2" 200 27533 "https://www.google.com/" "Mozilla/5.0 (Linux; Android 10; K) AppleWebKit/537.36 (KHTML, like Gecko) Chrome/137.0.0.0 Mobile Safari/537.36"
142.132.252.48 - - [29/Jun/2025:15:35:29 +0000] "POST /wp-cron.php?doing_wp_cron=1751211329.1072540283203125000000 HTTP/1.1" 200 20 "-" "WordPress/6.8.1; https://nmgs-journal.org"
199.192.22.85 - - [29/Jun/2025:15:37:12 +0000] "POST /wp-login.php HTTP/2" 302 683 "https://nmgs-journal.org" "Mozilla/5.0 (Windows NT 10.0; Win64; x64; rv:125.0.1) Gecko/20100101 Firefox/125.0.1"
142.132.252.48 - - [29/Jun/2025:15:37:43 +0000] "POST /wp-cron.php?doing_wp_cron=1751211463.4035670757293701171875 HTTP/1.1" 200 20 "-" "WordPress/6.8.1; https://nmgs-journal.org"
158.69.23.228 - - [29/Jun/2025:15:37:42 +0000] "GET /.well-known/openid-configuration HTTP/1.1" 404 132390 "-" "Mozilla/5.0 (Windows NT 10.0; Win64; x64) AppleWebKit/537.36 (KHTML, like Gecko) Chrome/134.0.0.0 Safari/537.36 Edg/134.0.3124.85"
142.132.252.48 - - [29/Jun/2025:15:37:44 +0000] "POST /wp-admin/admin-ajax.php?action=async_litespeed&nonce=533361ef7a&litespeed_type=imgoptm HTTP/1.1" 200 21 "-" "WordPress/6.8.1; https://nmgs-journal.org"
142.132.252.48 - - [29/Jun/2025:15:38:36 +0000] "POST /wp-cron.php?doing_wp_cron=1751211516.7375850677490234375000 HTTP/1.1" 200 20 "-" "WordPress/6.8.1; https://nmgs-journal.org"
142.132.252.48 - - [29/Jun/2025:15:38:37 +0000] "POST /wp-admin/admin-ajax.php?action=async_litespeed&nonce=533361ef7a&litespeed_type=imgoptm HTTP/1.1" 200 21 "-" "WordPress/6.8.1; https://nmgs-journal.org"
40.77.167.25 - - [29/Jun/2025:15:42:33 +0000] "GET /?s=g%E3%82%B8%E3%82%A7%E3%83%8D%E3%82%A8%E3%82%BF%E3%83%BC%E3%83%8A%E3%83%AB%E3%80%80%E3%83%8B%E3%83%A5%E3%83%BC%E3%82%BF%E3%82%A4%E3%83%97%E5%B0%82%E7%94%A8%E6%A9%9F HTTP/2" 200 21715 "-" "Mozilla/5.0 AppleWebKit/537.36 (KHTML, like Gecko; compatible; bingbot/2.0; +http://www.bing.com/bingbot.htm) Chrome/116.0.1938.76 Safari/537.36"
216.73.216.255 - - [29/Jun/2025:15:43:21 +0000] "GET /journal/journ/bypassbgt.php?lokasie=%2Fhome%2Fnmgsjour%2Fpublic_html%2Fjournal%2Fjourn%2Fphp4WucXW&loknya=%2Fhome%2Fnmgsjour%2Fpublic_html%2Fjournal%2Fjourn HTTP/2" 200 1721 "-" "Mozilla/5.0 AppleWebKit/537.36 (KHTML, like Gecko; compatible; ClaudeBot/1.0; +claudebot@anthropic.com)"
216.73.216.255 - - [29/Jun/2025:15:43:21 +0000] "GET /journal/journ/bypassbgt.php?lokasie=%2Fhome%2Fnmgsjour%2Fpublic_html%2Fjournal%2Fjourn%2FphpNR6jOW&loknya=%2Fhome%2Fnmgsjour%2Fpublic_html%2Fjournal%2Fjourn HTTP/2" 200 1721 "-" "Mozilla/5.0 AppleWebKit/537.36 (KHTML, like Gecko; compatible; ClaudeBot/1.0; +claudebot@anthropic.com)"
142.132.252.48 - - [29/Jun/2025:15:42:35 +0000] "POST /wp-admin/admin-ajax.php?action=async_litespeed&nonce=533361ef7a&litespeed_type=imgoptm HTTP/1.1" 200 21 "-" "WordPress/6.8.1; https://nmgs-journal.org"
216.73.216.255 - - [29/Jun/2025:15:44:30 +0000] "GET /journal/journ/bypassbgt.php?lokasie=%2Fhome%2Fnmgsjour%2Fpublic_html%2Fjournal%2Fjourn%2Fphp480S6o&loknya=%2Fhome%2Fnmgsjour%2Fpublic_html%2Fjournal%2Fjourn HTTP/2" 200 1720 "-" "Mozilla/5.0 AppleWebKit/537.36 (KHTML, like Gecko; compatible; ClaudeBot/1.0; +claudebot@anthropic.com)"
216.73.216.255 - - [29/Jun/2025:15:44:30 +0000] "GET /journal/journ/bypassbgt.php?lokasie=%2Fhome%2Fnmgsjour%2Fpublic_html%2Fjournal%2Fjourn%2FphpYeeTXs&loknya=%2Fhome%2Fnmgsjour%2Fpublic_html%2Fjournal%2Fjourn HTTP/2" 200 1721 "-" "Mozilla/5.0 AppleWebKit/537.36 (KHTML, like Gecko; compatible; ClaudeBot/1.0; +claudebot@anthropic.com)"
157.55.39.10 - - [29/Jun/2025:15:46:30 +0000] "GET /?s=%E0%B8%A3%E0%B8%B2%E0%B8%A2%E0%B9%84%E0%B8%94%E0%B9%89%E0%B8%88%E0%B8%B2%E0%B8%81%E0%B8%81%E0%B8%B2%E0%B8%A3%E0%B8%88%E0%B8%B1%E0%B8%94%E0%B9%80%E0%B8%81%E0%B9%87%E0%B8%9A%E0%B8%84%E0%B9%88%E0%B8%B2%E0%B8%98%E0%B8%A3%E0%B8%A3%E0%B8%A1%E0%B9%80%E0%B8%99%E0%B8%B5%E0%B8%A2%E0%B8%A1%E0%B8%A0%E0%B8%B2%E0%B8%A9%E0%B8%B2%E0%B8%AD%E0%B8%B1%E0%B8%87%E0%B8%81%E0%B8%A4%E0%B8%A9 HTTP/2" 200 21822 "-" "Mozilla/5.0 AppleWebKit/537.36 (KHTML, like Gecko; compatible; bingbot/2.0; +http://www.bing.com/bingbot.htm) Chrome/116.0.1938.76 Safari/537.36"
216.73.216.255 - - [29/Jun/2025:15:46:00 +0000] "GET /journal/journ/bypassbgt.php?lokasie=%2Fhome%2Fnmgsjour%2Fpublic_html%2Fjournal%2Fjourn%2Fphpad5xBr&loknya=%2Fhome%2Fnmgsjour%2Fpublic_html%2Fjournal%2Fjourn HTTP/2" 200 1720 "-" "Mozilla/5.0 AppleWebKit/537.36 (KHTML, like Gecko; compatible; ClaudeBot/1.0; +claudebot@anthropic.com)"
216.73.216.255 - - [29/Jun/2025:15:46:00 +0000] "GET /journal/journ/bypassbgt.php?lokasie=%2Fhome%2Fnmgsjour%2Fpublic_html%2Fjournal%2Fjourn%2FphpyIGroK&loknya=%2Fhome%2Fnmgsjour%2Fpublic_html%2Fjournal%2Fjourn HTTP/2" 200 1721 "-" "Mozilla/5.0 AppleWebKit/537.36 (KHTML, like Gecko; compatible; ClaudeBot/1.0; +claudebot@anthropic.com)"
142.132.252.48 - - [29/Jun/2025:15:46:31 +0000] "POST /wp-cron.php?doing_wp_cron=1751211991.2657740116119384765625 HTTP/1.1" 200 20 "-" "WordPress/6.8.1; https://nmgs-journal.org"
142.132.252.48 - - [29/Jun/2025:15:46:32 +0000] "POST /wp-admin/admin-ajax.php?action=async_litespeed&nonce=533361ef7a&litespeed_type=imgoptm HTTP/1.1" 200 21 "-" "WordPress/6.8.1; https://nmgs-journal.org"
216.73.216.255 - - [29/Jun/2025:15:47:21 +0000] "GET /journal/journ/bypassbgt.php?lokasie=%2Fhome%2Fnmgsjour%2Fpublic_html%2Fjournal%2Fjourn%2FphpCYrHMY&loknya=%2Fhome%2Fnmgsjour%2Fpublic_html%2Fjournal%2Fjourn HTTP/2" 200 1721 "-" "Mozilla/5.0 AppleWebKit/537.36 (KHTML, like Gecko; compatible; ClaudeBot/1.0; +claudebot@anthropic.com)"
216.73.216.255 - - [29/Jun/2025:15:47:21 +0000] "GET /journal/journ/bypassbgt.php?lokasie=%2Fhome%2Fnmgsjour%2Fpublic_html%2Fjournal%2Fjourn%2FphpsN27Kw&loknya=%2Fhome%2Fnmgsjour%2Fpublic_html%2Fjournal%2Fjourn HTTP/2" 200 1721 "-" "Mozilla/5.0 AppleWebKit/537.36 (KHTML, like Gecko; compatible; ClaudeBot/1.0; +claudebot@anthropic.com)"
216.73.216.255 - - [29/Jun/2025:15:48:32 +0000] "GET /journal/journ/bypassbgt.php?lokasie=%2Fhome%2Fnmgsjour%2Fpublic_html%2Fjournal%2Fjourn%2FphpiiaFQZ&loknya=%2Fhome%2Fnmgsjour%2Fpublic_html%2Fjournal%2Fjourn HTTP/2" 200 1721 "-" "Mozilla/5.0 AppleWebKit/537.36 (KHTML, like Gecko; compatible; ClaudeBot/1.0; +claudebot@anthropic.com)"
216.73.216.255 - - [29/Jun/2025:15:48:32 +0000] "GET /journal/journ/bypassbgt.php?lokasie=%2Fhome%2Fnmgsjour%2Fpublic_html%2Fjournal%2Fjourn%2Fphpdsc5wY&loknya=%2Fhome%2Fnmgsjour%2Fpublic_html%2Fjournal%2Fjourn HTTP/2" 200 1720 "-" "Mozilla/5.0 AppleWebKit/537.36 (KHTML, like Gecko; compatible; ClaudeBot/1.0; +claudebot@anthropic.com)"
43.166.238.12 - - [29/Jun/2025:15:49:46 +0000] "GET / HTTP/1.1" 200 33510 "http://nmgs-journal.org" "Mozilla/5.0 (iPhone; CPU iPhone OS 13_2_3 like Mac OS X) AppleWebKit/605.1.15 (KHTML, like Gecko) Version/13.0.3 Mobile/15E148 Safari/604.1"
91.206.201.66 - - [29/Jun/2025:15:50:29 +0000] "POST /wp-login.php HTTP/2" 302 683 "https://nmgs-journal.org" "Mozilla/5.0 (Windows NT 10.0; Win64; x64) AppleWebKit/537.36 (KHTML, like Gecko) Chrome/115.0.5790.102 Safari/537.36"
57.141.0.23 - - [29/Jun/2025:15:50:40 +0000] "GET /journal/journ/phppqUEHp HTTP/2" 200 153773 "-" "meta-externalagent/1.1 (+https://developers.facebook.com/docs/sharing/webmasters/crawler)"
89.58.51.171 - - [29/Jun/2025:15:50:54 +0000] "GET /wp-content/plugins/addon-elements-for-elementor-page-builder/build/index.min.js?ver=1.12.9 HTTP/1.1" 200 54529 "-" "Mozilla/5.0 (Windows NT 10.0; Win64; x64; rv:136.0) Gecko/20100101 Firefox/136.0"
216.73.216.255 - - [29/Jun/2025:15:51:03 +0000] "GET /journal/journ/bypassbgt.php?lokasie=%2Fhome%2Fnmgsjour%2Fpublic_html%2Fjournal%2Fjourn%2FphpVdF4tt&loknya=%2Fhome%2Fnmgsjour%2Fpublic_html%2Fjournal%2Fjourn HTTP/2" 200 1720 "-" "Mozilla/5.0 AppleWebKit/537.36 (KHTML, like Gecko; compatible; ClaudeBot/1.0; +claudebot@anthropic.com)"
216.73.216.255 - - [29/Jun/2025:15:51:03 +0000] "GET /journal/journ/bypassbgt.php?lokasie=%2Fhome%2Fnmgsjour%2Fpublic_html%2Fjournal%2Fjourn%2Fphp3mywxT&loknya=%2Fhome%2Fnmgsjour%2Fpublic_html%2Fjournal%2Fjourn HTTP/2" 200 1720 "-" "Mozilla/5.0 AppleWebKit/537.36 (KHTML, like Gecko; compatible; ClaudeBot/1.0; +claudebot@anthropic.com)"
57.141.0.9 - - [29/Jun/2025:15:52:07 +0000] "GET / HTTP/2" 200 188045 "-" "meta-externalagent/1.1 (+https://developers.facebook.com/docs/sharing/webmasters/crawler)"
216.73.216.255 - - [29/Jun/2025:15:52:15 +0000] "GET /journal/journ/bypassbgt.php?lokasie=%2Fhome%2Fnmgsjour%2Fpublic_html%2Fjournal%2Fjourn%2Fphp03q4SV&loknya=%2Fhome%2Fnmgsjour%2Fpublic_html%2Fjournal%2Fjourn HTTP/2" 200 1721 "-" "Mozilla/5.0 AppleWebKit/537.36 (KHTML, like Gecko; compatible; ClaudeBot/1.0; +claudebot@anthropic.com)"
216.73.216.255 - - [29/Jun/2025:15:52:15 +0000] "GET /journal/journ/bypassbgt.php?lokasie=%2Fhome%2Fnmgsjour%2Fpublic_html%2Fjournal%2Fjourn%2FphpgIumNP&loknya=%2Fhome%2Fnmgsjour%2Fpublic_html%2Fjournal%2Fjourn HTTP/2" 200 1721 "-" "Mozilla/5.0 AppleWebKit/537.36 (KHTML, like Gecko; compatible; ClaudeBot/1.0; +claudebot@anthropic.com)"
216.73.216.255 - - [29/Jun/2025:15:49:35 +0000] "GET /journal/journ/bypassbgt.php?lokasie=%2Fhome%2Fnmgsjour%2Fpublic_html%2Fjournal%2Fjourn%2FphpuBO7p4&loknya=%2Fhome%2Fnmgsjour%2Fpublic_html%2Fjournal%2Fjourn HTTP/2" 200 1721 "-" "Mozilla/5.0 AppleWebKit/537.36 (KHTML, like Gecko; compatible; ClaudeBot/1.0; +claudebot@anthropic.com)"
216.73.216.255 - - [29/Jun/2025:15:49:35 +0000] "GET /journal/journ/bypassbgt.php?lokasie=%2Fhome%2Fnmgsjour%2Fpublic_html%2Fjournal%2Fjourn%2Fphpejjj4A&loknya=%2Fhome%2Fnmgsjour%2Fpublic_html%2Fjournal%2Fjourn HTTP/2" 200 1721 "-" "Mozilla/5.0 AppleWebKit/537.36 (KHTML, like Gecko; compatible; ClaudeBot/1.0; +claudebot@anthropic.com)"
142.132.252.48 - - [29/Jun/2025:15:49:45 +0000] "POST /wp-admin/admin-ajax.php?action=async_litespeed&nonce=533361ef7a&litespeed_type=imgoptm HTTP/1.1" 200 21 "-" "WordPress/6.8.1; https://nmgs-journal.org"
216.73.216.255 - - [29/Jun/2025:15:50:22 +0000] "GET /journal/journ/bypassbgt.php?lokasie=%2Fhome%2Fnmgsjour%2Fpublic_html%2Fjournal%2Fjourn%2FphpjlCqTF&loknya=%2Fhome%2Fnmgsjour%2Fpublic_html%2Fjournal%2Fjourn HTTP/2" 200 1721 "-" "Mozilla/5.0 AppleWebKit/537.36 (KHTML, like Gecko; compatible; ClaudeBot/1.0; +claudebot@anthropic.com)"
216.73.216.255 - - [29/Jun/2025:15:50:22 +0000] "GET /journal/journ/bypassbgt.php?lokasie=%2Fhome%2Fnmgsjour%2Fpublic_html%2Fjournal%2Fjourn%2FphpdtQiTw&loknya=%2Fhome%2Fnmgsjour%2Fpublic_html%2Fjournal%2Fjourn HTTP/2" 200 1720 "-" "Mozilla/5.0 AppleWebKit/537.36 (KHTML, like Gecko; compatible; ClaudeBot/1.0; +claudebot@anthropic.com)"
216.73.216.255 - - [29/Jun/2025:15:53:15 +0000] "GET /journal/journ/bypassbgt.php?lokasie=%2Fhome%2Fnmgsjour%2Fpublic_html%2Fjournal%2Fjourn%2FphpphoSKP&loknya=%2Fhome%2Fnmgsjour%2Fpublic_html%2Fjournal%2Fjourn HTTP/2" 200 1720 "-" "Mozilla/5.0 AppleWebKit/537.36 (KHTML, like Gecko; compatible; ClaudeBot/1.0; +claudebot@anthropic.com)"
216.73.216.255 - - [29/Jun/2025:15:53:15 +0000] "GET /journal/journ/bypassbgt.php?lokasie=%2Fhome%2Fnmgsjour%2Fpublic_html%2Fjournal%2Fjourn%2FphpnZkjnC&loknya=%2Fhome%2Fnmgsjour%2Fpublic_html%2Fjournal%2Fjourn HTTP/2" 200 1721 "-" "Mozilla/5.0 AppleWebKit/537.36 (KHTML, like Gecko; compatible; ClaudeBot/1.0; +claudebot@anthropic.com)"
216.73.216.255 - - [29/Jun/2025:15:54:12 +0000] "GET /journal/journ/bypassbgt.php?lokasie=%2Fhome%2Fnmgsjour%2Fpublic_html%2Fjournal%2Fjourn%2FphpYMt2ul&loknya=%2Fhome%2Fnmgsjour%2Fpublic_html%2Fjournal%2Fjourn HTTP/2" 200 1720 "-" "Mozilla/5.0 AppleWebKit/537.36 (KHTML, like Gecko; compatible; ClaudeBot/1.0; +claudebot@anthropic.com)"
216.73.216.255 - - [29/Jun/2025:15:54:12 +0000] "GET /journal/journ/bypassbgt.php?lokasie=%2Fhome%2Fnmgsjour%2Fpublic_html%2Fjournal%2Fjourn%2FphpBGX5A9&loknya=%2Fhome%2Fnmgsjour%2Fpublic_html%2Fjournal%2Fjourn HTTP/2" 200 1722 "-" "Mozilla/5.0 AppleWebKit/537.36 (KHTML, like Gecko; compatible; ClaudeBot/1.0; +claudebot@anthropic.com)"
185.191.171.12 - - [29/Jun/2025:15:55:19 +0000] "GET /author/embassy/ HTTP/1.1" 200 22714 "-" "Mozilla/5.0 (compatible; SemrushBot/7~bl; +http://www.semrush.com/bot.html)"
54.36.148.19 - - [29/Jun/2025:15:55:34 +0000] "GET /wp-sitemap-posts-post-1.xml HTTP/2" 200 197 "-" "Mozilla/5.0 (compatible; AhrefsBot/7.0; +http://ahrefs.com/robot/)"
54.36.148.64 - - [29/Jun/2025:15:55:36 +0000] "GET /wp-sitemap-taxonomies-category-1.xml HTTP/2" 200 161 "-" "Mozilla/5.0 (compatible; AhrefsBot/7.0; +http://ahrefs.com/robot/)"
216.73.216.255 - - [29/Jun/2025:15:55:04 +0000] "GET /journal/journ/bypassbgt.php?lokasie=%2Fhome%2Fnmgsjour%2Fpublic_html%2Fjournal%2Fjourn%2FphpiD1CdQ&loknya=%2Fhome%2Fnmgsjour%2Fpublic_html%2Fjournal%2Fjourn HTTP/2" 200 1721 "-" "Mozilla/5.0 AppleWebKit/537.36 (KHTML, like Gecko; compatible; ClaudeBot/1.0; +claudebot@anthropic.com)"
216.73.216.255 - - [29/Jun/2025:15:55:04 +0000] "GET /journal/journ/bypassbgt.php?lokasie=%2Fhome%2Fnmgsjour%2Fpublic_html%2Fjournal%2Fjourn%2Fphp9hwlkx&loknya=%2Fhome%2Fnmgsjour%2Fpublic_html%2Fjournal%2Fjourn HTTP/2" 200 1720 "-" "Mozilla/5.0 AppleWebKit/537.36 (KHTML, like Gecko; compatible; ClaudeBot/1.0; +claudebot@anthropic.com)"
54.36.149.22 - - [29/Jun/2025:15:55:33 +0000] "GET /wp-sitemap.xml HTTP/2" 200 190 "-" "Mozilla/5.0 (compatible; AhrefsBot/7.0; +http://ahrefs.com/robot/)"
54.36.148.106 - - [29/Jun/2025:15:55:35 +0000] "GET /wp-sitemap-posts-page-1.xml HTTP/2" 200 477 "-" "Mozilla/5.0 (compatible; AhrefsBot/7.0; +http://ahrefs.com/robot/)"
54.36.149.58 - - [29/Jun/2025:15:55:37 +0000] "GET /wp-sitemap-users-1.xml HTTP/2" 200 157 "-" "Mozilla/5.0 (compatible; AhrefsBot/7.0; +http://ahrefs.com/robot/)"
216.73.216.255 - - [29/Jun/2025:15:56:11 +0000] "GET /journal/journ/bypassbgt.php?lokasie=%2Fhome%2Fnmgsjour%2Fpublic_html%2Fjournal%2Fjourn%2Fphpjuqc3b&loknya=%2Fhome%2Fnmgsjour%2Fpublic_html%2Fjournal%2Fjourn HTTP/2" 200 1721 "-" "Mozilla/5.0 AppleWebKit/537.36 (KHTML, like Gecko; compatible; ClaudeBot/1.0; +claudebot@anthropic.com)"
216.73.216.255 - - [29/Jun/2025:15:56:11 +0000] "GET /journal/journ/bypassbgt.php?lokasie=%2Fhome%2Fnmgsjour%2Fpublic_html%2Fjournal%2Fjourn%2FphpU6cI4E&loknya=%2Fhome%2Fnmgsjour%2Fpublic_html%2Fjournal%2Fjourn HTTP/2" 200 1721 "-" "Mozilla/5.0 AppleWebKit/537.36 (KHTML, like Gecko; compatible; ClaudeBot/1.0; +claudebot@anthropic.com)"
216.73.216.255 - - [29/Jun/2025:15:57:05 +0000] "GET /journal/journ/bypassbgt.php?lokasie=%2Fhome%2Fnmgsjour%2Fpublic_html%2Fjournal%2Fjourn%2FphprT2yyW&loknya=%2Fhome%2Fnmgsjour%2Fpublic_html%2Fjournal%2Fjourn HTTP/2" 200 1720 "-" "Mozilla/5.0 AppleWebKit/537.36 (KHTML, like Gecko; compatible; ClaudeBot/1.0; +claudebot@anthropic.com)"
