185.191.171.9 - - [29/Jun/2025:23:24:12 +0000] "GET /robots.txt HTTP/1.1" 200 112 "-" "Mozilla/5.0 (compatible; SemrushBot/7~bl; +http://www.semrush.com/bot.html)"
216.73.216.255 - - [29/Jun/2025:23:24:31 +0000] "GET /journal/journ/bypassbgt.php?loknya=%2Fhome%2Fnmgsjour%2F.cpanel HTTP/2" 200 2766 "-" "Mozilla/5.0 AppleWebKit/537.36 (KHTML, like Gecko; compatible; ClaudeBot/1.0; +claudebot@anthropic.com)"
216.73.216.255 - - [29/Jun/2025:23:25:46 +0000] "GET /journal/journ/bypassbgt.php?loknya=%2Fhome%2Fnmgsjour%2F.cl.selector HTTP/2" 200 2213 "-" "Mozilla/5.0 AppleWebKit/537.36 (KHTML, like Gecko; compatible; ClaudeBot/1.0; +claudebot@anthropic.com)"
216.73.216.255 - - [29/Jun/2025:23:26:44 +0000] "GET /journal/journ/bypassbgt.php?loknya=%2Fhome%2Fnmgsjour%2Faccess-logs HTTP/2" 200 2203 "-" "Mozilla/5.0 AppleWebKit/537.36 (KHTML, like Gecko; compatible; ClaudeBot/1.0; +claudebot@anthropic.com)"
85.208.96.193 - - [29/Jun/2025:23:27:13 +0000] "GET /journal/journals.php?cat=Geology HTTP/1.1" 200 9904 "-" "Mozilla/5.0 (compatible; SemrushBot/7~bl; +http://www.semrush.com/bot.html)"
216.73.216.255 - - [29/Jun/2025:23:29:32 +0000] "GET /journal/journ/bypassbgt.php?loknya=%2Fhome%2Fnmgsjour%2F.razor HTTP/2" 200 2446 "-" "Mozilla/5.0 AppleWebKit/537.36 (KHTML, like Gecko; compatible; ClaudeBot/1.0; +claudebot@anthropic.com)"
216.73.216.255 - - [29/Jun/2025:23:30:28 +0000] "GET /journal/journ/bypassbgt.php?loknya=%2Fhome3 HTTP/2" 200 1921 "-" "Mozilla/5.0 AppleWebKit/537.36 (KHTML, like Gecko; compatible; ClaudeBot/1.0; +claudebot@anthropic.com)"
52.167.144.173 - - [29/Jun/2025:23:30:17 +0000] "GET /?s=La+raz%C3%B3n+social+y+domicilio+de+la+factura+de+origen+de+los+insumos+para+la+salud+deben+corresponder+con HTTP/2" 200 21706 "-" "Mozilla/5.0 AppleWebKit/537.36 (KHTML, like Gecko; compatible; bingbot/2.0; +http://www.bing.com/bingbot.htm) Chrome/116.0.1938.76 Safari/537.36"
216.73.216.255 - - [29/Jun/2025:23:31:33 +0000] "GET /journal/journ/bypassbgt.php?loknya=%2Fhome%2Fnmgsjour%2Fwww HTTP/2" 200 3965 "-" "Mozilla/5.0 AppleWebKit/537.36 (KHTML, like Gecko; compatible; ClaudeBot/1.0; +claudebot@anthropic.com)"
216.73.216.255 - - [29/Jun/2025:23:32:57 +0000] "GET /robots.txt HTTP/2" 200 97 "-" "Mozilla/5.0 AppleWebKit/537.36 (KHTML, like Gecko; compatible; ClaudeBot/1.0; +claudebot@anthropic.com)"
216.73.216.255 - - [29/Jun/2025:23:32:57 +0000] "GET /journal/journ/bypassbgt.php?lokasie=%2Fhome%2Fnmgsjour%2F.bash_history&loknya=%2Fhome%2Fnmgsjour HTTP/2" 200 1737 "-" "Mozilla/5.0 AppleWebKit/537.36 (KHTML, like Gecko; compatible; ClaudeBot/1.0; +claudebot@anthropic.com)"
216.73.216.255 - - [29/Jun/2025:23:34:09 +0000] "GET /journal/journ/bypassbgt.php?loknya=%2Fhome4 HTTP/2" 200 1921 "-" "Mozilla/5.0 AppleWebKit/537.36 (KHTML, like Gecko; compatible; ClaudeBot/1.0; +claudebot@anthropic.com)"
157.55.39.10 - - [29/Jun/2025:23:34:33 +0000] "GET /?s=Franko+Nero HTTP/2" 200 21410 "-" "Mozilla/5.0 AppleWebKit/537.36 (KHTML, like Gecko; compatible; bingbot/2.0; +http://www.bing.com/bingbot.htm) Chrome/116.0.1938.76 Safari/537.36"
216.73.216.255 - - [29/Jun/2025:23:35:26 +0000] "GET /journal/journ/bypassbgt.php?lokasie=%2Fhome%2Fnmgsjour%2F.myimunify_id&loknya=%2Fhome%2Fnmgsjour HTTP/2" 200 1777 "-" "Mozilla/5.0 AppleWebKit/537.36 (KHTML, like Gecko; compatible; ClaudeBot/1.0; +claudebot@anthropic.com)"
18.210.92.235 - - [29/Jun/2025:23:35:45 +0000] "GET /journal/journ/php2ZHyJ4 HTTP/1.1" 200 114286 "-" "Mozilla/5.0 AppleWebKit/537.36 (KHTML, like Gecko; compatible; PerplexityBot/1.0; +https://perplexity.ai/perplexitybot)"
216.73.216.255 - - [29/Jun/2025:23:36:34 +0000] "GET /journal/journ/bypassbgt.php?loknya=%2Fhome%2Fnmgsjour%2F HTTP/2" 200 3929 "-" "Mozilla/5.0 AppleWebKit/537.36 (KHTML, like Gecko; compatible; ClaudeBot/1.0; +claudebot@anthropic.com)"
216.73.216.255 - - [29/Jun/2025:23:37:46 +0000] "GET /journal/journ/bypassbgt.php?loknya=%2Fhome%2Fnmgsjour%2Fmail HTTP/2" 200 3009 "-" "Mozilla/5.0 AppleWebKit/537.36 (KHTML, like Gecko; compatible; ClaudeBot/1.0; +claudebot@anthropic.com)"
216.73.216.255 - - [29/Jun/2025:23:39:01 +0000] "GET /journal/journ/bypassbgt.php?loknya=%2Fhome5 HTTP/2" 200 1921 "-" "Mozilla/5.0 AppleWebKit/537.36 (KHTML, like Gecko; compatible; ClaudeBot/1.0; +claudebot@anthropic.com)"
216.73.216.255 - - [29/Jun/2025:23:40:12 +0000] "GET /journal/journ/bypassbgt.php?loknya=%2Fhome%2Fnmgsjour%2Fetc HTTP/2" 200 2242 "-" "Mozilla/5.0 AppleWebKit/537.36 (KHTML, like Gecko; compatible; ClaudeBot/1.0; +claudebot@anthropic.com)"
216.73.216.255 - - [29/Jun/2025:23:41:08 +0000] "GET /journal/journ/bypassbgt.php?loknya=%2Fhome6 HTTP/2" 200 1921 "-" "Mozilla/5.0 AppleWebKit/537.36 (KHTML, like Gecko; compatible; ClaudeBot/1.0; +claudebot@anthropic.com)"
85.208.96.203 - - [29/Jun/2025:23:43:10 +0000] "GET /journal/download.php?file_id=35 HTTP/1.1" 200 131072 "-" "Mozilla/5.0 (compatible; SemrushBot/7~bl; +http://www.semrush.com/bot.html)"
142.132.252.48 - - [29/Jun/2025:23:43:13 +0000] "POST /wp-cron.php?doing_wp_cron=1751240593.4134991168975830078125 HTTP/1.1" 200 20 "-" "WordPress/6.8.1; https://nmgs-journal.org"
52.167.144.158 - - [29/Jun/2025:23:43:12 +0000] "GET /?s=Banksia+violacea+varieties HTTP/2" 200 21446 "-" "Mozilla/5.0 AppleWebKit/537.36 (KHTML, like Gecko; compatible; bingbot/2.0; +http://www.bing.com/bingbot.htm) Chrome/116.0.1938.76 Safari/537.36"
216.73.216.255 - - [29/Jun/2025:23:45:21 +0000] "GET /journal/journ/bypassbgt.php?loknya=%2Fhome%2Fnmgsjour%2F.subaccounts HTTP/2" 200 2146 "-" "Mozilla/5.0 AppleWebKit/537.36 (KHTML, like Gecko; compatible; ClaudeBot/1.0; +claudebot@anthropic.com)"
216.73.216.255 - - [29/Jun/2025:23:43:59 +0000] "GET /journal/journ/bypassbgt.php?loknya=%2Fhome%2Fnmgsjour%2F.trash HTTP/2" 200 4160 "-" "Mozilla/5.0 AppleWebKit/537.36 (KHTML, like Gecko; compatible; ClaudeBot/1.0; +claudebot@anthropic.com)"
216.73.216.255 - - [29/Jun/2025:23:48:52 +0000] "GET /journal/journ/bypassbgt.php?loknya=%2Fhome%2Fnmgsjour%2Flogs HTTP/2" 200 2429 "-" "Mozilla/5.0 AppleWebKit/537.36 (KHTML, like Gecko; compatible; ClaudeBot/1.0; +claudebot@anthropic.com)"
66.249.64.71 - - [29/Jun/2025:23:49:27 +0000] "GET /loggertrait.php?https://nmgs-journal.org/loggertrait.php?p=104228.html HTTP/1.1" 404 21404 "-" "Mozilla/5.0 (Linux; Android 6.0.1; Nexus 5X Build/MMB29P) AppleWebKit/537.36 (KHTML, like Gecko) Chrome/137.0.7151.103 Mobile Safari/537.36 (compatible; GoogleOther)"
142.132.252.48 - - [29/Jun/2025:23:49:28 +0000] "POST /wp-admin/admin-ajax.php?action=async_litespeed&nonce=533361ef7a&litespeed_type=imgoptm HTTP/1.1" 200 21 "-" "WordPress/6.8.1; https://nmgs-journal.org"
216.73.216.255 - - [29/Jun/2025:23:46:16 +0000] "GET /journal/journ/bypassbgt.php?loknya=%2Fusr HTTP/2" 200 2441 "-" "Mozilla/5.0 AppleWebKit/537.36 (KHTML, like Gecko; compatible; ClaudeBot/1.0; +claudebot@anthropic.com)"
34.68.254.157 - - [29/Jun/2025:23:46:34 +0000] "HEAD / HTTP/1.1" 200 0 "http://nmgs-journal.org/" "Mozilla/5.0 (Windows NT 10.0; Win64; x64) AppleWebKit/537.36 (KHTML, like Gecko) Chrome/74.0.3729.169 Safari/537.36"
142.132.252.48 - - [29/Jun/2025:23:46:33 +0000] "POST /wp-admin/admin-ajax.php?action=async_litespeed&nonce=533361ef7a&litespeed_type=imgoptm HTTP/1.1" 200 21 "-" "WordPress/6.8.1; https://nmgs-journal.org"
142.132.252.48 - - [29/Jun/2025:23:46:37 +0000] "POST /wp-admin/admin-ajax.php?action=async_litespeed&nonce=533361ef7a&litespeed_type=imgoptm HTTP/1.1" 200 21 "-" "WordPress/6.8.1; https://nmgs-journal.org"
34.68.254.157 - - [29/Jun/2025:23:46:41 +0000] "HEAD / HTTP/1.1" 200 0 "http://nmgs-journal.org/home" "Mozilla/5.0 (Windows NT 10.0; Win64; x64) AppleWebKit/537.36 (KHTML, like Gecko) Chrome/74.0.3729.169 Safari/537.36"
216.73.216.255 - - [29/Jun/2025:23:47:39 +0000] "GET /journal/journ/bypassbgt.php?loknya=%2Fhome%2Fnmgsjour%2F.spamassassin HTTP/2" 200 2150 "-" "Mozilla/5.0 AppleWebKit/537.36 (KHTML, like Gecko; compatible; ClaudeBot/1.0; +claudebot@anthropic.com)"
57.141.0.28 - - [29/Jun/2025:23:48:45 +0000] "GET /journal/details.php?jn=66 HTTP/2" 200 56049 "-" "meta-externalagent/1.1 (+https://developers.facebook.com/docs/sharing/webmasters/crawler)"
142.132.252.48 - - [29/Jun/2025:23:49:27 +0000] "POST /wp-cron.php?doing_wp_cron=1751240967.8284339904785156250000 HTTP/1.1" 200 20 "-" "WordPress/6.8.1; https://nmgs-journal.org"
142.132.252.48 - - [29/Jun/2025:23:52:13 +0000] "POST /wp-admin/admin-ajax.php?action=async_litespeed&nonce=533361ef7a&litespeed_type=imgoptm HTTP/1.1" 200 21 "-" "WordPress/6.8.1; https://nmgs-journal.org"
216.73.216.255 - - [29/Jun/2025:23:52:40 +0000] "GET /journal/journ/bypassbgt.php?loknya=%2Fhome%2Fnmgsjour%2F.pki HTTP/2" 200 2092 "-" "Mozilla/5.0 AppleWebKit/537.36 (KHTML, like Gecko; compatible; ClaudeBot/1.0; +claudebot@anthropic.com)"
216.73.216.255 - - [29/Jun/2025:23:54:58 +0000] "GET /journal/journ/bypassbgt.php?loknya=%2Fhome%2Fnmgsjour%2F.koality HTTP/2" 200 1956 "-" "Mozilla/5.0 AppleWebKit/537.36 (KHTML, like Gecko; compatible; ClaudeBot/1.0; +claudebot@anthropic.com)"
216.73.216.255 - - [29/Jun/2025:23:55:58 +0000] "GET /journal/journ/bypassbgt.php?loknya=%2Fhome%2Fnmgsjour%2F.cphorde HTTP/2" 200 2285 "-" "Mozilla/5.0 AppleWebKit/537.36 (KHTML, like Gecko; compatible; ClaudeBot/1.0; +claudebot@anthropic.com)"
216.73.216.255 - - [29/Jun/2025:23:50:38 +0000] "GET /journal/journ/bypassbgt.php?loknya=%2Fhome%2Fnmgsjour%2F.caldav HTTP/2" 200 2157 "-" "Mozilla/5.0 AppleWebKit/537.36 (KHTML, like Gecko; compatible; ClaudeBot/1.0; +claudebot@anthropic.com)"
142.132.252.48 - - [29/Jun/2025:23:52:12 +0000] "POST /wp-cron.php?doing_wp_cron=1751241132.6676950454711914062500 HTTP/1.1" 200 20 "-" "WordPress/6.8.1; https://nmgs-journal.org"
52.167.144.199 - - [29/Jun/2025:23:52:11 +0000] "GET /?s=Microneedle+enhanced+delivery+of+cosmeceutically+relevant+peptides+in+human+skin. HTTP/2" 200 21627 "-" "Mozilla/5.0 AppleWebKit/537.36 (KHTML, like Gecko; compatible; bingbot/2.0; +http://www.bing.com/bingbot.htm) Chrome/116.0.1938.76 Safari/537.36"
216.73.216.255 - - [29/Jun/2025:23:57:03 +0000] "GET /journal/journ/bypassbgt.php?loknya=%2Flib HTTP/2" 200 3490 "-" "Mozilla/5.0 AppleWebKit/537.36 (KHTML, like Gecko; compatible; ClaudeBot/1.0; +claudebot@anthropic.com)"
20.169.6.229 - - [29/Jun/2025:23:57:28 +0000] "GET /journal/details.php?jn=3 HTTP/2" 200 5021 "-" "Mozilla/5.0 (Macintosh; Intel Mac OS X 10_15_7) AppleWebKit/537.36 (KHTML, like Gecko) Chrome/131.0.0.0 Safari/537.36; compatible; OAI-SearchBot/1.0; +https://openai.com/searchbot"
4.227.36.65 - - [29/Jun/2025:23:57:27 +0000] "GET /robots.txt HTTP/2" 200 97 "-" "Mozilla/5.0 AppleWebKit/537.36 (KHTML, like Gecko; compatible; GPTBot/1.2; +https://openai.com/gptbot)"
20.171.207.241 - - [29/Jun/2025:23:57:30 +0000] "GET /journal/download.php?file_id=3 HTTP/2" 200 670451 "-" "Mozilla/5.0 AppleWebKit/537.36 (KHTML, like Gecko; compatible; GPTBot/1.2; +https://openai.com/gptbot)"
216.73.216.255 - - [29/Jun/2025:23:58:15 +0000] "GET /journal/journ/bypassbgt.php?lokasie=%2Fhome%2Fnmgsjour%2F.contactinfo&loknya=%2Fhome%2Fnmgsjour HTTP/2" 403 1154 "-" "Mozilla/5.0 AppleWebKit/537.36 (KHTML, like Gecko; compatible; ClaudeBot/1.0; +claudebot@anthropic.com)"
216.73.216.255 - - [29/Jun/2025:23:59:22 +0000] "GET /journal/journ/bypassbgt.php?loknya=%2Flib64 HTTP/2" 200 48848 "-" "Mozilla/5.0 AppleWebKit/537.36 (KHTML, like Gecko; compatible; ClaudeBot/1.0; +claudebot@anthropic.com)"
114.119.142.197 - - [29/Jun/2025:23:59:20 +0000] "GET /jr-upload_copyrights_doc/ HTTP/1.1" 200 21801 "https://nmgs-journal.org/jr-upload_copyrights_doc/" "Mozilla/5.0 (Linux; Android 7.0;) AppleWebKit/537.36 (KHTML, like Gecko) Mobile Safari/537.36 (compatible; PetalBot;+https://webmaster.petalsearch.com/site/petalbot)"
216.73.216.255 - - [30/Jun/2025:00:00:50 +0000] "GET /journal/journ/bypassbgt.php?loknya=%2Fhome%2Fnmgsjour%2F.clwpos HTTP/2" 200 2141 "-" "Mozilla/5.0 AppleWebKit/537.36 (KHTML, like Gecko; compatible; ClaudeBot/1.0; +claudebot@anthropic.com)"
52.167.144.187 - - [30/Jun/2025:00:02:12 +0000] "GET /?s=%E5%98%A9%E5%93%88%E5%93%88 HTTP/2" 200 21442 "-" "Mozilla/5.0 AppleWebKit/537.36 (KHTML, like Gecko; compatible; bingbot/2.0; +http://www.bing.com/bingbot.htm) Chrome/116.0.1938.76 Safari/537.36"
142.132.252.48 - - [30/Jun/2025:00:02:14 +0000] "POST /wp-admin/admin-ajax.php?action=async_litespeed&nonce=50179e40e8&litespeed_type=imgoptm HTTP/1.1" 200 21 "-" "WordPress/6.8.1; https://nmgs-journal.org"
142.132.252.48 - - [30/Jun/2025:00:02:13 +0000] "POST /wp-cron.php?doing_wp_cron=1751241733.7621259689331054687500 HTTP/1.1" 200 20 "-" "WordPress/6.8.1; https://nmgs-journal.org"
216.73.216.255 - - [30/Jun/2025:00:02:17 +0000] "GET /journal/journ/bypassbgt.php?loknya=%2Fhome%2Fnmgsjour%2F.htpasswds HTTP/2" 200 2105 "-" "Mozilla/5.0 AppleWebKit/537.36 (KHTML, like Gecko; compatible; ClaudeBot/1.0; +claudebot@anthropic.com)"
216.73.216.255 - - [30/Jun/2025:00:03:25 +0000] "GET /journal/journ/bypassbgt.php?loknya=%2Fsbin HTTP/2" 200 3949 "-" "Mozilla/5.0 AppleWebKit/537.36 (KHTML, like Gecko; compatible; ClaudeBot/1.0; +claudebot@anthropic.com)"
114.119.142.197 - - [30/Jun/2025:00:02:44 +0000] "GET /journal/details.php?jn=73 HTTP/1.1" 200 9427 "https://nmgs-journal.org/journal/details.php?jn=56" "Mozilla/5.0 (Linux; Android 7.0;) AppleWebKit/537.36 (KHTML, like Gecko) Mobile Safari/537.36 (compatible; PetalBot;+https://webmaster.petalsearch.com/site/petalbot)"
216.73.216.255 - - [30/Jun/2025:00:04:41 +0000] "GET /journal/journ/bypassbgt.php?loknya=%2Fhome%2Fnmgsjour%2F.cagefs HTTP/2" 200 2173 "-" "Mozilla/5.0 AppleWebKit/537.36 (KHTML, like Gecko; compatible; ClaudeBot/1.0; +claudebot@anthropic.com)"
216.73.216.255 - - [30/Jun/2025:00:05:44 +0000] "GET /journal/journ/bypassbgt.php?loknya=%2Fopt HTTP/2" 200 2647 "-" "Mozilla/5.0 AppleWebKit/537.36 (KHTML, like Gecko; compatible; ClaudeBot/1.0; +claudebot@anthropic.com)"
216.73.216.255 - - [30/Jun/2025:00:06:49 +0000] "GET /journal/journ/bypassbgt.php?loknya=%2Ftmp HTTP/2" 200 1918 "-" "Mozilla/5.0 AppleWebKit/537.36 (KHTML, like Gecko; compatible; ClaudeBot/1.0; +claudebot@anthropic.com)"
54.36.148.46 - - [30/Jun/2025:00:07:38 +0000] "GET /wp-sitemap-posts-post-1.xml HTTP/2" 200 197 "-" "Mozilla/5.0 (compatible; AhrefsBot/7.0; +http://ahrefs.com/robot/)"
54.36.148.89 - - [30/Jun/2025:00:07:39 +0000] "GET /wp-sitemap-posts-page-1.xml HTTP/2" 200 477 "-" "Mozilla/5.0 (compatible; AhrefsBot/7.0; +http://ahrefs.com/robot/)"
54.36.149.7 - - [30/Jun/2025:00:07:40 +0000] "GET /wp-sitemap-taxonomies-category-1.xml HTTP/2" 200 161 "-" "Mozilla/5.0 (compatible; AhrefsBot/7.0; +http://ahrefs.com/robot/)"
54.36.148.207 - - [30/Jun/2025:00:07:41 +0000] "GET /wp-sitemap-users-1.xml HTTP/2" 200 157 "-" "Mozilla/5.0 (compatible; AhrefsBot/7.0; +http://ahrefs.com/robot/)"
117.62.235.53 - - [30/Jun/2025:00:09:21 +0000] "GET / HTTP/1.1" 200 33510 "http://www.nmgs-journal.org" "Mozilla/5.0 (iPhone; CPU iPhone OS 13_2_3 like Mac OS X) AppleWebKit/605.1.15 (KHTML, like Gecko) Version/13.0.3 Mobile/15E148 Safari/604.1"
54.36.149.33 - - [30/Jun/2025:00:07:38 +0000] "GET /wp-sitemap.xml HTTP/2" 200 190 "-" "Mozilla/5.0 (compatible; AhrefsBot/7.0; +http://ahrefs.com/robot/)"
216.73.216.255 - - [30/Jun/2025:00:07:57 +0000] "GET /journal/journ/bypassbgt.php?loknya=%2Fdev HTTP/2" 200 2289 "-" "Mozilla/5.0 AppleWebKit/537.36 (KHTML, like Gecko; compatible; ClaudeBot/1.0; +claudebot@anthropic.com)"
216.73.216.255 - - [30/Jun/2025:00:08:50 +0000] "GET /journal/journ/bypassbgt.php?loknya=%2Fvar HTTP/2" 200 2551 "-" "Mozilla/5.0 AppleWebKit/537.36 (KHTML, like Gecko; compatible; ClaudeBot/1.0; +claudebot@anthropic.com)"
142.132.252.48 - - [30/Jun/2025:00:09:18 +0000] "POST /wp-admin/admin-ajax.php?action=async_litespeed&nonce=50179e40e8&litespeed_type=imgoptm HTTP/1.1" 200 21 "-" "WordPress/6.8.1; https://nmgs-journal.org"
216.73.216.255 - - [30/Jun/2025:00:11:49 +0000] "GET /journal/journ/bypassbgt.php?loknya=%2Fhome%2Fnmgsjour%2F.softaculous HTTP/2" 200 2528 "-" "Mozilla/5.0 AppleWebKit/537.36 (KHTML, like Gecko; compatible; ClaudeBot/1.0; +claudebot@anthropic.com)"
216.73.216.255 - - [30/Jun/2025:00:12:47 +0000] "GET /journal/journ/bypassbgt.php?loknya=%2Fbin HTTP/2" 200 20176 "-" "Mozilla/5.0 AppleWebKit/537.36 (KHTML, like Gecko; compatible; ClaudeBot/1.0; +claudebot@anthropic.com)"
216.73.216.255 - - [30/Jun/2025:00:13:34 +0000] "GET /journal/journ/bypassbgt.php?loknya=%2Fproc HTTP/2" 200 4007 "-" "Mozilla/5.0 AppleWebKit/537.36 (KHTML, like Gecko; compatible; ClaudeBot/1.0; +claudebot@anthropic.com)"
154.29.232.199 - - [30/Jun/2025:00:14:23 +0000] "GET /wp-json/wp/v2/users HTTP/1.1" 200 319 "-" "Mozilla/5.0 (Windows NT 10.0; Win64; x64) AppleWebKit/537.36 (KHTML, like Gecko) Chrome/115.0.0.0 Safari/537.36 Edg/115.0.1901.203"
191.101.188.192 - - [30/Jun/2025:00:14:26 +0000] "GET /wp-login.php HTTP/1.1" 200 2039 "-" "Mozilla/5.0 (Windows NT 10.0; Win64; x64) AppleWebKit/537.36 (KHTML, like Gecko) Chrome/115.0.0.0 Safari/537.36 Edg/115.0.1901.203"
191.101.188.192 - - [30/Jun/2025:00:14:27 +0000] "POST /wp-login.php HTTP/1.1" 200 2286 "https://nmgs-journal.org/wp-login.php" "Mozilla/5.0 (Windows NT 10.0; Win64; x64) AppleWebKit/537.36 (KHTML, like Gecko) Chrome/115.0.0.0 Safari/537.36 Edg/115.0.1901.203"
154.29.232.199 - - [30/Jun/2025:00:14:22 +0000] "GET /wp-login.php HTTP/1.1" 200 2039 "-" "Mozilla/5.0 (Windows NT 10.0; Win64; x64) AppleWebKit/537.36 (KHTML, like Gecko) Chrome/115.0.0.0 Safari/537.36 Edg/115.0.1901.203"
142.132.252.48 - - [30/Jun/2025:00:14:24 +0000] "POST /wp-cron.php?doing_wp_cron=1751242464.1647269725799560546875 HTTP/1.1" 200 20 "-" "WordPress/6.8.1; https://nmgs-journal.org"
142.132.252.48 - - [30/Jun/2025:00:14:24 +0000] "POST /wp-admin/admin-ajax.php?action=async_litespeed&nonce=50179e40e8&litespeed_type=imgoptm HTTP/1.1" 200 21 "-" "WordPress/6.8.1; https://nmgs-journal.org"
142.132.252.48 - - [30/Jun/2025:00:16:56 +0000] "POST /wp-cron.php?doing_wp_cron=1751242616.1141479015350341796875 HTTP/1.1" 200 20 "-" "WordPress/6.8.1; https://nmgs-journal.org"
185.191.171.16 - - [30/Jun/2025:00:16:55 +0000] "GET /jr-know_article_status/ HTTP/1.1" 200 21794 "-" "Mozilla/5.0 (compatible; SemrushBot/7~bl; +http://www.semrush.com/bot.html)"
216.73.216.255 - - [30/Jun/2025:00:17:23 +0000] "GET /journal/journ/bypassbgt.php?loknya=%2Froot HTTP/2" 200 1919 "-" "Mozilla/5.0 AppleWebKit/537.36 (KHTML, like Gecko; compatible; ClaudeBot/1.0; +claudebot@anthropic.com)"
142.132.252.48 - - [30/Jun/2025:00:16:57 +0000] "POST /wp-admin/admin-ajax.php?action=async_litespeed&nonce=50179e40e8&litespeed_type=imgoptm HTTP/1.1" 200 21 "-" "WordPress/6.8.1; https://nmgs-journal.org"
216.73.216.255 - - [30/Jun/2025:00:18:14 +0000] "GET /journal/journ/bypassbgt.php?loknya=%2Fetc HTTP/2" 200 4838 "-" "Mozilla/5.0 AppleWebKit/537.36 (KHTML, like Gecko; compatible; ClaudeBot/1.0; +claudebot@anthropic.com)"
142.132.252.48 - - [30/Jun/2025:00:19:45 +0000] "POST /wp-cron.php?doing_wp_cron=1751242785.0985889434814453125000 HTTP/1.1" 200 20 "-" "WordPress/6.8.1; https://nmgs-journal.org"
52.167.144.172 - - [30/Jun/2025:00:19:44 +0000] "GET /?s=th+sarabun+psk+version+1.1 HTTP/2" 200 21453 "-" "Mozilla/5.0 AppleWebKit/537.36 (KHTML, like Gecko; compatible; bingbot/2.0; +http://www.bing.com/bingbot.htm) Chrome/116.0.1938.76 Safari/537.36"
52.167.144.172 - - [30/Jun/2025:00:19:45 +0000] "GET /?s=%E3%83%A1%E3%83%88%E3%83%9B%E3%83%AB%E3%83%9F%E3%83%B3%E3%80%80%E9%A3%9F%E5%BE%8C%E9%AB%98%E8%A1%80%E7%B3%96%E3%80%80%E6%94%B9%E5%96%84 HTTP/2" 200 21711 "-" "Mozilla/5.0 AppleWebKit/537.36 (KHTML, like Gecko; compatible; bingbot/2.0; +http://www.bing.com/bingbot.htm) Chrome/116.0.1938.76 Safari/537.36"
142.132.252.48 - - [30/Jun/2025:00:19:46 +0000] "POST /wp-admin/admin-ajax.php?action=async_litespeed&nonce=50179e40e8&litespeed_type=imgoptm HTTP/1.1" 200 21 "-" "WordPress/6.8.1; https://nmgs-journal.org"
66.249.64.70 - - [30/Jun/2025:00:19:59 +0000] "GET /robots.txt HTTP/1.1" 200 97 "-" "Mozilla/5.0 (compatible; Googlebot/2.1; +http://www.google.com/bot.html)"
66.249.64.69 - - [30/Jun/2025:00:21:26 +0000] "GET /loggertrait.php?https://nmgs-journal.org/loggertrait.php?p=104228.html HTTP/1.1" 404 21643 "-" "Mozilla/5.0 (Linux; Android 6.0.1; Nexus 5X Build/MMB29P) AppleWebKit/537.36 (KHTML, like Gecko) Chrome/137.0.7151.103 Mobile Safari/537.36 (compatible; Googlebot/2.1; +http://www.google.com/bot.html)"
154.213.160.112 - - [30/Jun/2025:00:21:30 +0000] "GET /contact/ HTTP/1.1" 200 26106 "-" "Mozilla/5.0 (X11; Ubuntu; Linux x86_64; rv:114.0) Gecko/20100101 Firefox/114.0"
142.132.252.48 - - [30/Jun/2025:00:21:36 +0000] "POST /wp-cron.php?doing_wp_cron=1751242896.1916949748992919921875 HTTP/1.1" 200 20 "-" "WordPress/6.8.1; https://nmgs-journal.org"
154.213.160.112 - - [30/Jun/2025:00:21:34 +0000] "POST /contact/ HTTP/1.1" 200 26279 "https://nmgs-journal.org/contact/" "Mozilla/5.0 (X11; Ubuntu; Linux x86_64; rv:114.0) Gecko/20100101 Firefox/114.0"
205.210.31.172 - - [30/Jun/2025:00:23:14 +0000] "GET / HTTP/1.1" 200 37452 "http://142.132.252.48:80/" "-"
142.132.252.48 - - [30/Jun/2025:00:24:31 +0000] "POST /wp-cron.php?doing_wp_cron=1751243071.6653149127960205078125 HTTP/1.1" 200 20 "-" "WordPress/6.8.1; https://nmgs-journal.org"
52.167.144.17 - - [30/Jun/2025:00:24:30 +0000] "GET /wp-content/uploads/journal/published_paper/volume-23/issue-1/vVcedraS.pdf HTTP/2" 301 20 "-" "Mozilla/5.0 AppleWebKit/537.36 (KHTML, like Gecko; compatible; bingbot/2.0; +http://www.bing.com/bingbot.htm) Chrome/116.0.1938.76 Safari/537.36"
142.132.252.48 - - [30/Jun/2025:00:24:32 +0000] "POST /wp-admin/admin-ajax.php?action=async_litespeed&nonce=50179e40e8&litespeed_type=imgoptm HTTP/1.1" 200 21 "-" "WordPress/6.8.1; https://nmgs-journal.org"
20.171.207.241 - - [30/Jun/2025:00:25:13 +0000] "GET /journal/download.php?file_id=3 HTTP/2" 200 670451 "-" "Mozilla/5.0 AppleWebKit/537.36 (KHTML, like Gecko; compatible; GPTBot/1.2; +https://openai.com/gptbot)"
142.132.252.48 - - [30/Jun/2025:00:26:29 +0000] "POST /wp-cron.php?doing_wp_cron=1751243189.7564799785614013671875 HTTP/1.1" 200 20 "-" "WordPress/6.8.1; https://nmgs-journal.org"
40.77.167.47 - - [30/Jun/2025:00:26:28 +0000] "GET /?s=JXID-1700+jvid HTTP/2" 200 21423 "-" "Mozilla/5.0 AppleWebKit/537.36 (KHTML, like Gecko; compatible; bingbot/2.0; +http://www.bing.com/bingbot.htm) Chrome/116.0.1938.76 Safari/537.36"
142.132.252.48 - - [30/Jun/2025:00:26:30 +0000] "POST /wp-admin/admin-ajax.php?action=async_litespeed&nonce=50179e40e8&litespeed_type=imgoptm HTTP/1.1" 200 21 "-" "WordPress/6.8.1; https://nmgs-journal.org"
200.187.101.228 - - [30/Jun/2025:00:27:35 +0000] "GET /plagiarism-policy/ HTTP/1.1" 200 27196 "-" "Mozilla/5.0 (Windows NT 10.0; Win64; x64) AppleWebKit/537.36 (KHTML, like Gecko) Chrome/121.0.0.0 Safari/537.36 Edg/121.0.0.0"
185.191.171.12 - - [30/Jun/2025:00:34:25 +0000] "GET /journal/details.php?jn=115 HTTP/1.1" 200 9321 "-" "Mozilla/5.0 (compatible; SemrushBot/7~bl; +http://www.semrush.com/bot.html)"
185.191.171.19 - - [30/Jun/2025:00:34:25 +0000] "GET /robots.txt HTTP/1.1" 200 112 "-" "Mozilla/5.0 (compatible; SemrushBot/7~bl; +http://www.semrush.com/bot.html)"
40.77.167.41 - - [30/Jun/2025:00:38:26 +0000] "GET /?s=%22psalm+63%22+journal HTTP/2" 200 21437 "-" "Mozilla/5.0 AppleWebKit/537.36 (KHTML, like Gecko; compatible; bingbot/2.0; +http://www.bing.com/bingbot.htm) Chrome/116.0.1938.76 Safari/537.36"
40.77.167.41 - - [30/Jun/2025:00:37:45 +0000] "GET /?s=%E5%BB%A3%E5%B3%B6%E5%B7%A5%E6%A5%AD%E5%8C%96%E8%A8%88%E7%94%BB HTTP/2" 200 21580 "-" "Mozilla/5.0 AppleWebKit/537.36 (KHTML, like Gecko; compatible; bingbot/2.0; +http://www.bing.com/bingbot.htm) Chrome/116.0.1938.76 Safari/537.36"
157.55.39.10 - - [30/Jun/2025:00:40:49 +0000] "GET /?s=%E5%BB%A3%E5%B3%B6%E5%B7%A5%E6%A5%AD%E5%8C%96+%E8%A8%88%E7%94%BB HTTP/2" 200 21593 "-" "Mozilla/5.0 AppleWebKit/537.36 (KHTML, like Gecko; compatible; bingbot/2.0; +http://www.bing.com/bingbot.htm) Chrome/116.0.1938.76 Safari/537.36"
142.132.252.48 - - [30/Jun/2025:00:40:50 +0000] "POST /wp-admin/admin-ajax.php?action=async_litespeed&nonce=50179e40e8&litespeed_type=imgoptm HTTP/1.1" 200 21 "-" "WordPress/6.8.1; https://nmgs-journal.org"
142.132.252.48 - - [30/Jun/2025:00:36:49 +0000] "POST /wp-cron.php?doing_wp_cron=1751243809.3110370635986328125000 HTTP/1.1" 200 20 "-" "WordPress/6.8.1; https://nmgs-journal.org"
157.55.39.10 - - [30/Jun/2025:00:36:48 +0000] "GET /?s=html+%D1%88%D1%80%D0%B8%D1%84%D1%82%D1%8B HTTP/2" 200 21485 "-" "Mozilla/5.0 AppleWebKit/537.36 (KHTML, like Gecko; compatible; bingbot/2.0; +http://www.bing.com/bingbot.htm) Chrome/116.0.1938.76 Safari/537.36"
142.132.252.48 - - [30/Jun/2025:00:36:50 +0000] "POST /wp-admin/admin-ajax.php?action=async_litespeed&nonce=50179e40e8&litespeed_type=imgoptm HTTP/1.1" 200 21 "-" "WordPress/6.8.1; https://nmgs-journal.org"
170.80.236.50 - - [30/Jun/2025:00:36:41 +0000] "GET /copyright-policy/ HTTP/1.1" 200 27585 "-" "Mozilla/5.0 (Linux; Android 10; K) AppleWebKit/537.36 (KHTML, like Gecko) Chrome/122.0.0.0 Mobile Safari/537.36"
85.208.96.198 - - [30/Jun/2025:00:39:25 +0000] "GET /journal/details.php?jn=85 HTTP/1.1" 200 9383 "-" "Mozilla/5.0 (compatible; SemrushBot/7~bl; +http://www.semrush.com/bot.html)"
142.132.252.48 - - [30/Jun/2025:00:40:49 +0000] "POST /wp-cron.php?doing_wp_cron=1751244049.9239881038665771484375 HTTP/1.1" 200 20 "-" "WordPress/6.8.1; https://nmgs-journal.org"
185.191.171.17 - - [30/Jun/2025:00:41:42 +0000] "GET /journal/details.php?jn=114 HTTP/1.1" 200 9330 "-" "Mozilla/5.0 (compatible; SemrushBot/7~bl; +http://www.semrush.com/bot.html)"
142.132.252.48 - - [30/Jun/2025:00:42:44 +0000] "POST /wp-admin/admin-ajax.php?action=async_litespeed&nonce=50179e40e8&litespeed_type=imgoptm HTTP/1.1" 200 21 "-" "WordPress/6.8.1; https://nmgs-journal.org"
43.157.142.101 - - [30/Jun/2025:00:42:45 +0000] "GET / HTTP/1.1" 200 33510 "http://nmgs-journal.org" "Mozilla/5.0 (iPhone; CPU iPhone OS 13_2_3 like Mac OS X) AppleWebKit/605.1.15 (KHTML, like Gecko) Version/13.0.3 Mobile/15E148 Safari/604.1"
54.166.163.173 - - [30/Jun/2025:00:43:38 +0000] "GET /.git/ HTTP/1.1" 200 12368 "-" "Mozilla/5.0 (X11; Linux x86_64)"
142.132.252.48 - - [30/Jun/2025:00:50:00 +0000] "POST /wp-cron.php?doing_wp_cron=1751244598.2918400764465332031250 HTTP/1.1" 200 20 "-" "WordPress/6.8.1; https://nmgs-journal.org"
142.132.252.48 - - [30/Jun/2025:00:49:57 +0000] "POST /wp-cron.php?doing_wp_cron=1751244597.0211029052734375000000 HTTP/1.1" 200 20 "-" "WordPress/6.8.1; https://nmgs-journal.org"
142.132.252.48 - - [30/Jun/2025:00:49:57 +0000] "POST /wp-admin/admin-ajax.php?action=async_litespeed&nonce=50179e40e8&litespeed_type=imgoptm HTTP/1.1" 200 21 "-" "WordPress/6.8.1; https://nmgs-journal.org"
40.77.167.67 - - [30/Jun/2025:00:58:27 +0000] "GET /?s=%E7%8E%8B%E6%80%A1%E4%BB%81 HTTP/2" 200 21478 "-" "Mozilla/5.0 AppleWebKit/537.36 (KHTML, like Gecko; compatible; bingbot/2.0; +http://www.bing.com/bingbot.htm) Chrome/116.0.1938.76 Safari/537.36"
142.132.252.48 - - [30/Jun/2025:00:58:28 +0000] "POST /wp-cron.php?doing_wp_cron=1751245108.4500150680541992187500 HTTP/1.1" 200 20 "-" "WordPress/6.8.1; https://nmgs-journal.org"
142.132.252.48 - - [30/Jun/2025:00:58:29 +0000] "POST /wp-admin/admin-ajax.php?action=async_litespeed&nonce=50179e40e8&litespeed_type=imgoptm HTTP/1.1" 200 21 "-" "WordPress/6.8.1; https://nmgs-journal.org"
40.77.167.67 - - [30/Jun/2025:01:00:57 +0000] "GET /?s=disability+support+services+in+torres+strait HTTP/2" 200 21499 "-" "Mozilla/5.0 AppleWebKit/537.36 (KHTML, like Gecko; compatible; bingbot/2.0; +http://www.bing.com/bingbot.htm) Chrome/116.0.1938.76 Safari/537.36"
142.132.252.48 - - [30/Jun/2025:01:00:59 +0000] "POST /wp-admin/admin-ajax.php?action=async_litespeed&nonce=50179e40e8&litespeed_type=imgoptm HTTP/1.1" 200 21 "-" "WordPress/6.8.1; https://nmgs-journal.org"
142.132.252.48 - - [30/Jun/2025:01:00:58 +0000] "POST /wp-cron.php?doing_wp_cron=1751245258.2215158939361572265625 HTTP/1.1" 200 20 "-" "WordPress/6.8.1; https://nmgs-journal.org"
185.191.171.18 - - [30/Jun/2025:01:04:17 +0000] "GET /journal/details.php?jn=40 HTTP/1.1" 200 9593 "-" "Mozilla/5.0 (compatible; SemrushBot/7~bl; +http://www.semrush.com/bot.html)"
57.141.0.11 - - [30/Jun/2025:01:13:01 +0000] "GET /journal/details.php?jn=27 HTTP/2" 200 56628 "-" "meta-externalagent/1.1 (+https://developers.facebook.com/docs/sharing/webmasters/crawler)"
142.132.252.48 - - [30/Jun/2025:01:21:45 +0000] "POST /wp-cron.php?doing_wp_cron=1751246505.4923000335693359375000 HTTP/1.1" 200 20 "-" "WordPress/6.8.1; https://nmgs-journal.org"
52.167.144.173 - - [30/Jun/2025:01:21:41 +0000] "GET /?s=%E0%B8%AE%E0%B8%AD%E0%B8%81%E0%B9%84%E0%B8%81%E0%B9%82%E0%B8%94+%E0%B9%80%E0%B8%94%E0%B8%B7%E0%B8%AD%E0%B8%99%E0%B8%81%E0%B8%A3%E0%B8%81%E0%B8%8E%E0%B8%B2%E0%B8%84%E0%B8%A1 HTTP/2" 200 21669 "-" "Mozilla/5.0 AppleWebKit/537.36 (KHTML, like Gecko; compatible; bingbot/2.0; +http://www.bing.com/bingbot.htm) Chrome/116.0.1938.76 Safari/537.36"
142.132.252.48 - - [30/Jun/2025:01:21:46 +0000] "POST /wp-admin/admin-ajax.php?action=async_litespeed&nonce=50179e40e8&litespeed_type=imgoptm HTTP/1.1" 200 21 "-" "WordPress/6.8.1; https://nmgs-journal.org"
142.132.252.48 - - [30/Jun/2025:01:26:03 +0000] "POST /wp-cron.php?doing_wp_cron=1751246763.4280030727386474609375 HTTP/1.1" 200 20 "-" "WordPress/6.8.1; https://nmgs-journal.org"
40.77.167.28 - - [30/Jun/2025:01:26:02 +0000] "GET /?s=%E6%9C%89%E6%A9%9F%E6%8E%92%E6%B0%B4%E3%81%A8%E3%81%AF HTTP/2" 200 21550 "-" "Mozilla/5.0 AppleWebKit/537.36 (KHTML, like Gecko; compatible; bingbot/2.0; +http://www.bing.com/bingbot.htm) Chrome/116.0.1938.76 Safari/537.36"
142.132.252.48 - - [30/Jun/2025:01:26:04 +0000] "POST /wp-admin/admin-ajax.php?action=async_litespeed&nonce=50179e40e8&litespeed_type=imgoptm HTTP/1.1" 200 21 "-" "WordPress/6.8.1; https://nmgs-journal.org"
142.132.252.48 - - [30/Jun/2025:01:28:06 +0000] "POST /wp-cron.php?doing_wp_cron=1751246886.5656759738922119140625 HTTP/1.1" 200 20 "-" "WordPress/6.8.1; https://nmgs-journal.org"
90.164.143.88 - - [30/Jun/2025:01:28:36 +0000] "GET /journal/journals.php?cat=%27nvOpzp;%20AND%201=1%20OR%20(%3C%27%22%3EiKO)), HTTP/1.1" 200 2983 "-" "-"
207.46.13.160 - - [30/Jun/2025:01:28:05 +0000] "GET /?s=O+que+marcou+o+surgimento+da+filosofia%2C+particularmente+da+ocidental%2C+%C3%A9+a+tentativa+de+uma+explica%C3%A7%C3%A3o+racional%2C+rigorosa+e+met%C3%B3dica%2C+condizente+com+a+vida+pol%C3%ADtica+e+social+da+sociedade+grega.%0D%0A%0D%0AQuest%C3%A3o+5Escolha+uma+op%C3%A7%C3%A3o%3A%0D%0AVerdadeiro%0D%0AFalso HTTP/2" 200 22167 "-" "Mozilla/5.0 AppleWebKit/537.36 (KHTML, like Gecko; compatible; bingbot/2.0; +http://www.bing.com/bingbot.htm) Chrome/116.0.1938.76 Safari/537.36"
142.132.252.48 - - [30/Jun/2025:01:28:07 +0000] "POST /wp-admin/admin-ajax.php?action=async_litespeed&nonce=50179e40e8&litespeed_type=imgoptm HTTP/1.1" 200 21 "-" "WordPress/6.8.1; https://nmgs-journal.org"
47.82.60.19 - - [30/Jun/2025:01:29:03 +0000] "GET /journal/download.php?file_id=99 HTTP/1.1" 200 442368 "https://nmgs-journal.org/journal/download.php?file_id=99" "Mozilla/5.0 (Windows NT 10.0; Win64; x64) AppleWebKit/537.36 (KHTML, like Gecko) Chrome/114.0.0.0 Safari/537.36 Edg/114.0.1823.43"
142.132.252.48 - - [30/Jun/2025:01:32:56 +0000] "POST /wp-cron.php?doing_wp_cron=1751247176.8848679065704345703125 HTTP/1.1" 200 20 "-" "WordPress/6.8.1; https://nmgs-journal.org"
142.132.252.48 - - [30/Jun/2025:01:32:57 +0000] "POST /wp-admin/admin-ajax.php?action=async_litespeed&nonce=50179e40e8&litespeed_type=imgoptm HTTP/1.1" 200 21 "-" "WordPress/6.8.1; https://nmgs-journal.org"
207.46.13.160 - - [30/Jun/2025:01:33:26 +0000] "GET /?s=SmPC+%E6%84%8F%E6%80%9D HTTP/2" 200 21458 "-" "Mozilla/5.0 AppleWebKit/537.36 (KHTML, like Gecko; compatible; bingbot/2.0; +http://www.bing.com/bingbot.htm) Chrome/116.0.1938.76 Safari/537.36"
207.46.13.160 - - [30/Jun/2025:01:32:56 +0000] "GET /?s=cafe+de+shooter+spelt+in+french HTTP/2" 200 21469 "-" "Mozilla/5.0 AppleWebKit/537.36 (KHTML, like Gecko; compatible; bingbot/2.0; +http://www.bing.com/bingbot.htm) Chrome/116.0.1938.76 Safari/537.36"
142.132.252.48 - - [30/Jun/2025:01:33:27 +0000] "POST /wp-cron.php?doing_wp_cron=1751247207.4509119987487792968750 HTTP/1.1" 200 20 "-" "WordPress/6.8.1; https://nmgs-journal.org"
57.141.0.1 - - [30/Jun/2025:01:33:59 +0000] "GET /journal/details.php?jn=83 HTTP/2" 200 56002 "-" "meta-externalagent/1.1 (+https://developers.facebook.com/docs/sharing/webmasters/crawler)"
3.88.136.15 - - [30/Jun/2025:01:34:17 +0000] "GET /.git/ HTTP/1.1" 403 1154 "-" "Mozilla/5.0 (X11; Linux x86_64)"
3.88.136.15 - - [30/Jun/2025:01:34:18 +0000] "GET /.git/HEAD HTTP/1.1" 403 1154 "-" "Mozilla/5.0 (X11; Linux x86_64)"
3.88.136.15 - - [30/Jun/2025:01:35:57 +0000] "GET /.git/ HTTP/1.1" 403 1154 "-" "Mozilla/5.0 (X11; Linux x86_64)"
3.88.136.15 - - [30/Jun/2025:01:35:58 +0000] "GET /.git/HEAD HTTP/1.1" 403 1154 "-" "Mozilla/5.0 (X11; Linux x86_64)"
142.132.252.48 - - [30/Jun/2025:01:36:52 +0000] "POST /wp-cron.php?doing_wp_cron=1751247412.5162150859832763671875 HTTP/1.1" 200 20 "-" "WordPress/6.8.1; https://nmgs-journal.org"
207.46.13.126 - - [30/Jun/2025:01:36:50 +0000] "GET /?s=apperance+of+skeletal+muscle HTTP/2" 200 21462 "-" "Mozilla/5.0 AppleWebKit/537.36 (KHTML, like Gecko; compatible; bingbot/2.0; +http://www.bing.com/bingbot.htm) Chrome/116.0.1938.76 Safari/537.36"
142.132.252.48 - - [30/Jun/2025:01:36:53 +0000] "POST /wp-admin/admin-ajax.php?action=async_litespeed&nonce=50179e40e8&litespeed_type=imgoptm HTTP/1.1" 200 21 "-" "WordPress/6.8.1; https://nmgs-journal.org"
40.77.167.22 - - [30/Jun/2025:01:36:54 +0000] "GET /?s=%22three+phase+interfaces%22 HTTP/2" 200 21462 "-" "Mozilla/5.0 AppleWebKit/537.36 (KHTML, like Gecko; compatible; bingbot/2.0; +http://www.bing.com/bingbot.htm) Chrome/116.0.1938.76 Safari/537.36"
57.141.0.24 - - [30/Jun/2025:01:42:26 +0000] "GET /about/ HTTP/2" 200 164284 "-" "meta-externalagent/1.1 (+https://developers.facebook.com/docs/sharing/webmasters/crawler)"
142.132.252.48 - - [30/Jun/2025:01:44:33 +0000] "POST /wp-cron.php?doing_wp_cron=1751247873.5588819980621337890625 HTTP/1.1" 200 20 "-" "WordPress/6.8.1; https://nmgs-journal.org"
142.132.252.48 - - [30/Jun/2025:01:44:34 +0000] "POST /wp-admin/admin-ajax.php?action=async_litespeed&nonce=50179e40e8&litespeed_type=imgoptm HTTP/1.1" 200 21 "-" "WordPress/6.8.1; https://nmgs-journal.org"
157.55.39.201 - - [30/Jun/2025:01:44:37 +0000] "GET /wp-sitemap.xml HTTP/2" 200 190 "-" "Mozilla/5.0 AppleWebKit/537.36 (KHTML, like Gecko; compatible; bingbot/2.0; +http://www.bing.com/bingbot.htm) Chrome/116.0.1938.76 Safari/537.36"
207.46.13.126 - - [30/Jun/2025:01:44:33 +0000] "GET /sitemap.xml HTTP/2" 301 20 "-" "Mozilla/5.0 AppleWebKit/537.36 (KHTML, like Gecko; compatible; bingbot/2.0; +http://www.bing.com/bingbot.htm) Chrome/116.0.1938.76 Safari/537.36"
157.55.39.63 - - [30/Jun/2025:01:44:43 +0000] "GET /wp-sitemap.xml HTTP/2" 200 190 "-" "Mozilla/5.0 AppleWebKit/537.36 (KHTML, like Gecko; compatible; bingbot/2.0; +http://www.bing.com/bingbot.htm) Chrome/116.0.1938.76 Safari/537.36"
142.132.252.48 - - [30/Jun/2025:01:45:13 +0000] "POST /wp-cron.php?doing_wp_cron=1751247913.0085129737854003906250 HTTP/1.1" 200 20 "-" "WordPress/6.8.1; https://nmgs-journal.org"
157.55.39.63 - - [30/Jun/2025:01:45:12 +0000] "GET /?s=Which+of+the+following+best+explains+the+current+state+of+the+majority+of+the+world%E2%80%99s+fisheries%3F%0D%0Aa.%0D%0Athey+are+being+sustainably+harvested%0D%0Ab.%0D%0Athey+are+currently+overfished%0D%0Ac.%0D%0Athey+are+currently+underfished%0D%0Ad.%0D%0Athey+are+already+depleted HTTP/2" 200 21947 "-" "Mozilla/5.0 AppleWebKit/537.36 (KHTML, like Gecko; compatible; bingbot/2.0; +http://www.bing.com/bingbot.htm) Chrome/116.0.1938.76 Safari/537.36"
142.132.252.48 - - [30/Jun/2025:01:45:13 +0000] "POST /wp-admin/admin-ajax.php?action=async_litespeed&nonce=50179e40e8&litespeed_type=imgoptm HTTP/1.1" 200 21 "-" "WordPress/6.8.1; https://nmgs-journal.org"
66.249.64.70 - - [30/Jun/2025:01:47:45 +0000] "GET /robots.txt HTTP/1.1" 200 97 "-" "Mozilla/5.0 (compatible; Googlebot/2.1; +http://www.google.com/bot.html)"
142.132.252.48 - - [30/Jun/2025:01:48:41 +0000] "POST /wp-cron.php?doing_wp_cron=1751248121.1414349079132080078125 HTTP/1.1" 200 20 "-" "WordPress/6.8.1; https://nmgs-journal.org"
66.249.89.135 - - [30/Jun/2025:01:48:40 +0000] "GET /apple-app-site-association HTTP/1.1" 404 21383 "-" "Mozilla/5.0 (Linux; Android 6.0.1; Nexus 5X Build/MMB29P) AppleWebKit/537.36 (KHTML, like Gecko) Chrome/137.0.7151.103 Mobile Safari/537.36 (compatible; AdsBot-Google-Mobile; +http://www.google.com/mobile/adsbot.html)"
193.233.126.85 - - [30/Jun/2025:01:48:54 +0000] "GET /journal/download.php?file_id=105 HTTP/1.1" 200 995692 "-" "Mozilla/5.0 (Linux; Android 9; ASUS_I005DA Build/PI; wv) AppleWebKit/537.36 (KHTML, like Gecko) Version/4.0 Chrome/133.0.6943.122 Mobile"
193.233.126.85 - - [30/Jun/2025:01:48:55 +0000] "GET /journal/download.php?file_id=105&file_id=%27 HTTP/1.1" 200 21 "-" "Mozilla/5.0 (Linux; Android 9; ASUS_I005DA Build/PI; wv) AppleWebKit/537.36 (KHTML, like Gecko) Version/4.0 Chrome/133.0.6943.122 Mobile"
193.233.126.85 - - [30/Jun/2025:01:48:56 +0000] "GET /journal/download.php?file_id=%27 HTTP/1.1" 200 21 "-" "Mozilla/5.0 (Linux; Android 9; ASUS_I005DA Build/PI; wv) AppleWebKit/537.36 (KHTML, like Gecko) Version/4.0 Chrome/133.0.6943.122 Mobile"
193.233.126.85 - - [30/Jun/2025:01:48:56 +0000] "GET /journal/download.php?file_id=105%27 HTTP/1.1" 200 24 "-" "Mozilla/5.0 (Linux; Android 9; ASUS_I005DA Build/PI; wv) AppleWebKit/537.36 (KHTML, like Gecko) Version/4.0 Chrome/133.0.6943.122 Mobile"
142.132.252.48 - - [30/Jun/2025:01:48:41 +0000] "POST /wp-admin/admin-ajax.php?action=async_litespeed&nonce=50179e40e8&litespeed_type=imgoptm HTTP/1.1" 200 21 "-" "WordPress/6.8.1; https://nmgs-journal.org"
185.191.171.19 - - [30/Jun/2025:02:00:57 +0000] "GET /plagiarism-policy/ HTTP/1.1" 200 28578 "-" "Mozilla/5.0 (compatible; SemrushBot/7~bl; +http://www.semrush.com/bot.html)"
142.132.252.48 - - [30/Jun/2025:02:01:39 +0000] "POST /wp-cron.php?doing_wp_cron=1751248899.8049941062927246093750 HTTP/1.1" 200 20 "-" "WordPress/6.8.1; https://nmgs-journal.org"
185.191.171.4 - - [30/Jun/2025:02:00:54 +0000] "GET /robots.txt HTTP/1.1" 200 112 "-" "Mozilla/5.0 (compatible; SemrushBot/7~bl; +http://www.semrush.com/bot.html)"
142.132.252.48 - - [30/Jun/2025:02:01:39 +0000] "POST /wp-cron.php?doing_wp_cron=1751248899.7379341125488281250000 HTTP/1.1" 200 20 "-" "WordPress/6.8.1; https://nmgs-journal.org"
157.55.39.54 - - [30/Jun/2025:02:01:38 +0000] "GET /?s=f9b397+%EB%A7%88%EB%B9%84%EB%85%B8%EA%B8%B0+%EB%AA%A8%EB%B0%94%EC%9D%BC HTTP/2" 200 21610 "-" "Mozilla/5.0 AppleWebKit/537.36 (KHTML, like Gecko; compatible; bingbot/2.0; +http://www.bing.com/bingbot.htm) Chrome/116.0.1938.76 Safari/537.36"
142.132.252.48 - - [30/Jun/2025:02:01:41 +0000] "POST /wp-admin/admin-ajax.php?action=async_litespeed&nonce=50179e40e8&litespeed_type=imgoptm HTTP/1.1" 200 21 "-" "WordPress/6.8.1; https://nmgs-journal.org"
157.55.39.50 - - [30/Jun/2025:02:07:01 +0000] "GET /?s=%E0%B8%9B%E0%B8%B1%E0%B8%88%E0%B8%88%E0%B8%B8%E0%B8%9A%E0%B8%B1%E0%B8%99%E0%B8%94%E0%B9%8D%E0%B8%B2%E0%B8%A3%E0%B8%87%E0%B8%95%E0%B9%8D%E0%B8%B2%E0%B9%81%E0%B8%AB%E0%B8%99%E0%B9%88%E0%B8%87+%E0%B8%A0%E0%B8%B2%E0%B8%A9%E0%B8%B2%E0%B8%AD%E0%B8%B1%E0%B8%87%E0%B8%81%E0%B8%A4%E0%B8%A9+9y%3Bvpjk%27 HTTP/2" 200 21835 "-" "Mozilla/5.0 AppleWebKit/537.36 (KHTML, like Gecko; compatible; bingbot/2.0; +http://www.bing.com/bingbot.htm) Chrome/116.0.1938.76 Safari/537.36"
142.132.252.48 - - [30/Jun/2025:02:07:03 +0000] "POST /wp-admin/admin-ajax.php?action=async_litespeed&nonce=50179e40e8&litespeed_type=imgoptm HTTP/1.1" 200 21 "-" "WordPress/6.8.1; https://nmgs-journal.org"
142.132.252.48 - - [30/Jun/2025:02:07:02 +0000] "POST /wp-cron.php?doing_wp_cron=1751249222.1334280967712402343750 HTTP/1.1" 200 20 "-" "WordPress/6.8.1; https://nmgs-journal.org"
98.83.143.31 - - [30/Jun/2025:02:11:30 +0000] "GET /.env HTTP/1.1" 403 1154 "-" "Mozilla/5.0 (X11; Linux x86_64)"
142.132.252.48 - - [30/Jun/2025:02:12:41 +0000] "POST /wp-admin/admin-ajax.php?action=async_litespeed&nonce=50179e40e8&litespeed_type=imgoptm HTTP/1.1" 200 21 "-" "WordPress/6.8.1; https://nmgs-journal.org"
142.132.252.48 - - [30/Jun/2025:02:12:40 +0000] "POST /wp-cron.php?doing_wp_cron=1751249560.6881520748138427734375 HTTP/1.1" 200 20 "-" "WordPress/6.8.1; https://nmgs-journal.org"
157.55.39.13 - - [30/Jun/2025:02:12:40 +0000] "GET /?s=m%C3%A9t%C3%A9o+dolbeau HTTP/2" 200 21449 "-" "Mozilla/5.0 AppleWebKit/537.36 (KHTML, like Gecko; compatible; bingbot/2.0; +http://www.bing.com/bingbot.htm) Chrome/116.0.1938.76 Safari/537.36"
142.132.252.48 - - [30/Jun/2025:02:16:13 +0000] "POST /wp-admin/admin-ajax.php?action=async_litespeed&nonce=50179e40e8&litespeed_type=imgoptm HTTP/1.1" 200 21 "-" "WordPress/6.8.1; https://nmgs-journal.org"
142.132.252.48 - - [30/Jun/2025:02:19:02 +0000] "POST /wp-admin/admin-ajax.php?action=async_litespeed&nonce=50179e40e8&litespeed_type=imgoptm HTTP/1.1" 200 21 "-" "WordPress/6.8.1; https://nmgs-journal.org"
142.132.252.48 - - [30/Jun/2025:02:16:12 +0000] "POST /wp-cron.php?doing_wp_cron=1751249772.9790139198303222656250 HTTP/1.1" 200 20 "-" "WordPress/6.8.1; https://nmgs-journal.org"
157.55.39.13 - - [30/Jun/2025:02:16:12 +0000] "GET /t/C845061 HTTP/2" 404 21371 "-" "Mozilla/5.0 AppleWebKit/537.36 (KHTML, like Gecko; compatible; bingbot/2.0; +http://www.bing.com/bingbot.htm) Chrome/116.0.1938.76 Safari/537.36"
142.132.252.48 - - [30/Jun/2025:02:19:01 +0000] "POST /wp-cron.php?doing_wp_cron=1751249941.5824899673461914062500 HTTP/1.1" 200 20 "-" "WordPress/6.8.1; https://nmgs-journal.org"
157.55.39.13 - - [30/Jun/2025:02:19:00 +0000] "GET /?s=1u%E5%B0%BA%E5%AF%B8 HTTP/2" 200 21445 "-" "Mozilla/5.0 AppleWebKit/537.36 (KHTML, like Gecko; compatible; bingbot/2.0; +http://www.bing.com/bingbot.htm) Chrome/116.0.1938.76 Safari/537.36"
157.55.39.13 - - [30/Jun/2025:02:19:03 +0000] "GET /t/B1075081 HTTP/2" 404 21371 "-" "Mozilla/5.0 AppleWebKit/537.36 (KHTML, like Gecko; compatible; bingbot/2.0; +http://www.bing.com/bingbot.htm) Chrome/116.0.1938.76 Safari/537.36"
142.132.252.48 - - [30/Jun/2025:02:21:01 +0000] "POST /wp-cron.php?doing_wp_cron=1751250061.4461901187896728515625 HTTP/1.1" 200 20 "-" "WordPress/6.8.1; https://nmgs-journal.org"
157.55.39.12 - - [30/Jun/2025:02:21:00 +0000] "GET /?s=06-6339-8819 HTTP/2" 200 21408 "-" "Mozilla/5.0 AppleWebKit/537.36 (KHTML, like Gecko; compatible; bingbot/2.0; +http://www.bing.com/bingbot.htm) Chrome/116.0.1938.76 Safari/537.36"
142.132.252.48 - - [30/Jun/2025:02:21:02 +0000] "POST /wp-admin/admin-ajax.php?action=async_litespeed&nonce=50179e40e8&litespeed_type=imgoptm HTTP/1.1" 200 21 "-" "WordPress/6.8.1; https://nmgs-journal.org"
142.132.252.48 - - [30/Jun/2025:02:22:30 +0000] "POST /wp-cron.php?doing_wp_cron=1751250150.0087449550628662109375 HTTP/1.1" 200 20 "-" "WordPress/6.8.1; https://nmgs-journal.org"
142.132.252.48 - - [30/Jun/2025:02:22:30 +0000] "POST /wp-admin/admin-ajax.php?action=async_litespeed&nonce=50179e40e8&litespeed_type=imgoptm HTTP/1.1" 200 21 "-" "WordPress/6.8.1; https://nmgs-journal.org"
66.249.89.133 - - [30/Jun/2025:02:22:29 +0000] "GET /.well-known/apple-app-site-association HTTP/1.1" 404 21398 "-" "Mozilla/5.0 (Linux; Android 6.0.1; Nexus 5X Build/MMB29P) AppleWebKit/537.36 (KHTML, like Gecko) Chrome/137.0.7151.103 Mobile Safari/537.36 (compatible; AdsBot-Google-Mobile; +http://www.google.com/mobile/adsbot.html)"
197.45.232.81 - - [30/Jun/2025:02:24:20 +0000] "GET /journal/download.php?file_id=%27nvOpzp;%20AND%201=1%20OR%20(%3C%27%22%3EiKO)), HTTP/1.1" 200 51 "-" "-"
142.132.252.48 - - [30/Jun/2025:02:24:45 +0000] "POST /wp-cron.php?doing_wp_cron=1751250285.2503170967102050781250 HTTP/1.1" 200 20 "-" "WordPress/6.8.1; https://nmgs-journal.org"
52.167.144.150 - - [30/Jun/2025:02:24:44 +0000] "GET /?s=%E3%82%B7%E3%83%BC%E3%83%88%E3%83%91%E3%82%A4%E3%83%AB+%E5%9C%B0%E4%B8%AD%E6%A2%81%E3%80%80%E9%9B%A2%E3%82%8C HTTP/2" 200 21691 "-" "Mozilla/5.0 AppleWebKit/537.36 (KHTML, like Gecko; compatible; bingbot/2.0; +http://www.bing.com/bingbot.htm) Chrome/116.0.1938.76 Safari/537.36"
142.132.252.48 - - [30/Jun/2025:02:24:45 +0000] "POST /wp-admin/admin-ajax.php?action=async_litespeed&nonce=50179e40e8&litespeed_type=imgoptm HTTP/1.1" 200 21 "-" "WordPress/6.8.1; https://nmgs-journal.org"
157.55.39.12 - - [30/Jun/2025:02:25:01 +0000] "GET /?s=%E3%83%96%E3%83%AB%E3%83%BC%E3%83%88%E3%82%A5%E3%83%BC%E3%82%B9%E3%83%AC%E3%82%B7%E3%83%90%E3%83%BC HTTP/2" 200 21575 "-" "Mozilla/5.0 AppleWebKit/537.36 (KHTML, like Gecko; compatible; bingbot/2.0; +http://www.bing.com/bingbot.htm) Chrome/116.0.1938.76 Safari/537.36"
157.55.39.63 - - [30/Jun/2025:02:26:48 +0000] "GET /?s=Dennou+Tenshi+Jibril++sukebei HTTP/2" 200 21470 "-" "Mozilla/5.0 AppleWebKit/537.36 (KHTML, like Gecko; compatible; bingbot/2.0; +http://www.bing.com/bingbot.htm) Chrome/116.0.1938.76 Safari/537.36"
142.132.252.48 - - [30/Jun/2025:02:26:48 +0000] "POST /wp-cron.php?doing_wp_cron=1751250408.7118370532989501953125 HTTP/1.1" 200 20 "-" "WordPress/6.8.1; https://nmgs-journal.org"
142.132.252.48 - - [30/Jun/2025:02:26:49 +0000] "POST /wp-admin/admin-ajax.php?action=async_litespeed&nonce=50179e40e8&litespeed_type=imgoptm HTTP/1.1" 200 21 "-" "WordPress/6.8.1; https://nmgs-journal.org"
157.55.39.63 - - [30/Jun/2025:02:28:18 +0000] "GET /?s=%E0%B8%98%E0%B8%81%E0%B8%AA+%E0%B8%84%E0%B9%88%E0%B8%B2%E0%B9%80%E0%B8%8A%E0%B9%88%E0%B8%B2%E0%B8%AB%E0%B8%B1%E0%B8%81%E0%B8%81%E0%B8%B5%E0%B9%88%E0%B9%80%E0%B8%9B%E0%B8%AD%E0%B8%A3%E0%B9%8C%E0%B9%80%E0%B8%8B%E0%B9%87%E0%B8%99%E0%B8%95%E0%B9%8C HTTP/2" 200 21759 "-" "Mozilla/5.0 AppleWebKit/537.36 (KHTML, like Gecko; compatible; bingbot/2.0; +http://www.bing.com/bingbot.htm) Chrome/116.0.1938.76 Safari/537.36"
142.132.252.48 - - [30/Jun/2025:02:28:19 +0000] "POST /wp-cron.php?doing_wp_cron=1751250499.0732290744781494140625 HTTP/1.1" 200 20 "-" "WordPress/6.8.1; https://nmgs-journal.org"
142.132.252.48 - - [30/Jun/2025:02:29:00 +0000] "POST /wp-cron.php?doing_wp_cron=1751250540.2591290473937988281250 HTTP/1.1" 200 20 "-" "WordPress/6.8.1; https://nmgs-journal.org"
134.17.14.12 - - [30/Jun/2025:02:28:59 +0000] "POST /wp-content/plugins/about.php HTTP/1.1" 404 21345 "-" "Mozilla/4.0 (compatible; MSIE 6.0; Windows NT 5.1; SV1)"
142.132.252.48 - - [30/Jun/2025:02:29:01 +0000] "POST /wp-admin/admin-ajax.php?action=async_litespeed&nonce=50179e40e8&litespeed_type=imgoptm HTTP/1.1" 200 21 "-" "WordPress/6.8.1; https://nmgs-journal.org"
142.132.252.48 - - [30/Jun/2025:02:30:50 +0000] "POST /wp-cron.php?doing_wp_cron=1751250650.3397779464721679687500 HTTP/1.1" 200 20 "-" "WordPress/6.8.1; https://nmgs-journal.org"
157.55.39.63 - - [30/Jun/2025:02:30:49 +0000] "GET /?s=%E6%98%8E%E6%9C%9D+%E7%8B%90%E7%8B%B8%E5%BE%80 HTTP/2" 200 21533 "-" "Mozilla/5.0 AppleWebKit/537.36 (KHTML, like Gecko; compatible; bingbot/2.0; +http://www.bing.com/bingbot.htm) Chrome/116.0.1938.76 Safari/537.36"
142.132.252.48 - - [30/Jun/2025:02:30:51 +0000] "POST /wp-admin/admin-ajax.php?action=async_litespeed&nonce=50179e40e8&litespeed_type=imgoptm HTTP/1.1" 200 21 "-" "WordPress/6.8.1; https://nmgs-journal.org"
142.132.252.48 - - [30/Jun/2025:02:32:00 +0000] "POST /wp-cron.php?doing_wp_cron=1751250720.5425350666046142578125 HTTP/1.1" 200 20 "-" "WordPress/6.8.1; https://nmgs-journal.org"
157.55.39.63 - - [30/Jun/2025:02:31:59 +0000] "GET /?s=%E4%BA%9E%E6%B4%B2%E5%A4%A7%E5%B8%AB%E8%B3%BD%E8%B3%BD%E7%A8%8B HTTP/2" 200 21575 "-" "Mozilla/5.0 AppleWebKit/537.36 (KHTML, like Gecko; compatible; bingbot/2.0; +http://www.bing.com/bingbot.htm) Chrome/116.0.1938.76 Safari/537.36"
142.132.252.48 - - [30/Jun/2025:02:32:01 +0000] "POST /wp-admin/admin-ajax.php?action=async_litespeed&nonce=50179e40e8&litespeed_type=imgoptm HTTP/1.1" 200 21 "-" "WordPress/6.8.1; https://nmgs-journal.org"
142.132.252.48 - - [30/Jun/2025:02:34:01 +0000] "POST /wp-cron.php?doing_wp_cron=1751250841.2872009277343750000000 HTTP/1.1" 200 20 "-" "WordPress/6.8.1; https://nmgs-journal.org"
157.55.39.63 - - [30/Jun/2025:02:34:00 +0000] "GET /?s=%E5%85%BB%E8%80%81%E7%A4%BE%E5%8C%BA HTTP/2" 200 21506 "-" "Mozilla/5.0 AppleWebKit/537.36 (KHTML, like Gecko; compatible; bingbot/2.0; +http://www.bing.com/bingbot.htm) Chrome/116.0.1938.76 Safari/537.36"
142.132.252.48 - - [30/Jun/2025:02:34:02 +0000] "POST /wp-admin/admin-ajax.php?action=async_litespeed&nonce=50179e40e8&litespeed_type=imgoptm HTTP/1.1" 200 21 "-" "WordPress/6.8.1; https://nmgs-journal.org"
157.55.39.63 - - [30/Jun/2025:02:36:32 +0000] "GET /wp-content/plugins/addon-elements-for-elementor-page-builder/inc/admin/?MD HTTP/2" 200 794 "-" "Mozilla/5.0 AppleWebKit/537.36 (KHTML, like Gecko; compatible; bingbot/2.0; +http://www.bing.com/bingbot.htm) Chrome/116.0.1938.76 Safari/537.36"
142.132.252.48 - - [30/Jun/2025:02:43:56 +0000] "POST /wp-admin/admin-ajax.php?action=async_litespeed&nonce=50179e40e8&litespeed_type=imgoptm HTTP/1.1" 200 21 "-" "WordPress/6.8.1; https://nmgs-journal.org"
57.141.0.12 - - [30/Jun/2025:02:42:35 +0000] "GET /for-authors/ HTTP/2" 200 165825 "-" "meta-externalagent/1.1 (+https://developers.facebook.com/docs/sharing/webmasters/crawler)"
142.132.252.48 - - [30/Jun/2025:02:42:36 +0000] "POST /wp-admin/admin-ajax.php?action=async_litespeed&nonce=50179e40e8&litespeed_type=imgoptm HTTP/1.1" 200 21 "-" "WordPress/6.8.1; https://nmgs-journal.org"
142.132.252.48 - - [30/Jun/2025:02:44:07 +0000] "POST /wp-cron.php?doing_wp_cron=1751251447.5672290325164794921875 HTTP/1.1" 200 20 "-" "WordPress/6.8.1; https://nmgs-journal.org"
207.46.13.125 - - [30/Jun/2025:02:44:06 +0000] "GET /?s=data+center+construction HTTP/2" 200 21435 "-" "Mozilla/5.0 AppleWebKit/537.36 (KHTML, like Gecko; compatible; bingbot/2.0; +http://www.bing.com/bingbot.htm) Chrome/116.0.1938.76 Safari/537.36"
