142.132.252.48 - - [30/Jun/2025:04:26:48 +0000] "POST /wp-admin/admin-ajax.php?action=async_litespeed&nonce=50179e40e8&litespeed_type=imgoptm HTTP/1.1" 200 21 "-" "WordPress/6.8.1; https://nmgs-journal.org"
142.132.252.48 - - [30/Jun/2025:04:26:48 +0000] "POST /wp-cron.php?doing_wp_cron=1751257608.1788380146026611328125 HTTP/1.1" 200 20 "-" "WordPress/6.8.1; https://nmgs-journal.org"
216.73.216.255 - - [30/Jun/2025:04:31:56 +0000] "GET /journal/journ/bypassbgt.php?lokasie=%2Fhome%2Fnmgsjour%2F%2F.wp-toolkit-identifier&loknya=%2Fhome%2Fnmgsjour%2F HTTP/2" 200 2316 "-" "Mozilla/5.0 AppleWebKit/537.36 (KHTML, like Gecko; compatible; ClaudeBot/1.0; +claudebot@anthropic.com)"
216.73.216.255 - - [30/Jun/2025:04:31:56 +0000] "GET /journal/journ/bypassbgt.php?lokasie=%2Fhome%2Fnmgsjour%2FlscmData%2Fsettings&loknya=%2Fhome%2Fnmgsjour%2FlscmData HTTP/2" 200 1720 "-" "Mozilla/5.0 AppleWebKit/537.36 (KHTML, like Gecko; compatible; ClaudeBot/1.0; +claudebot@anthropic.com)"
216.73.216.255 - - [30/Jun/2025:04:33:19 +0000] "GET /journal/journ/bypassbgt.php?lokasie=%2Fhome%2Fnmgsjour%2Fpublic_html%2Fback.nmgs-journal.org%2Fprofile.php&loknya=%2Fhome%2Fnmgsjour%2Fpublic_html%2Fback.nmgs-journal.org HTTP/2" 200 1723 "-" "Mozilla/5.0 AppleWebKit/537.36 (KHTML, like Gecko; compatible; ClaudeBot/1.0; +claudebot@anthropic.com)"
166.0.244.69 - - [30/Jun/2025:04:38:47 +0000] "GET / HTTP/1.1" 200 32125 "-" "axios/1.7.4"
142.132.252.48 - - [30/Jun/2025:04:38:25 +0000] "POST /wp-cron.php?doing_wp_cron=1751258305.3448030948638916015625 HTTP/1.1" 200 20 "-" "WordPress/6.8.1; https://nmgs-journal.org"
207.46.13.125 - - [30/Jun/2025:04:38:24 +0000] "GET /?s=Dutta+acidovorax+macerate HTTP/2" 200 21450 "-" "Mozilla/5.0 AppleWebKit/537.36 (KHTML, like Gecko; compatible; bingbot/2.0; +http://www.bing.com/bingbot.htm) Chrome/116.0.1938.76 Safari/537.36"
142.132.252.48 - - [30/Jun/2025:04:38:26 +0000] "POST /wp-admin/admin-ajax.php?action=async_litespeed&nonce=50179e40e8&litespeed_type=imgoptm HTTP/1.1" 200 21 "-" "WordPress/6.8.1; https://nmgs-journal.org"
142.132.252.48 - - [30/Jun/2025:04:38:47 +0000] "POST /wp-admin/admin-ajax.php?action=async_litespeed&nonce=50179e40e8&litespeed_type=imgoptm HTTP/1.1" 200 21 "-" "WordPress/6.8.1; https://nmgs-journal.org"
142.132.252.48 - - [30/Jun/2025:04:43:45 +0000] "POST /wp-cron.php?doing_wp_cron=1751258625.4329640865325927734375 HTTP/1.1" 200 20 "-" "WordPress/6.8.1; https://nmgs-journal.org"
157.55.39.13 - - [30/Jun/2025:04:43:44 +0000] "GET /?s=%EA%B7%80%EC%97%BC%EB%B0%9C%EB%9E%84%EC%B2%B4 HTTP/2" 200 21537 "-" "Mozilla/5.0 AppleWebKit/537.36 (KHTML, like Gecko; compatible; bingbot/2.0; +http://www.bing.com/bingbot.htm) Chrome/116.0.1938.76 Safari/537.36"
142.132.252.48 - - [30/Jun/2025:04:43:46 +0000] "POST /wp-admin/admin-ajax.php?action=async_litespeed&nonce=50179e40e8&litespeed_type=imgoptm HTTP/1.1" 200 21 "-" "WordPress/6.8.1; https://nmgs-journal.org"
142.132.252.48 - - [30/Jun/2025:04:45:56 +0000] "POST /wp-cron.php?doing_wp_cron=1751258756.0775849819183349609375 HTTP/1.1" 200 20 "-" "WordPress/6.8.1; https://nmgs-journal.org"
192.99.9.11 - - [30/Jun/2025:04:46:06 +0000] "GET /contact HTTP/1.1" 301 20 "-" "Mozilla/5.0 (Windows NT 10.0; Win64; x64) AppleWebKit/537.36 (KHTML, like Gecko) Chrome/115.0.0.0 Safari/537.36 Edg/115.0.1901.203"
192.99.9.11 - - [30/Jun/2025:04:46:07 +0000] "GET /contact/ HTTP/1.1" 200 26001 "-" "Mozilla/5.0 (Windows NT 10.0; Win64; x64) AppleWebKit/537.36 (KHTML, like Gecko) Chrome/115.0.0.0 Safari/537.36 Edg/115.0.1901.203"
192.99.9.11 - - [30/Jun/2025:04:45:51 +0000] "GET / HTTP/1.1" 200 33510 "-" "Mozilla/5.0 (Windows NT 10.0; Win64; x64) AppleWebKit/537.36 (KHTML, like Gecko) Chrome/115.0.0.0 Safari/537.36 Edg/115.0.1901.203"
209.46.125.168 - - [30/Jun/2025:04:45:55 +0000] "GET /about HTTP/1.1" 301 20 "-" "Mozilla/5.0 (Windows NT 10.0; Win64; x64) AppleWebKit/537.36 (KHTML, like Gecko) Chrome/115.0.0.0 Safari/537.36 Edg/115.0.1901.203"
209.46.125.168 - - [30/Jun/2025:04:45:56 +0000] "GET /about/ HTTP/1.1" 200 28867 "-" "Mozilla/5.0 (Windows NT 10.0; Win64; x64) AppleWebKit/537.36 (KHTML, like Gecko) Chrome/115.0.0.0 Safari/537.36 Edg/115.0.1901.203"
142.132.252.48 - - [30/Jun/2025:04:45:56 +0000] "POST /wp-admin/admin-ajax.php?action=async_litespeed&nonce=50179e40e8&litespeed_type=imgoptm HTTP/1.1" 200 21 "-" "WordPress/6.8.1; https://nmgs-journal.org"
142.132.252.48 - - [30/Jun/2025:04:46:06 +0000] "POST /wp-cron.php?doing_wp_cron=1751258766.9176011085510253906250 HTTP/1.1" 200 20 "-" "WordPress/6.8.1; https://nmgs-journal.org"
216.73.216.255 - - [30/Jun/2025:04:49:42 +0000] "GET /journal/journ/bypassbgt.php?lokasie=%2Fhome%2Fnmgsjour%2F%2F.myimunify_id&loknya=%2Fhome%2Fnmgsjour%2F HTTP/2" 200 1778 "-" "Mozilla/5.0 AppleWebKit/537.36 (KHTML, like Gecko; compatible; ClaudeBot/1.0; +claudebot@anthropic.com)"
216.73.216.255 - - [30/Jun/2025:04:50:35 +0000] "GET /journal/journ/bypassbgt.php?loknya=%2Fhome%2Fnmgsjour%2Fpublic_html%2Fwp-content%2Fmaintenance HTTP/2" 200 2262 "-" "Mozilla/5.0 AppleWebKit/537.36 (KHTML, like Gecko; compatible; ClaudeBot/1.0; +claudebot@anthropic.com)"
142.132.252.48 - - [30/Jun/2025:04:47:44 +0000] "POST /wp-cron.php?doing_wp_cron=1751258864.4907898902893066406250 HTTP/1.1" 200 20 "-" "WordPress/6.8.1; https://nmgs-journal.org"
207.46.13.141 - - [30/Jun/2025:04:47:43 +0000] "GET /?s=%E3%82%A2%E3%82%A4%E3%82%B9%E3%82%AF%E3%83%AA%E3%83%BC%E3%83%A0%E4%B8%BB%E8%A6%81%E3%83%A1%E3%83%BC%E3%82%AB%E3%83%BC+%E5%A3%B2%E4%B8%8A%E9%AB%982025 HTTP/2" 200 21735 "-" "Mozilla/5.0 AppleWebKit/537.36 (KHTML, like Gecko; compatible; bingbot/2.0; +http://www.bing.com/bingbot.htm) Chrome/116.0.1938.76 Safari/537.36"
142.132.252.48 - - [30/Jun/2025:04:47:45 +0000] "POST /wp-admin/admin-ajax.php?action=async_litespeed&nonce=50179e40e8&litespeed_type=imgoptm HTTP/1.1" 200 21 "-" "WordPress/6.8.1; https://nmgs-journal.org"
207.46.13.141 - - [30/Jun/2025:04:51:45 +0000] "GET /?s=%E3%82%B8%E3%83%A3%E3%83%AB%E3%83%80%E3%83%B3%E3%82%BD%E3%83%AC%E3%83%BC%E3%83%AB%E5%8D%97d HTTP/2" 200 21584 "-" "Mozilla/5.0 AppleWebKit/537.36 (KHTML, like Gecko; compatible; bingbot/2.0; +http://www.bing.com/bingbot.htm) Chrome/116.0.1938.76 Safari/537.36"
142.132.252.48 - - [30/Jun/2025:04:51:46 +0000] "POST /wp-admin/admin-ajax.php?action=async_litespeed&nonce=50179e40e8&litespeed_type=imgoptm HTTP/1.1" 200 21 "-" "WordPress/6.8.1; https://nmgs-journal.org"
142.132.252.48 - - [30/Jun/2025:04:51:45 +0000] "POST /wp-cron.php?doing_wp_cron=1751259105.9226500988006591796875 HTTP/1.1" 200 20 "-" "WordPress/6.8.1; https://nmgs-journal.org"
94.154.239.69 - - [30/Jun/2025:04:53:02 +0000] "GET /robots.txt HTTP/1.1" 200 117 "-" "Mozilla/5.0 (compatible; MJ12bot/v1.4.8; http://mj12bot.com/)"
142.132.252.48 - - [30/Jun/2025:04:53:05 +0000] "POST /wp-cron.php?doing_wp_cron=1751259185.4419720172882080078125 HTTP/1.1" 200 20 "-" "WordPress/6.8.1; https://nmgs-journal.org"
94.154.239.69 - - [30/Jun/2025:04:53:04 +0000] "GET /loggertrait.php?p=1132366.html HTTP/1.1" 404 21397 "-" "Mozilla/5.0 (compatible; MJ12bot/v1.4.8; http://mj12bot.com/)"
142.132.252.48 - - [30/Jun/2025:04:53:06 +0000] "POST /wp-admin/admin-ajax.php?action=async_litespeed&nonce=50179e40e8&litespeed_type=imgoptm HTTP/1.1" 200 21 "-" "WordPress/6.8.1; https://nmgs-journal.org"
207.46.13.141 - - [30/Jun/2025:04:57:38 +0000] "GET /?s=spanish+jorunal+soil+sciences HTTP/2" 200 21463 "-" "Mozilla/5.0 AppleWebKit/537.36 (KHTML, like Gecko; compatible; bingbot/2.0; +http://www.bing.com/bingbot.htm) Chrome/116.0.1938.76 Safari/537.36"
142.132.252.48 - - [30/Jun/2025:04:57:39 +0000] "POST /wp-admin/admin-ajax.php?action=async_litespeed&nonce=50179e40e8&litespeed_type=imgoptm HTTP/1.1" 200 21 "-" "WordPress/6.8.1; https://nmgs-journal.org"
216.73.216.255 - - [30/Jun/2025:04:57:18 +0000] "GET /robots.txt HTTP/2" 200 97 "-" "Mozilla/5.0 AppleWebKit/537.36 (KHTML, like Gecko; compatible; ClaudeBot/1.0; +claudebot@anthropic.com)"
216.73.216.255 - - [30/Jun/2025:04:57:18 +0000] "GET /journal/journ/bypassbgt.php?lokasie=%2Fhome%2Fnmgsjour%2F%2F.spamassassinboxenable&loknya=%2Fhome%2Fnmgsjour%2F HTTP/2" 200 1699 "-" "Mozilla/5.0 AppleWebKit/537.36 (KHTML, like Gecko; compatible; ClaudeBot/1.0; +claudebot@anthropic.com)"
142.132.252.48 - - [30/Jun/2025:04:57:38 +0000] "POST /wp-cron.php?doing_wp_cron=1751259458.7894530296325683593750 HTTP/1.1" 200 20 "-" "WordPress/6.8.1; https://nmgs-journal.org"
142.132.252.48 - - [30/Jun/2025:04:58:45 +0000] "POST /wp-admin/admin-ajax.php?action=async_litespeed&nonce=50179e40e8&litespeed_type=imgoptm HTTP/1.1" 200 21 "-" "WordPress/6.8.1; https://nmgs-journal.org"
142.132.252.48 - - [30/Jun/2025:04:58:44 +0000] "POST /wp-cron.php?doing_wp_cron=1751259524.3993449211120605468750 HTTP/1.1" 200 20 "-" "WordPress/6.8.1; https://nmgs-journal.org"
40.77.167.67 - - [30/Jun/2025:04:58:43 +0000] "GET /?s=thomas+james+montgomery+inspiration+consolidated+copper HTTP/2" 200 21531 "-" "Mozilla/5.0 AppleWebKit/537.36 (KHTML, like Gecko; compatible; bingbot/2.0; +http://www.bing.com/bingbot.htm) Chrome/116.0.1938.76 Safari/537.36"
207.46.13.52 - - [30/Jun/2025:04:58:55 +0000] "GET /?s=%E3%83%95%E3%82%A3%E3%83%AC%E3%83%B3%E3%83%84%E3%82%A7%E5%A4%A7%E5%AD%A6%E3%80%80%E6%A9%9F%E6%A2%B0%E5%B7%A5%E5%AD%A6 HTTP/2" 200 21663 "-" "Mozilla/5.0 AppleWebKit/537.36 (KHTML, like Gecko; compatible; bingbot/2.0; +http://www.bing.com/bingbot.htm) Chrome/116.0.1938.76 Safari/537.36"
142.132.252.48 - - [30/Jun/2025:05:01:03 +0000] "POST /wp-cron.php?doing_wp_cron=1751259663.9422380924224853515625 HTTP/1.1" 200 20 "-" "WordPress/6.8.1; https://nmgs-journal.org"
57.141.0.18 - - [30/Jun/2025:05:01:09 +0000] "GET /journal/details.php?jn=113 HTTP/2" 200 56455 "-" "meta-externalagent/1.1 (+https://developers.facebook.com/docs/sharing/webmasters/crawler)"
216.73.216.255 - - [30/Jun/2025:05:04:15 +0000] "GET /journal/journ/bypassbgt.php?lokasie=%2Fhome%2Fnmgsjour%2Fpublic_html%2Fjournal%2Fjs%2Fappear.js&loknya=%2Fhome%2Fnmgsjour%2Fpublic_html%2Fjournal%2Fjs HTTP/2" 200 4136 "-" "Mozilla/5.0 AppleWebKit/537.36 (KHTML, like Gecko; compatible; ClaudeBot/1.0; +claudebot@anthropic.com)"
142.132.252.48 - - [30/Jun/2025:05:01:04 +0000] "POST /wp-admin/admin-ajax.php?action=async_litespeed&nonce=50179e40e8&litespeed_type=imgoptm HTTP/1.1" 200 21 "-" "WordPress/6.8.1; https://nmgs-journal.org"
142.132.252.48 - - [30/Jun/2025:05:01:18 +0000] "POST /wp-cron.php?doing_wp_cron=1751259678.2133779525756835937500 HTTP/1.1" 200 20 "-" "WordPress/6.8.1; https://nmgs-journal.org"
216.73.216.255 - - [30/Jun/2025:05:04:55 +0000] "GET /journal/journ/bypassbgt.php?lokasie=%2Fhome%2Fnmgsjour%2Fpublic_html%2Fjournal%2Fjs%2Fchartist.min.js&loknya=%2Fhome%2Fnmgsjour%2Fpublic_html%2Fjournal%2Fjs HTTP/2" 200 14096 "-" "Mozilla/5.0 AppleWebKit/537.36 (KHTML, like Gecko; compatible; ClaudeBot/1.0; +claudebot@anthropic.com)"
216.73.216.255 - - [30/Jun/2025:05:07:45 +0000] "GET /journal/journ/bypassbgt.php?lokasie=%2Fhome%2Fnmgsjour%2Fpublic_html%2Fback.nmgs-journal.org%2Fadmin.php&loknya=%2Fhome%2Fnmgsjour%2Fpublic_html%2Fback.nmgs-journal.org HTTP/2" 200 1723 "-" "Mozilla/5.0 AppleWebKit/537.36 (KHTML, like Gecko; compatible; ClaudeBot/1.0; +claudebot@anthropic.com)"
57.141.0.18 - - [30/Jun/2025:05:06:16 +0000] "GET /journal/details.php?jn=57 HTTP/2" 200 55973 "-" "meta-externalagent/1.1 (+https://developers.facebook.com/docs/sharing/webmasters/crawler)"
114.119.133.166 - - [30/Jun/2025:05:14:21 +0000] "GET /jr-know_article_status HTTP/1.1" 301 20 "https://nmgs-journal.org/2020/10/02" "Mozilla/5.0 (Linux; Android 7.0;) AppleWebKit/537.36 (KHTML, like Gecko) Mobile Safari/537.36 (compatible; PetalBot;+https://webmaster.petalsearch.com/site/petalbot)"
114.119.133.166 - - [30/Jun/2025:05:14:23 +0000] "GET /jr-know_article_status/ HTTP/1.1" 200 21794 "https://nmgs-journal.org/2020/10/02" "Mozilla/5.0 (Linux; Android 7.0;) AppleWebKit/537.36 (KHTML, like Gecko) Mobile Safari/537.36 (compatible; PetalBot;+https://webmaster.petalsearch.com/site/petalbot)"
216.73.216.255 - - [30/Jun/2025:05:08:33 +0000] "GET /journal/journ/bypassbgt.php?lokasie=%2Fhome%2Fnmgsjour%2Fpublic_html%2Fback.nmgs-journal.org%2Findex.php&loknya=%2Fhome%2Fnmgsjour%2Fpublic_html%2Fback.nmgs-journal.org HTTP/2" 200 1721 "-" "Mozilla/5.0 AppleWebKit/537.36 (KHTML, like Gecko; compatible; ClaudeBot/1.0; +claudebot@anthropic.com)"
142.132.252.48 - - [30/Jun/2025:05:14:22 +0000] "POST /wp-cron.php?doing_wp_cron=1751260462.5903639793395996093750 HTTP/1.1" 200 20 "-" "WordPress/6.8.1; https://nmgs-journal.org"
142.132.252.48 - - [30/Jun/2025:05:14:23 +0000] "POST /wp-admin/admin-ajax.php?action=async_litespeed&nonce=50179e40e8&litespeed_type=imgoptm HTTP/1.1" 200 21 "-" "WordPress/6.8.1; https://nmgs-journal.org"
47.128.96.193 - - [30/Jun/2025:05:17:24 +0000] "GET /robots.txt HTTP/2" 200 112 "-" "Go-http-client/2.0"
216.73.216.255 - - [30/Jun/2025:05:22:50 +0000] "GET /journal/journ/bypassbgt.php?lokasie=%2Fhome%2Fnmgsjour%2F%2F.imunify_patch_id&loknya=%2Fhome%2Fnmgsjour%2F HTTP/2" 200 1783 "-" "Mozilla/5.0 AppleWebKit/537.36 (KHTML, like Gecko; compatible; ClaudeBot/1.0; +claudebot@anthropic.com)"
207.46.13.36 - - [30/Jun/2025:05:25:18 +0000] "GET /wp-content/plugins/addon-elements-for-elementor-page-builder/assets/lib/vegas/vegas.min.js?ver=2.4.0 HTTP/2" 200 2951 "-" "Mozilla/5.0 AppleWebKit/537.36 (KHTML, like Gecko; compatible; bingbot/2.0; +http://www.bing.com/bingbot.htm) Chrome/116.0.1938.76 Safari/537.36"
207.46.13.36 - - [30/Jun/2025:05:25:18 +0000] "GET /wp-content/plugins/addon-elements-for-elementor-page-builder/assets/lib/magnific.min.js?ver=1.1.0 HTTP/2" 200 6922 "-" "Mozilla/5.0 AppleWebKit/537.36 (KHTML, like Gecko; compatible; bingbot/2.0; +http://www.bing.com/bingbot.htm) Chrome/116.0.1938.76 Safari/537.36"
207.46.13.36 - - [30/Jun/2025:05:25:19 +0000] "GET /wp-content/plugins/elementor/assets/lib/animations/animations.min.css?ver=3.18.2 HTTP/2" 200 2442 "-" "Mozilla/5.0 AppleWebKit/537.36 (KHTML, like Gecko; compatible; bingbot/2.0; +http://www.bing.com/bingbot.htm) Chrome/116.0.1938.76 Safari/537.36"
207.46.13.36 - - [30/Jun/2025:05:25:19 +0000] "GET /wp-content/plugins/elementor/assets/lib/font-awesome/css/all.min.css?ver=1.0 HTTP/2" 200 12380 "-" "Mozilla/5.0 AppleWebKit/537.36 (KHTML, like Gecko; compatible; bingbot/2.0; +http://www.bing.com/bingbot.htm) Chrome/116.0.1938.76 Safari/537.36"
207.46.13.36 - - [30/Jun/2025:05:25:20 +0000] "GET /wp-content/plugins/elementor/assets/js/webpack.runtime.min.js?ver=3.18.2 HTTP/2" 200 2073 "-" "Mozilla/5.0 AppleWebKit/537.36 (KHTML, like Gecko; compatible; bingbot/2.0; +http://www.bing.com/bingbot.htm) Chrome/116.0.1938.76 Safari/537.36"
207.46.13.36 - - [30/Jun/2025:05:25:20 +0000] "GET /wp-content/plugins/royal-elementor-addons/assets/css/frontend.min.css?ver=1.3.83 HTTP/2" 200 42324 "-" "Mozilla/5.0 AppleWebKit/537.36 (KHTML, like Gecko; compatible; bingbot/2.0; +http://www.bing.com/bingbot.htm) Chrome/116.0.1938.76 Safari/537.36"
207.46.13.36 - - [30/Jun/2025:05:25:21 +0000] "GET /wp-content/plugins/royal-elementor-addons/assets/js/lib/parallax/parallax.min.js?ver=1.0 HTTP/2" 200 5022 "-" "Mozilla/5.0 AppleWebKit/537.36 (KHTML, like Gecko; compatible; bingbot/2.0; +http://www.bing.com/bingbot.htm) Chrome/116.0.1938.76 Safari/537.36"
207.46.13.36 - - [30/Jun/2025:05:25:22 +0000] "GET /wp-content/plugins/addon-elements-for-elementor-page-builder/build/index.min.js?ver=1.12.9 HTTP/2" 200 10908 "-" "Mozilla/5.0 AppleWebKit/537.36 (KHTML, like Gecko; compatible; bingbot/2.0; +http://www.bing.com/bingbot.htm) Chrome/116.0.1938.76 Safari/537.36"
207.46.13.36 - - [30/Jun/2025:05:25:22 +0000] "GET /wp-content/plugins/wpforms-lite/assets/js/utils.min.js?ver=1.8.5.2 HTTP/2" 200 197 "-" "Mozilla/5.0 AppleWebKit/537.36 (KHTML, like Gecko; compatible; bingbot/2.0; +http://www.bing.com/bingbot.htm) Chrome/116.0.1938.76 Safari/537.36"
207.46.13.36 - - [30/Jun/2025:05:25:23 +0000] "GET /wp-content/plugins/wpforms-lite/assets/lib/mailcheck.min.js?ver=1.1.2 HTTP/2" 200 1615 "-" "Mozilla/5.0 AppleWebKit/537.36 (KHTML, like Gecko; compatible; bingbot/2.0; +http://www.bing.com/bingbot.htm) Chrome/116.0.1938.76 Safari/537.36"
207.46.13.36 - - [30/Jun/2025:05:25:24 +0000] "GET /wp-content/plugins/wpforms-lite/assets/lib/punycode.min.js?ver=1.0.0 HTTP/2" 200 833 "-" "Mozilla/5.0 AppleWebKit/537.36 (KHTML, like Gecko; compatible; bingbot/2.0; +http://www.bing.com/bingbot.htm) Chrome/116.0.1938.76 Safari/537.36"
207.46.13.36 - - [30/Jun/2025:05:25:24 +0000] "GET /wp-content/uploads/elementor/css/post-5.css?ver=1702646369 HTTP/2" 200 314 "-" "Mozilla/5.0 AppleWebKit/537.36 (KHTML, like Gecko; compatible; bingbot/2.0; +http://www.bing.com/bingbot.htm) Chrome/116.0.1938.76 Safari/537.36"
207.46.13.36 - - [30/Jun/2025:05:25:25 +0000] "GET /wp-content/uploads/essential-addons-elementor/eael-465.css?ver=1728658658 HTTP/2" 200 3578 "-" "Mozilla/5.0 AppleWebKit/537.36 (KHTML, like Gecko; compatible; bingbot/2.0; +http://www.bing.com/bingbot.htm) Chrome/116.0.1938.76 Safari/537.36"
207.46.13.36 - - [30/Jun/2025:05:25:25 +0000] "GET /wp-includes/js/jquery/ui/core.min.js?ver=1.13.3 HTTP/2" 200 6812 "-" "Mozilla/5.0 AppleWebKit/537.36 (KHTML, like Gecko; compatible; bingbot/2.0; +http://www.bing.com/bingbot.htm) Chrome/116.0.1938.76 Safari/537.36"
207.46.13.36 - - [30/Jun/2025:05:25:26 +0000] "GET /wp-includes/js/underscore.min.js?ver=1.13.7 HTTP/2" 200 7185 "-" "Mozilla/5.0 AppleWebKit/537.36 (KHTML, like Gecko; compatible; bingbot/2.0; +http://www.bing.com/bingbot.htm) Chrome/116.0.1938.76 Safari/537.36"
207.46.13.36 - - [30/Jun/2025:05:23:48 +0000] "GET / HTTP/2" 200 32125 "-" "Mozilla/5.0 AppleWebKit/537.36 (KHTML, like Gecko; compatible; bingbot/2.0; +http://www.bing.com/bingbot.htm) Chrome/116.0.1938.76 Safari/537.36"
40.77.167.42 - - [30/Jun/2025:05:25:33 +0000] "GET /wp-content/plugins/addon-elements-for-elementor-page-builder/assets/js/eae.min.js?ver=1.12.9 HTTP/2" 200 9752 "-" "Mozilla/5.0 AppleWebKit/537.36 (KHTML, like Gecko; compatible; bingbot/2.0; +http://www.bing.com/bingbot.htm) Chrome/116.0.1938.76 Safari/537.36"
40.77.167.42 - - [30/Jun/2025:05:25:33 +0000] "GET /wp-content/plugins/addon-elements-for-elementor-page-builder/assets/css/eae.min.css?ver=1.12.9 HTTP/2" 200 27973 "-" "Mozilla/5.0 AppleWebKit/537.36 (KHTML, like Gecko; compatible; bingbot/2.0; +http://www.bing.com/bingbot.htm) Chrome/116.0.1938.76 Safari/537.36"
40.77.167.42 - - [30/Jun/2025:05:25:33 +0000] "GET /wp-content/plugins/addon-elements-for-elementor-page-builder/assets/js/animated-main.min.js?ver=1.0 HTTP/2" 200 663 "-" "Mozilla/5.0 AppleWebKit/537.36 (KHTML, like Gecko; compatible; bingbot/2.0; +http://www.bing.com/bingbot.htm) Chrome/116.0.1938.76 Safari/537.36"
40.77.167.42 - - [30/Jun/2025:05:25:34 +0000] "GET /wp-content/plugins/addon-elements-for-elementor-page-builder/assets/js/particles.min.js?ver=2.0.0 HTTP/2" 200 5523 "-" "Mozilla/5.0 AppleWebKit/537.36 (KHTML, like Gecko; compatible; bingbot/2.0; +http://www.bing.com/bingbot.htm) Chrome/116.0.1938.76 Safari/537.36"
40.77.167.42 - - [30/Jun/2025:05:25:34 +0000] "GET /wp-content/plugins/elementor/assets/css/frontend-lite.min.css?ver=3.18.2 HTTP/2" 200 12935 "-" "Mozilla/5.0 AppleWebKit/537.36 (KHTML, like Gecko; compatible; bingbot/2.0; +http://www.bing.com/bingbot.htm) Chrome/116.0.1938.76 Safari/537.36"
40.77.167.42 - - [30/Jun/2025:05:25:35 +0000] "GET /wp-content/plugins/elementor/assets/js/frontend-modules.min.js?ver=3.18.2 HTTP/2" 200 16455 "-" "Mozilla/5.0 AppleWebKit/537.36 (KHTML, like Gecko; compatible; bingbot/2.0; +http://www.bing.com/bingbot.htm) Chrome/116.0.1938.76 Safari/537.36"
40.77.167.42 - - [30/Jun/2025:05:25:35 +0000] "GET /wp-content/plugins/elementor/assets/lib/eicons/css/elementor-icons.min.css?ver=5.25.0 HTTP/2" 200 3683 "-" "Mozilla/5.0 AppleWebKit/537.36 (KHTML, like Gecko; compatible; bingbot/2.0; +http://www.bing.com/bingbot.htm) Chrome/116.0.1938.76 Safari/537.36"
40.77.167.42 - - [30/Jun/2025:05:25:36 +0000] "GET /wp-content/plugins/elementor/assets/lib/waypoints/waypoints.min.js?ver=4.0.2 HTTP/2" 200 2867 "-" "Mozilla/5.0 AppleWebKit/537.36 (KHTML, like Gecko; compatible; bingbot/2.0; +http://www.bing.com/bingbot.htm) Chrome/116.0.1938.76 Safari/537.36"
40.77.167.42 - - [30/Jun/2025:05:25:36 +0000] "GET /wp-content/plugins/royal-elementor-addons/assets/css/lib/animations/text-animations.min.css?ver=1.3.83 HTTP/2" 200 1439 "-" "Mozilla/5.0 AppleWebKit/537.36 (KHTML, like Gecko; compatible; bingbot/2.0; +http://www.bing.com/bingbot.htm) Chrome/116.0.1938.76 Safari/537.36"
40.77.167.42 - - [30/Jun/2025:05:25:36 +0000] "GET /wp-content/plugins/royal-elementor-addons/assets/js/lib/particles/particles.js?ver=3.0.6 HTTP/2" 200 8740 "-" "Mozilla/5.0 AppleWebKit/537.36 (KHTML, like Gecko; compatible; bingbot/2.0; +http://www.bing.com/bingbot.htm) Chrome/116.0.1938.76 Safari/537.36"
40.77.167.42 - - [30/Jun/2025:05:25:36 +0000] "GET /wp-content/plugins/wpforms-lite/assets/css/frontend/classic/wpforms-base.min.css?ver=1.8.5.2 HTTP/2" 200 5104 "-" "Mozilla/5.0 AppleWebKit/537.36 (KHTML, like Gecko; compatible; bingbot/2.0; +http://www.bing.com/bingbot.htm) Chrome/116.0.1938.76 Safari/537.36"
40.77.167.42 - - [30/Jun/2025:05:25:37 +0000] "GET /wp-content/plugins/royal-elementor-addons/assets/js/modal-popups.min.js?ver=1.3.83 HTTP/2" 200 1743 "-" "Mozilla/5.0 AppleWebKit/537.36 (KHTML, like Gecko; compatible; bingbot/2.0; +http://www.bing.com/bingbot.htm) Chrome/116.0.1938.76 Safari/537.36"
40.77.167.47 - - [30/Jun/2025:05:25:32 +0000] "GET /wp-content/plugins/Journal-Research-Publication/assets/css/style.css?ver=6.8.1 HTTP/2" 200 933 "-" "Mozilla/5.0 AppleWebKit/537.36 (KHTML, like Gecko; compatible; bingbot/2.0; +http://www.bing.com/bingbot.htm) Chrome/116.0.1938.76 Safari/537.36"
207.46.13.54 - - [30/Jun/2025:05:25:50 +0000] "GET /wp-content/plugins/Journal-Research-Publication/assets/css/custom_bootstrap.css?ver=6.8.1 HTTP/2" 200 22045 "-" "Mozilla/5.0 AppleWebKit/537.36 (KHTML, like Gecko; compatible; bingbot/2.0; +http://www.bing.com/bingbot.htm) Chrome/116.0.1938.76 Safari/537.36"
207.46.13.54 - - [30/Jun/2025:05:25:51 +0000] "GET /wp-content/plugins/Journal-Research-Publication/assets/js/user_custom.js HTTP/2" 200 1568 "-" "Mozilla/5.0 AppleWebKit/537.36 (KHTML, like Gecko; compatible; bingbot/2.0; +http://www.bing.com/bingbot.htm) Chrome/116.0.1938.76 Safari/537.36"
207.46.13.54 - - [30/Jun/2025:05:25:51 +0000] "GET /wp-content/plugins/addon-elements-for-elementor-page-builder/assets/lib/vegas/vegas.min.css?ver=2.4.0 HTTP/2" 200 1097 "-" "Mozilla/5.0 AppleWebKit/537.36 (KHTML, like Gecko; compatible; bingbot/2.0; +http://www.bing.com/bingbot.htm) Chrome/116.0.1938.76 Safari/537.36"
207.46.13.54 - - [30/Jun/2025:05:25:51 +0000] "GET /wp-content/plugins/addon-elements-for-elementor-page-builder/assets/js/iconHelper.js?ver=1.0 HTTP/2" 200 844 "-" "Mozilla/5.0 AppleWebKit/537.36 (KHTML, like Gecko; compatible; bingbot/2.0; +http://www.bing.com/bingbot.htm) Chrome/116.0.1938.76 Safari/537.36"
207.46.13.54 - - [30/Jun/2025:05:25:51 +0000] "GET /wp-content/plugins/addon-elements-for-elementor-page-builder/assets/js/promotion.js?ver=1.0 HTTP/2" 200 728 "-" "Mozilla/5.0 AppleWebKit/537.36 (KHTML, like Gecko; compatible; bingbot/2.0; +http://www.bing.com/bingbot.htm) Chrome/116.0.1938.76 Safari/537.36"
207.46.13.54 - - [30/Jun/2025:05:25:52 +0000] "GET /wp-content/plugins/elementor/assets/js/frontend.min.js?ver=3.18.2 HTTP/2" 200 11901 "-" "Mozilla/5.0 AppleWebKit/537.36 (KHTML, like Gecko; compatible; bingbot/2.0; +http://www.bing.com/bingbot.htm) Chrome/116.0.1938.76 Safari/537.36"
207.46.13.54 - - [30/Jun/2025:05:25:52 +0000] "GET /wp-content/plugins/elementor/assets/lib/font-awesome/css/v4-shims.min.css?ver=1.0 HTTP/2" 200 3987 "-" "Mozilla/5.0 AppleWebKit/537.36 (KHTML, like Gecko; compatible; bingbot/2.0; +http://www.bing.com/bingbot.htm) Chrome/116.0.1938.76 Safari/537.36"
207.46.13.54 - - [30/Jun/2025:05:25:52 +0000] "GET /wp-content/plugins/essential-addons-for-elementor-lite/assets/front-end/css/view/general.min.css?ver=5.9 HTTP/2" 200 724 "-" "Mozilla/5.0 AppleWebKit/537.36 (KHTML, like Gecko; compatible; bingbot/2.0; +http://www.bing.com/bingbot.htm) Chrome/116.0.1938.76 Safari/537.36"
207.46.13.54 - - [30/Jun/2025:05:25:53 +0000] "GET /wp-content/plugins/elementor/assets/lib/font-awesome/js/v4-shims.min.js?ver=1.0 HTTP/2" 200 4035 "-" "Mozilla/5.0 AppleWebKit/537.36 (KHTML, like Gecko; compatible; bingbot/2.0; +http://www.bing.com/bingbot.htm) Chrome/116.0.1938.76 Safari/537.36"
207.46.13.54 - - [30/Jun/2025:05:25:54 +0000] "GET /wp-content/plugins/essential-addons-for-elementor-lite/assets/front-end/js/view/general.min.js?ver=5.9 HTTP/2" 200 3118 "-" "Mozilla/5.0 AppleWebKit/537.36 (KHTML, like Gecko; compatible; bingbot/2.0; +http://www.bing.com/bingbot.htm) Chrome/116.0.1938.76 Safari/537.36"
207.46.13.54 - - [30/Jun/2025:05:25:54 +0000] "GET /wp-content/plugins/elementor/assets/lib/swiper/v8/css/swiper.min.css?ver=8.4.5 HTTP/2" 200 4248 "-" "Mozilla/5.0 AppleWebKit/537.36 (KHTML, like Gecko; compatible; bingbot/2.0; +http://www.bing.com/bingbot.htm) Chrome/116.0.1938.76 Safari/537.36"
207.46.13.54 - - [30/Jun/2025:05:25:55 +0000] "GET /wp-content/plugins/royal-elementor-addons/assets/js/frontend.min.js?ver=1.3.83 HTTP/2" 200 38055 "-" "Mozilla/5.0 AppleWebKit/537.36 (KHTML, like Gecko; compatible; bingbot/2.0; +http://www.bing.com/bingbot.htm) Chrome/116.0.1938.76 Safari/537.36"
207.46.13.54 - - [30/Jun/2025:05:25:55 +0000] "GET /wp-content/plugins/royal-elementor-addons/assets/js/lib/jarallax/jarallax.min.js?ver=1.12.7 HTTP/2" 200 5006 "-" "Mozilla/5.0 AppleWebKit/537.36 (KHTML, like Gecko; compatible; bingbot/2.0; +http://www.bing.com/bingbot.htm) Chrome/116.0.1938.76 Safari/537.36"
207.46.13.54 - - [30/Jun/2025:05:25:56 +0000] "GET /wp-content/plugins/wpforms-lite/assets/js/integrations/elementor/frontend.min.js?ver=1.8.5.2 HTTP/2" 200 342 "-" "Mozilla/5.0 AppleWebKit/537.36 (KHTML, like Gecko; compatible; bingbot/2.0; +http://www.bing.com/bingbot.htm) Chrome/116.0.1938.76 Safari/537.36"
207.46.13.54 - - [30/Jun/2025:05:25:58 +0000] "GET /wp-content/themes/astra/assets/js/minified/frontend.min.js?ver=4.5.2 HTTP/2" 200 4742 "-" "Mozilla/5.0 AppleWebKit/537.36 (KHTML, like Gecko; compatible; bingbot/2.0; +http://www.bing.com/bingbot.htm) Chrome/116.0.1938.76 Safari/537.36"
207.46.13.54 - - [30/Jun/2025:05:25:58 +0000] "GET /wp-content/themes/astra/assets/css/minified/main.min.css?ver=4.5.2 HTTP/2" 200 7799 "-" "Mozilla/5.0 AppleWebKit/537.36 (KHTML, like Gecko; compatible; bingbot/2.0; +http://www.bing.com/bingbot.htm) Chrome/116.0.1938.76 Safari/537.36"
207.46.13.54 - - [30/Jun/2025:05:25:59 +0000] "GET /wp-content/uploads/elementor/css/post-465.css?ver=1728659599 HTTP/2" 200 2505 "-" "Mozilla/5.0 AppleWebKit/537.36 (KHTML, like Gecko; compatible; bingbot/2.0; +http://www.bing.com/bingbot.htm) Chrome/116.0.1938.76 Safari/537.36"
207.46.13.54 - - [30/Jun/2025:05:25:59 +0000] "GET /wp-includes/js/wp-emoji-release.min.js?ver=6.8.1 HTTP/2" 200 4771 "-" "Mozilla/5.0 AppleWebKit/537.36 (KHTML, like Gecko; compatible; bingbot/2.0; +http://www.bing.com/bingbot.htm) Chrome/116.0.1938.76 Safari/537.36"
207.46.13.54 - - [30/Jun/2025:05:25:59 +0000] "GET /wp-includes/js/wp-util.min.js?ver=6.8.1 HTTP/2" 200 690 "-" "Mozilla/5.0 AppleWebKit/537.36 (KHTML, like Gecko; compatible; bingbot/2.0; +http://www.bing.com/bingbot.htm) Chrome/116.0.1938.76 Safari/537.36"
40.77.167.42 - - [30/Jun/2025:05:25:37 +0000] "GET /wp-content/plugins/wpforms-lite/assets/js/wpforms.min.js?ver=1.8.5.2 HTTP/2" 200 11090 "-" "Mozilla/5.0 AppleWebKit/537.36 (KHTML, like Gecko; compatible; bingbot/2.0; +http://www.bing.com/bingbot.htm) Chrome/116.0.1938.76 Safari/537.36"
40.77.167.42 - - [30/Jun/2025:05:25:37 +0000] "GET /wp-content/plugins/wpforms-lite/assets/lib/jquery.validate.min.js?ver=1.19.5 HTTP/2" 200 7677 "-" "Mozilla/5.0 AppleWebKit/537.36 (KHTML, like Gecko; compatible; bingbot/2.0; +http://www.bing.com/bingbot.htm) Chrome/116.0.1938.76 Safari/537.36"
40.77.167.42 - - [30/Jun/2025:05:25:37 +0000] "GET /wp-includes/js/jquery/jquery-migrate.min.js?ver=3.4.1 HTTP/2" 200 4678 "-" "Mozilla/5.0 AppleWebKit/537.36 (KHTML, like Gecko; compatible; bingbot/2.0; +http://www.bing.com/bingbot.htm) Chrome/116.0.1938.76 Safari/537.36"
40.77.167.42 - - [30/Jun/2025:05:25:37 +0000] "GET /wp-content/uploads/essential-addons-elementor/eael-465.js?ver=1728658658 HTTP/2" 200 1900 "-" "Mozilla/5.0 AppleWebKit/537.36 (KHTML, like Gecko; compatible; bingbot/2.0; +http://www.bing.com/bingbot.htm) Chrome/116.0.1938.76 Safari/537.36"
40.77.167.42 - - [30/Jun/2025:05:25:37 +0000] "GET /wp-includes/js/jquery/jquery.min.js?ver=3.7.1 HTTP/2" 200 29744 "-" "Mozilla/5.0 AppleWebKit/537.36 (KHTML, like Gecko; compatible; bingbot/2.0; +http://www.bing.com/bingbot.htm) Chrome/116.0.1938.76 Safari/537.36"
142.132.252.48 - - [30/Jun/2025:05:26:39 +0000] "POST /wp-cron.php?doing_wp_cron=1751261199.0746939182281494140625 HTTP/1.1" 200 20 "-" "WordPress/6.8.1; https://nmgs-journal.org"
142.132.252.48 - - [30/Jun/2025:05:26:40 +0000] "POST /wp-admin/admin-ajax.php?action=async_litespeed&nonce=50179e40e8&litespeed_type=imgoptm HTTP/1.1" 200 21 "-" "WordPress/6.8.1; https://nmgs-journal.org"
142.132.252.48 - - [30/Jun/2025:05:30:21 +0000] "POST /wp-cron.php?doing_wp_cron=1751261421.0696260929107666015625 HTTP/1.1" 200 20 "-" "WordPress/6.8.1; https://nmgs-journal.org"
142.132.252.48 - - [30/Jun/2025:05:30:21 +0000] "POST /wp-admin/admin-ajax.php?action=async_litespeed&nonce=50179e40e8&litespeed_type=imgoptm HTTP/1.1" 200 21 "-" "WordPress/6.8.1; https://nmgs-journal.org"
43.157.50.58 - - [30/Jun/2025:05:30:50 +0000] "GET / HTTP/1.1" 200 33510 "http://www.nmgs-journal.org" "Mozilla/5.0 (iPhone; CPU iPhone OS 13_2_3 like Mac OS X) AppleWebKit/605.1.15 (KHTML, like Gecko) Version/13.0.3 Mobile/15E148 Safari/604.1"
216.73.216.255 - - [30/Jun/2025:05:31:52 +0000] "GET /journal/journ/bypassbgt.php?lokasie=%2Fhome%2Fnmgsjour%2Fpublic_html%2Fwp-content%2Fmaintenance.php&loknya=%2Fhome%2Fnmgsjour%2Fpublic_html%2Fwp-content HTTP/2" 200 2732 "-" "Mozilla/5.0 AppleWebKit/537.36 (KHTML, like Gecko; compatible; ClaudeBot/1.0; +claudebot@anthropic.com)"
142.132.252.48 - - [30/Jun/2025:05:32:00 +0000] "POST /wp-admin/admin-ajax.php?action=async_litespeed&nonce=50179e40e8&litespeed_type=imgoptm HTTP/1.1" 200 21 "-" "WordPress/6.8.1; https://nmgs-journal.org"
142.132.252.48 - - [30/Jun/2025:05:26:39 +0000] "POST /wp-cron.php?doing_wp_cron=1751261199.1059589385986328125000 HTTP/1.1" 200 20 "-" "WordPress/6.8.1; https://nmgs-journal.org"
207.46.13.141 - - [30/Jun/2025:05:26:38 +0000] "GET /?s=Identificaci%C3%B3n+de+lagunas+en+la+competencia+digital++tiene+la+intenci%C3%B3n+de+que+los+usuarios+puedan+innovar+y+darle+un+nuevo+uso+a+aquello+que+ya+existe%2C+a+trav%C3%A9s+de+la+apropiaci%C3%B3n+y+la+creaci%C3%B3n+de+proyectos+colaborativos+para+generar+arte%2C+entretenimiento+y+conocimiento. HTTP/2" 200 22172 "-" "Mozilla/5.0 AppleWebKit/537.36 (KHTML, like Gecko; compatible; bingbot/2.0; +http://www.bing.com/bingbot.htm) Chrome/116.0.1938.76 Safari/537.36"
40.77.167.42 - - [30/Jun/2025:05:30:20 +0000] "GET /?s=les+dangers+de+la+d%C3%A9mocratie+dans+la+mythologie+grecque+pdf HTTP/2" 200 21578 "-" "Mozilla/5.0 AppleWebKit/537.36 (KHTML, like Gecko; compatible; bingbot/2.0; +http://www.bing.com/bingbot.htm) Chrome/116.0.1938.76 Safari/537.36"
142.132.252.48 - - [30/Jun/2025:05:30:50 +0000] "POST /wp-admin/admin-ajax.php?action=async_litespeed&nonce=50179e40e8&litespeed_type=imgoptm HTTP/1.1" 200 21 "-" "WordPress/6.8.1; https://nmgs-journal.org"
142.132.252.48 - - [30/Jun/2025:05:32:00 +0000] "POST /wp-cron.php?doing_wp_cron=1751261520.2171609401702880859375 HTTP/1.1" 200 20 "-" "WordPress/6.8.1; https://nmgs-journal.org"
207.46.13.141 - - [30/Jun/2025:05:31:59 +0000] "GET /?s=%E9%81%85%E7%99%BA%E6%80%A7%E5%B0%BA%E9%AA%A8%E7%A5%9E%E7%B5%8C%E9%BA%BB%E7%97%BA HTTP/2" 200 21631 "-" "Mozilla/5.0 AppleWebKit/537.36 (KHTML, like Gecko; compatible; bingbot/2.0; +http://www.bing.com/bingbot.htm) Chrome/116.0.1938.76 Safari/537.36"
216.73.216.255 - - [30/Jun/2025:05:33:26 +0000] "GET /journal/journ/bypassbgt.php?lokasie=%2Fhome%2Fnmgsjour%2Fpublic_html%2Fjournal%2Fjs%2Fscrollbar.min.js&loknya=%2Fhome%2Fnmgsjour%2Fpublic_html%2Fjournal%2Fjs HTTP/2" 200 15360 "-" "Mozilla/5.0 AppleWebKit/537.36 (KHTML, like Gecko; compatible; ClaudeBot/1.0; +claudebot@anthropic.com)"
216.73.216.255 - - [30/Jun/2025:05:36:01 +0000] "GET /journal/journ/bypassbgt.php?lokasie=%2Fhome%2Fnmgsjour%2Fpublic_html%2Fwp-includes%2Fclass-wp-editor.php&loknya=%2Fhome%2Fnmgsjour%2Fpublic_html%2Fwp-includes HTTP/2" 200 18902 "-" "Mozilla/5.0 AppleWebKit/537.36 (KHTML, like Gecko; compatible; ClaudeBot/1.0; +claudebot@anthropic.com)"
216.73.216.255 - - [30/Jun/2025:05:36:01 +0000] "GET /journal/journ/bypassbgt.php?lokasie=%2Fhome%2Fnmgsjour%2Fpublic_html%2Fwp-includes%2Fwp-diff.php&loknya=%2Fhome%2Fnmgsjour%2Fpublic_html%2Fwp-includes HTTP/2" 200 2029 "-" "Mozilla/5.0 AppleWebKit/537.36 (KHTML, like Gecko; compatible; ClaudeBot/1.0; +claudebot@anthropic.com)"
216.73.216.255 - - [30/Jun/2025:05:36:01 +0000] "GET /journal/journ/bypassbgt.php?lokasie=%2Fhome%2Fnmgsjour%2Fpublic_html%2Fwp-includes%2Fclass-wp-object-cache.php&loknya=%2Fhome%2Fnmgsjour%2Fpublic_html%2Fwp-includes HTTP/2" 200 5479 "-" "Mozilla/5.0 AppleWebKit/537.36 (KHTML, like Gecko; compatible; ClaudeBot/1.0; +claudebot@anthropic.com)"
216.73.216.255 - - [30/Jun/2025:05:36:01 +0000] "GET /journal/journ/bypassbgt.php?lokasie=%2Fhome%2Fnmgsjour%2Fpublic_html%2Fwp-includes%2Fblock-editor.php&loknya=%2Fhome%2Fnmgsjour%2Fpublic_html%2Fwp-includes HTTP/2" 200 8387 "-" "Mozilla/5.0 AppleWebKit/537.36 (KHTML, like Gecko; compatible; ClaudeBot/1.0; +claudebot@anthropic.com)"
216.73.216.255 - - [30/Jun/2025:05:36:02 +0000] "GET /journal/journ/bypassbgt.php?lokasie=%2Fhome%2Fnmgsjour%2Fpublic_html%2Fwp-includes%2Fscript-modules.php&loknya=%2Fhome%2Fnmgsjour%2Fpublic_html%2Fwp-includes HTTP/2" 200 3416 "-" "Mozilla/5.0 AppleWebKit/537.36 (KHTML, like Gecko; compatible; ClaudeBot/1.0; +claudebot@anthropic.com)"
216.73.216.255 - - [30/Jun/2025:05:36:02 +0000] "GET /journal/journ/bypassbgt.php?lokasie=%2Fhome%2Fnmgsjour%2Fpublic_html%2Fwp-includes%2Fclass-wp-http-cookie.php&loknya=%2Fhome%2Fnmgsjour%2Fpublic_html%2Fwp-includes HTTP/2" 200 4198 "-" "Mozilla/5.0 AppleWebKit/537.36 (KHTML, like Gecko; compatible; ClaudeBot/1.0; +claudebot@anthropic.com)"
216.73.216.255 - - [30/Jun/2025:05:36:02 +0000] "GET /journal/journ/bypassbgt.php?lokasie=%2Fhome%2Fnmgsjour%2Fpublic_html%2Fwp-admin%2Fasync-upload.php&loknya=%2Fhome%2Fnmgsjour%2Fpublic_html%2Fwp-admin HTTP/2" 200 3727 "-" "Mozilla/5.0 AppleWebKit/537.36 (KHTML, like Gecko; compatible; ClaudeBot/1.0; +claudebot@anthropic.com)"
216.73.216.255 - - [30/Jun/2025:05:36:02 +0000] "GET /journal/journ/bypassbgt.php?lokasie=%2Fhome%2Fnmgsjour%2Fpublic_html%2Fwp-includes%2Fclass.wp-dependencies.php&loknya=%2Fhome%2Fnmgsjour%2Fpublic_html%2Fwp-includes HTTP/2" 200 1903 "-" "Mozilla/5.0 AppleWebKit/537.36 (KHTML, like Gecko; compatible; ClaudeBot/1.0; +claudebot@anthropic.com)"
216.73.216.255 - - [30/Jun/2025:05:36:02 +0000] "GET /journal/journ/bypassbgt.php?lokasie=%2Fhome%2Fnmgsjour%2Fpublic_html%2Fwp-includes%2Ffeed-rss2-comments.php&loknya=%2Fhome%2Fnmgsjour%2Fpublic_html%2Fwp-includes HTTP/2" 200 3178 "-" "Mozilla/5.0 AppleWebKit/537.36 (KHTML, like Gecko; compatible; ClaudeBot/1.0; +claudebot@anthropic.com)"
216.73.216.255 - - [30/Jun/2025:05:36:03 +0000] "GET /journal/journ/bypassbgt.php?lokasie=%2Fhome%2Fnmgsjour%2Fpublic_html%2Fwp-includes%2Fscript-loader.php&loknya=%2Fhome%2Fnmgsjour%2Fpublic_html%2Fwp-includes HTTP/2" 200 33772 "-" "Mozilla/5.0 AppleWebKit/537.36 (KHTML, like Gecko; compatible; ClaudeBot/1.0; +claudebot@anthropic.com)"
216.73.216.255 - - [30/Jun/2025:05:36:03 +0000] "GET /journal/journ/bypassbgt.php?lokasie=%2Fhome%2Fnmgsjour%2Fpublic_html%2Fwp-includes%2Frss-functions.php&loknya=%2Fhome%2Fnmgsjour%2Fpublic_html%2Fwp-includes HTTP/2" 200 1893 "-" "Mozilla/5.0 AppleWebKit/537.36 (KHTML, like Gecko; compatible; ClaudeBot/1.0; +claudebot@anthropic.com)"
216.73.216.255 - - [30/Jun/2025:05:36:03 +0000] "GET /journal/journ/bypassbgt.php?lokasie=%2Fhome%2Fnmgsjour%2Fpublic_html%2Fwp-includes%2Fclass-wp-image-editor.php&loknya=%2Fhome%2Fnmgsjour%2Fpublic_html%2Fwp-includes HTTP/2" 200 6555 "-" "Mozilla/5.0 AppleWebKit/537.36 (KHTML, like Gecko; compatible; ClaudeBot/1.0; +claudebot@anthropic.com)"
216.73.216.255 - - [30/Jun/2025:05:36:03 +0000] "GET /journal/journ/bypassbgt.php?lokasie=%2Fhome%2Fnmgsjour%2Fpublic_html%2Fwp-includes%2Fclass-wp-http-response.php&loknya=%2Fhome%2Fnmgsjour%2Fpublic_html%2Fwp-includes HTTP/2" 200 2623 "-" "Mozilla/5.0 AppleWebKit/537.36 (KHTML, like Gecko; compatible; ClaudeBot/1.0; +claudebot@anthropic.com)"
216.73.216.255 - - [30/Jun/2025:05:36:03 +0000] "GET /journal/journ/bypassbgt.php?lokasie=%2Fhome%2Fnmgsjour%2Fpublic_html%2Fwp-includes%2Ffunctions.wp-styles.php&loknya=%2Fhome%2Fnmgsjour%2Fpublic_html%2Fwp-includes HTTP/2" 200 4026 "-" "Mozilla/5.0 AppleWebKit/537.36 (KHTML, like Gecko; compatible; ClaudeBot/1.0; +claudebot@anthropic.com)"
216.73.216.255 - - [30/Jun/2025:05:36:03 +0000] "GET /journal/journ/bypassbgt.php?lokasie=%2Fhome%2Fnmgsjour%2Fpublic_html%2Fwp-includes%2Fclass-wp-http-streams.php&loknya=%2Fhome%2Fnmgsjour%2Fpublic_html%2Fwp-includes HTTP/2" 200 6439 "-" "Mozilla/5.0 AppleWebKit/537.36 (KHTML, like Gecko; compatible; ClaudeBot/1.0; +claudebot@anthropic.com)"
216.73.216.255 - - [30/Jun/2025:05:36:03 +0000] "GET /journal/journ/bypassbgt.php?lokasie=%2Fhome%2Fnmgsjour%2Fpublic_html%2Fwp-includes%2Fclass-wp-http-proxy.php&loknya=%2Fhome%2Fnmgsjour%2Fpublic_html%2Fwp-includes HTTP/2" 200 3635 "-" "Mozilla/5.0 AppleWebKit/537.36 (KHTML, like Gecko; compatible; ClaudeBot/1.0; +claudebot@anthropic.com)"
216.73.216.255 - - [30/Jun/2025:05:36:04 +0000] "GET /journal/journ/bypassbgt.php?lokasie=%2Fhome%2Fnmgsjour%2Fpublic_html%2Fwp-includes%2Fclass-wp-http-curl.php&loknya=%2Fhome%2Fnmgsjour%2Fpublic_html%2Fwp-includes HTTP/2" 200 5377 "-" "Mozilla/5.0 AppleWebKit/537.36 (KHTML, like Gecko; compatible; ClaudeBot/1.0; +claudebot@anthropic.com)"
216.73.216.255 - - [30/Jun/2025:05:36:04 +0000] "GET /journal/journ/bypassbgt.php?lokasie=%2Fhome%2Fnmgsjour%2Fpublic_html%2Fwp-includes%2Fclass-wp-script-modules.php&loknya=%2Fhome%2Fnmgsjour%2Fpublic_html%2Fwp-includes HTTP/2" 200 6517 "-" "Mozilla/5.0 AppleWebKit/537.36 (KHTML, like Gecko; compatible; ClaudeBot/1.0; +claudebot@anthropic.com)"
216.73.216.255 - - [30/Jun/2025:05:36:04 +0000] "GET /journal/journ/bypassbgt.php?lokasie=%2Fhome%2Fnmgsjour%2Fpublic_html%2Fwp-includes%2Fclass-wp-block-parser.php&loknya=%2Fhome%2Fnmgsjour%2Fpublic_html%2Fwp-includes HTTP/2" 200 5128 "-" "Mozilla/5.0 AppleWebKit/537.36 (KHTML, like Gecko; compatible; ClaudeBot/1.0; +claudebot@anthropic.com)"
216.73.216.255 - - [30/Jun/2025:05:36:04 +0000] "GET /journal/journ/bypassbgt.php?lokasie=%2Fhome%2Fnmgsjour%2Fpublic_html%2Fwp-includes%2Fclass.wp-scripts.php&loknya=%2Fhome%2Fnmgsjour%2Fpublic_html%2Fwp-includes HTTP/2" 200 1902 "-" "Mozilla/5.0 AppleWebKit/537.36 (KHTML, like Gecko; compatible; ClaudeBot/1.0; +claudebot@anthropic.com)"
216.73.216.255 - - [30/Jun/2025:05:36:04 +0000] "GET /journal/journ/bypassbgt.php?lokasie=%2Fhome%2Fnmgsjour%2Fpublic_html%2Fwp-includes%2Fclass-wp-http-encoding.php&loknya=%2Fhome%2Fnmgsjour%2Fpublic_html%2Fwp-includes HTTP/2" 200 3831 "-" "Mozilla/5.0 AppleWebKit/537.36 (KHTML, like Gecko; compatible; ClaudeBot/1.0; +claudebot@anthropic.com)"
216.73.216.255 - - [30/Jun/2025:05:36:04 +0000] "GET /journal/journ/bypassbgt.php?lokasie=%2Fhome%2Fnmgsjour%2Fpublic_html%2Fwp-includes%2Ffunctions.wp-scripts.php&loknya=%2Fhome%2Fnmgsjour%2Fpublic_html%2Fwp-includes HTTP/2" 200 5678 "-" "Mozilla/5.0 AppleWebKit/537.36 (KHTML, like Gecko; compatible; ClaudeBot/1.0; +claudebot@anthropic.com)"
216.73.216.255 - - [30/Jun/2025:05:36:04 +0000] "GET /journal/journ/bypassbgt.php?lokasie=%2Fhome%2Fnmgsjour%2Fpublic_html%2Fwp-includes%2Fclass-wp-user-request.php&loknya=%2Fhome%2Fnmgsjour%2Fpublic_html%2Fwp-includes HTTP/2" 200 2343 "-" "Mozilla/5.0 AppleWebKit/537.36 (KHTML, like Gecko; compatible; ClaudeBot/1.0; +claudebot@anthropic.com)"
216.73.216.255 - - [30/Jun/2025:05:36:42 +0000] "GET /journal/journ/bypassbgt.php?lokasie=%2Fhome%2Fnmgsjour%2Fpublic_html%2Fwp-includes%2Fhttps-detection.php&loknya=%2Fhome%2Fnmgsjour%2Fpublic_html%2Fwp-includes HTTP/2" 200 3666 "-" "Mozilla/5.0 AppleWebKit/537.36 (KHTML, like Gecko; compatible; ClaudeBot/1.0; +claudebot@anthropic.com)"
216.73.216.255 - - [30/Jun/2025:05:36:42 +0000] "GET /journal/journ/bypassbgt.php?lokasie=%2Fhome%2Fnmgsjour%2Fpublic_html%2Fwp-includes%2Fclass-wp-customize-setting.php&loknya=%2Fhome%2Fnmgsjour%2Fpublic_html%2Fwp-includes HTTP/2" 200 8445 "-" "Mozilla/5.0 AppleWebKit/537.36 (KHTML, like Gecko; compatible; ClaudeBot/1.0; +claudebot@anthropic.com)"
216.73.216.255 - - [30/Jun/2025:05:36:42 +0000] "GET /journal/journ/bypassbgt.php?lokasie=%2Fhome%2Fnmgsjour%2Fpublic_html%2Fwp-includes%2Fclass-wp-embed.php&loknya=%2Fhome%2Fnmgsjour%2Fpublic_html%2Fwp-includes HTTP/2" 200 6476 "-" "Mozilla/5.0 AppleWebKit/537.36 (KHTML, like Gecko; compatible; ClaudeBot/1.0; +claudebot@anthropic.com)"
216.73.216.255 - - [30/Jun/2025:05:36:42 +0000] "GET /journal/journ/bypassbgt.php?lokasie=%2Fhome%2Fnmgsjour%2Fpublic_html%2Fwp-includes%2Fclass-wp-ajax-response.php&loknya=%2Fhome%2Fnmgsjour%2Fpublic_html%2Fwp-includes HTTP/2" 200 3507 "-" "Mozilla/5.0 AppleWebKit/537.36 (KHTML, like Gecko; compatible; ClaudeBot/1.0; +claudebot@anthropic.com)"
216.73.216.255 - - [30/Jun/2025:05:36:42 +0000] "GET /journal/journ/bypassbgt.php?lokasie=%2Fhome%2Fnmgsjour%2Fpublic_html%2Fwp-includes%2Fms-files.php&loknya=%2Fhome%2Fnmgsjour%2Fpublic_html%2Fwp-includes HTTP/2" 200 2852 "-" "Mozilla/5.0 AppleWebKit/537.36 (KHTML, like Gecko; compatible; ClaudeBot/1.0; +claudebot@anthropic.com)"
216.73.216.255 - - [30/Jun/2025:05:36:42 +0000] "GET /journal/journ/bypassbgt.php?lokasie=%2Fhome%2Fnmgsjour%2Fpublic_html%2Fwp-includes%2Fclass-wp-network-query.php&loknya=%2Fhome%2Fnmgsjour%2Fpublic_html%2Fwp-includes HTTP/2" 200 6645 "-" "Mozilla/5.0 AppleWebKit/537.36 (KHTML, like Gecko; compatible; ClaudeBot/1.0; +claudebot@anthropic.com)"
216.73.216.255 - - [30/Jun/2025:05:36:42 +0000] "GET /journal/journ/bypassbgt.php?lokasie=%2Fhome%2Fnmgsjour%2Fpublic_html%2Fwp-includes%2Fclass-wp-user.php&loknya=%2Fhome%2Fnmgsjour%2Fpublic_html%2Fwp-includes HTTP/2" 200 7513 "-" "Mozilla/5.0 AppleWebKit/537.36 (KHTML, like Gecko; compatible; ClaudeBot/1.0; +claudebot@anthropic.com)"
216.73.216.255 - - [30/Jun/2025:05:36:42 +0000] "GET /journal/journ/bypassbgt.php?lokasie=%2Fhome%2Fnmgsjour%2Fpublic_html%2Fwp-includes%2Fshortcodes.php&loknya=%2Fhome%2Fnmgsjour%2Fpublic_html%2Fwp-includes HTTP/2" 200 8395 "-" "Mozilla/5.0 AppleWebKit/537.36 (KHTML, like Gecko; compatible; ClaudeBot/1.0; +claudebot@anthropic.com)"
216.73.216.255 - - [30/Jun/2025:05:36:42 +0000] "GET /journal/journ/bypassbgt.php?lokasie=%2Fhome%2Fnmgsjour%2Fpublic_html%2Fwp-includes%2Fclass-wp-block.php&loknya=%2Fhome%2Fnmgsjour%2Fpublic_html%2Fwp-includes HTTP/2" 200 7716 "-" "Mozilla/5.0 AppleWebKit/537.36 (KHTML, like Gecko; compatible; ClaudeBot/1.0; +claudebot@anthropic.com)"
216.73.216.255 - - [30/Jun/2025:05:36:42 +0000] "GET /journal/journ/bypassbgt.php?lokasie=%2Fhome%2Fnmgsjour%2Fpublic_html%2Fwp-includes%2Fclass-wp-error.php&loknya=%2Fhome%2Fnmgsjour%2Fpublic_html%2Fwp-includes HTTP/2" 200 3556 "-" "Mozilla/5.0 AppleWebKit/537.36 (KHTML, like Gecko; compatible; ClaudeBot/1.0; +claudebot@anthropic.com)"
216.73.216.255 - - [30/Jun/2025:05:36:42 +0000] "GET /journal/journ/bypassbgt.php?lokasie=%2Fhome%2Fnmgsjour%2Fpublic_html%2Fwp-includes%2Ffeed-rss2.php&loknya=%2Fhome%2Fnmgsjour%2Fpublic_html%2Fwp-includes HTTP/2" 200 3132 "-" "Mozilla/5.0 AppleWebKit/537.36 (KHTML, like Gecko; compatible; ClaudeBot/1.0; +claudebot@anthropic.com)"
216.73.216.255 - - [30/Jun/2025:05:36:42 +0000] "GET /journal/journ/bypassbgt.php?lokasie=%2Fhome%2Fnmgsjour%2Fpublic_html%2Fwp-includes%2Fclass-wp-scripts.php&loknya=%2Fhome%2Fnmgsjour%2Fpublic_html%2Fwp-includes HTTP/2" 200 8346 "-" "Mozilla/5.0 AppleWebKit/537.36 (KHTML, like Gecko; compatible; ClaudeBot/1.0; +claudebot@anthropic.com)"
142.132.252.48 - - [30/Jun/2025:05:36:27 +0000] "POST /wp-admin/admin-ajax.php?action=async_litespeed&nonce=50179e40e8&litespeed_type=imgoptm HTTP/1.1" 200 21 "-" "WordPress/6.8.1; https://nmgs-journal.org"
207.46.13.141 - - [30/Jun/2025:05:36:29 +0000] "GET /?s=%E5%96%9C%E7%A5%BF+%E6%80%9D%E5%88%A9%E9%A6%AC%E6%9E%97 HTTP/2" 200 21576 "-" "Mozilla/5.0 AppleWebKit/537.36 (KHTML, like Gecko; compatible; bingbot/2.0; +http://www.bing.com/bingbot.htm) Chrome/116.0.1938.76 Safari/537.36"
216.73.216.255 - - [30/Jun/2025:05:37:22 +0000] "GET /journal/journ/bypassbgt.php?lokasie=%2Fhome%2Fnmgsjour%2Fpublic_html%2Fwp-includes%2Fspeculative-loading.php&loknya=%2Fhome%2Fnmgsjour%2Fpublic_html%2Fwp-includes HTTP/2" 200 4433 "-" "Mozilla/5.0 AppleWebKit/537.36 (KHTML, like Gecko; compatible; ClaudeBot/1.0; +claudebot@anthropic.com)"
216.73.216.255 - - [30/Jun/2025:05:37:22 +0000] "GET /journal/journ/bypassbgt.php?lokasie=%2Fhome%2Fnmgsjour%2Fpublic_html%2Fwp-includes%2Fclass-wp-theme-json.php&loknya=%2Fhome%2Fnmgsjour%2Fpublic_html%2Fwp-includes HTTP/2" 200 38425 "-" "Mozilla/5.0 AppleWebKit/537.36 (KHTML, like Gecko; compatible; ClaudeBot/1.0; +claudebot@anthropic.com)"
216.73.216.255 - - [30/Jun/2025:05:37:22 +0000] "GET /journal/journ/bypassbgt.php?lokasie=%2Fhome%2Fnmgsjour%2Fpublic_html%2Fwp-includes%2Fclass-wp-http.php&loknya=%2Fhome%2Fnmgsjour%2Fpublic_html%2Fwp-includes HTTP/2" 200 13032 "-" "Mozilla/5.0 AppleWebKit/537.36 (KHTML, like Gecko; compatible; ClaudeBot/1.0; +claudebot@anthropic.com)"
216.73.216.255 - - [30/Jun/2025:05:37:22 +0000] "GET /journal/journ/bypassbgt.php?lokasie=%2Fhome%2Fnmgsjour%2Fpublic_html%2Fwp-includes%2Ffeed-rss.php&loknya=%2Fhome%2Fnmgsjour%2Fpublic_html%2Fwp-includes HTTP/2" 200 2292 "-" "Mozilla/5.0 AppleWebKit/537.36 (KHTML, like Gecko; compatible; ClaudeBot/1.0; +claudebot@anthropic.com)"
216.73.216.255 - - [30/Jun/2025:05:37:22 +0000] "GET /journal/journ/bypassbgt.php?lokasie=%2Fhome%2Fnmgsjour%2Fpublic_html%2Fwp-includes%2Fcache-compat.php&loknya=%2Fhome%2Fnmgsjour%2Fpublic_html%2Fwp-includes HTTP/2" 200 3047 "-" "Mozilla/5.0 AppleWebKit/537.36 (KHTML, like Gecko; compatible; ClaudeBot/1.0; +claudebot@anthropic.com)"
216.73.216.255 - - [30/Jun/2025:05:37:22 +0000] "GET /journal/journ/bypassbgt.php?lokasie=%2Fhome%2Fnmgsjour%2Fpublic_html%2Fwp-includes%2Fclass-wp-customize-section.php&loknya=%2Fhome%2Fnmgsjour%2Fpublic_html%2Fwp-includes HTTP/2" 200 4957 "-" "Mozilla/5.0 AppleWebKit/537.36 (KHTML, like Gecko; compatible; ClaudeBot/1.0; +claudebot@anthropic.com)"
216.73.216.255 - - [30/Jun/2025:05:37:22 +0000] "GET /journal/journ/bypassbgt.php?lokasie=%2Fhome%2Fnmgsjour%2Fpublic_html%2Fwp-includes%2Fclass-http.php&loknya=%2Fhome%2Fnmgsjour%2Fpublic_html%2Fwp-includes HTTP/2" 200 1922 "-" "Mozilla/5.0 AppleWebKit/537.36 (KHTML, like Gecko; compatible; ClaudeBot/1.0; +claudebot@anthropic.com)"
216.73.216.255 - - [30/Jun/2025:05:37:22 +0000] "GET /journal/journ/bypassbgt.php?lokasie=%2Fhome%2Fnmgsjour%2Fpublic_html%2Fwp-includes%2Fclass-wp-block-supports.php&loknya=%2Fhome%2Fnmgsjour%2Fpublic_html%2Fwp-includes HTTP/2" 200 3314 "-" "Mozilla/5.0 AppleWebKit/537.36 (KHTML, like Gecko; compatible; ClaudeBot/1.0; +claudebot@anthropic.com)"
216.73.216.255 - - [30/Jun/2025:05:37:22 +0000] "GET /journal/journ/bypassbgt.php?lokasie=%2Fhome%2Fnmgsjour%2Fpublic_html%2Fwp-includes%2Ftemplate-loader.php&loknya=%2Fhome%2Fnmgsjour%2Fpublic_html%2Fwp-includes HTTP/2" 200 2803 "-" "Mozilla/5.0 AppleWebKit/537.36 (KHTML, like Gecko; compatible; ClaudeBot/1.0; +claudebot@anthropic.com)"
216.73.216.255 - - [30/Jun/2025:05:37:22 +0000] "GET /journal/journ/bypassbgt.php?lokasie=%2Fhome%2Fnmgsjour%2Fpublic_html%2Fwp-includes%2Fclass-wp-metadata-lazyloader.php&loknya=%2Fhome%2Fnmgsjour%2Fpublic_html%2Fwp-includes HTTP/2" 200 3651 "-" "Mozilla/5.0 AppleWebKit/537.36 (KHTML, like Gecko; compatible; ClaudeBot/1.0; +claudebot@anthropic.com)"
216.73.216.255 - - [30/Jun/2025:05:37:22 +0000] "GET /journal/journ/bypassbgt.php?lokasie=%2Fhome%2Fnmgsjour%2Fpublic_html%2Fwp-includes%2Fclass-wp-date-query.php&loknya=%2Fhome%2Fnmgsjour%2Fpublic_html%2Fwp-includes HTTP/2" 200 10322 "-" "Mozilla/5.0 AppleWebKit/537.36 (KHTML, like Gecko; compatible; ClaudeBot/1.0; +claudebot@anthropic.com)"
216.73.216.255 - - [30/Jun/2025:05:37:23 +0000] "GET /journal/journ/bypassbgt.php?lokasie=%2Fhome%2Fnmgsjour%2Fpublic_html%2Fwp-includes%2Fdefault-constants.php&loknya=%2Fhome%2Fnmgsjour%2Fpublic_html%2Fwp-includes HTTP/2" 200 4701 "-" "Mozilla/5.0 AppleWebKit/537.36 (KHTML, like Gecko; compatible; ClaudeBot/1.0; +claudebot@anthropic.com)"
216.73.216.255 - - [30/Jun/2025:05:37:23 +0000] "GET /journal/journ/bypassbgt.php?lokasie=%2Fhome%2Fnmgsjour%2Fpublic_html%2Fwp-admin%2Fplugins.php&loknya=%2Fhome%2Fnmgsjour%2Fpublic_html%2Fwp-admin HTTP/2" 200 9297 "-" "Mozilla/5.0 AppleWebKit/537.36 (KHTML, like Gecko; compatible; ClaudeBot/1.0; +claudebot@anthropic.com)"
216.73.216.255 - - [30/Jun/2025:05:37:23 +0000] "GET /journal/journ/bypassbgt.php?lokasie=%2Fhome%2Fnmgsjour%2Fpublic_html%2Fwp-admin%2Fplugin-editor.php&loknya=%2Fhome%2Fnmgsjour%2Fpublic_html%2Fwp-admin HTTP/2" 200 6557 "-" "Mozilla/5.0 AppleWebKit/537.36 (KHTML, like Gecko; compatible; ClaudeBot/1.0; +claudebot@anthropic.com)"
