Server IP : 142.132.252.48 / Your IP : 216.73.216.255 Web Server : LiteSpeed System : Linux panel555.harmondns.net 4.18.0-553.22.1.lve.1.el8.x86_64 #1 SMP Tue Oct 8 15:52:54 UTC 2024 x86_64 User : nmgsjour ( 1446) PHP Version : 7.4.33 Disable Function : mail, show_source, system, shell_exec, passthru, exec MySQL : OFF | cURL : ON | WGET : ON | Perl : ON | Python : ON | Sudo : OFF | Pkexec : OFF Directory : /home/nmgsjour/access-logs/ |
Upload File : |
216.73.216.255 - - [29/Jun/2025:12:07:33 +0000] "GET /journal/journ/GpU6gdie.pdf HTTP/2" 200 773864 "-" "Mozilla/5.0 AppleWebKit/537.36 (KHTML, like Gecko; compatible; ClaudeBot/1.0; +claudebot@anthropic.com)"
109.110.188.3 - - [29/Jun/2025:12:09:15 +0000] "POST /wp-login.php HTTP/2" 403 1154 "https://nmgs-journal.org" "Mozilla/5.0 (Windows NT 10.0; Win64; x64; rv:129.0) Gecko/20100101 Firefox/129.0"
216.73.216.255 - - [29/Jun/2025:12:11:09 +0000] "GET /journal/journ/maqMxrTZ.pdf HTTP/2" 200 615224 "-" "Mozilla/5.0 AppleWebKit/537.36 (KHTML, like Gecko; compatible; ClaudeBot/1.0; +claudebot@anthropic.com)"
57.141.0.23 - - [29/Jun/2025:12:08:45 +0000] "GET /journal/details.php?jn=83 HTTP/2" 200 56002 "-" "meta-externalagent/1.1 (+https://developers.facebook.com/docs/sharing/webmasters/crawler)"
216.73.216.255 - - [29/Jun/2025:12:09:14 +0000] "GET /journal/journ/snh1IAXS.pdf HTTP/2" 200 1285802 "-" "Mozilla/5.0 AppleWebKit/537.36 (KHTML, like Gecko; compatible; ClaudeBot/1.0; +claudebot@anthropic.com)"
57.141.0.27 - - [29/Jun/2025:12:10:57 +0000] "GET /journal/details.php?jn=87 HTTP/2" 200 55704 "-" "meta-externalagent/1.1 (+https://developers.facebook.com/docs/sharing/webmasters/crawler)"
216.73.216.255 - - [29/Jun/2025:12:12:32 +0000] "GET /contact HTTP/2" 301 1 "-" "Mozilla/5.0 AppleWebKit/537.36 (KHTML, like Gecko; compatible; ClaudeBot/1.0; +claudebot@anthropic.com)"
216.73.216.255 - - [29/Jun/2025:12:12:32 +0000] "GET /contact/ HTTP/2" 200 26106 "https://nmgs-journal.org/contact" "Mozilla/5.0 AppleWebKit/537.36 (KHTML, like Gecko; compatible; ClaudeBot/1.0; +claudebot@anthropic.com)"
40.77.167.57 - - [29/Jun/2025:12:12:38 +0000] "GET /?s=%3E+%E0%B8%84%E0%B9%89%E0%B8%AD%E0%B8%81%E0%B8%9B%E0%B8%A3%E0%B8%B0%E0%B8%95%E0%B8%B9 HTTP/2" 200 21576 "-" "Mozilla/5.0 AppleWebKit/537.36 (KHTML, like Gecko; compatible; bingbot/2.0; +http://www.bing.com/bingbot.htm) Chrome/116.0.1938.76 Safari/537.36"
142.132.252.48 - - [29/Jun/2025:12:12:40 +0000] "POST /wp-admin/admin-ajax.php?action=async_litespeed&nonce=533361ef7a&litespeed_type=imgoptm HTTP/1.1" 200 21 "-" "WordPress/6.8.1; https://nmgs-journal.org"
142.132.252.48 - - [29/Jun/2025:12:12:39 +0000] "POST /wp-cron.php?doing_wp_cron=1751199159.1356949806213378906250 HTTP/1.1" 200 20 "-" "WordPress/6.8.1; https://nmgs-journal.org"
185.191.171.10 - - [29/Jun/2025:12:13:50 +0000] "GET /journal/details.php?jn=31 HTTP/1.1" 200 9680 "-" "Mozilla/5.0 (compatible; SemrushBot/7~bl; +http://www.semrush.com/bot.html)"
216.73.216.255 - - [29/Jun/2025:12:14:29 +0000] "GET /journal/journ/D8zmpoZV.pdf HTTP/2" 200 1691854 "-" "Mozilla/5.0 AppleWebKit/537.36 (KHTML, like Gecko; compatible; ClaudeBot/1.0; +claudebot@anthropic.com)"
57.141.0.29 - - [29/Jun/2025:12:15:28 +0000] "GET /journal/details.php?jn=114 HTTP/2" 200 55404 "-" "meta-externalagent/1.1 (+https://developers.facebook.com/docs/sharing/webmasters/crawler)"
57.141.0.24 - - [29/Jun/2025:12:14:51 +0000] "GET /journal/details.php?jn=99 HTTP/2" 200 55722 "-" "meta-externalagent/1.1 (+https://developers.facebook.com/docs/sharing/webmasters/crawler)"
51.255.51.138 - - [29/Jun/2025:12:15:26 +0000] "POST /wp-login.php HTTP/2" 403 1154 "https://nmgs-journal.org" "Mozilla/5.0 (Windows NT 10.0; Win64; x64) AppleWebKit/537.36 (KHTML, like Gecko) Chrome/113.0.5672.93 Safari/537.36"
209.126.9.193 - - [29/Jun/2025:12:15:30 +0000] "POST /wp-login.php HTTP/2" 403 1154 "https://nmgs-journal.org" "Mozilla/5.0 (Macintosh; Intel Mac OS X 14_4_1) AppleWebKit/605.1.15 (KHTML, like Gecko) Version/17.3.1 Safari/605.1.15"
216.73.216.255 - - [29/Jun/2025:12:16:09 +0000] "GET /journal/journ/jlNzF4sq.pdf HTTP/2" 200 1852627 "-" "Mozilla/5.0 AppleWebKit/537.36 (KHTML, like Gecko; compatible; ClaudeBot/1.0; +claudebot@anthropic.com)"
142.132.252.48 - - [29/Jun/2025:12:16:54 +0000] "POST /wp-cron.php?doing_wp_cron=1751199414.6620481014251708984375 HTTP/1.1" 200 20 "-" "WordPress/6.8.1; https://nmgs-journal.org"
142.132.252.48 - - [29/Jun/2025:12:16:55 +0000] "POST /wp-admin/admin-ajax.php?action=async_litespeed&nonce=533361ef7a&litespeed_type=imgoptm HTTP/1.1" 200 21 "-" "WordPress/6.8.1; https://nmgs-journal.org"
216.73.216.255 - - [29/Jun/2025:12:17:21 +0000] "GET /_autoindex/assets/icons/file-text.svg HTTP/2" 200 394 "-" "Mozilla/5.0 AppleWebKit/537.36 (KHTML, like Gecko; compatible; ClaudeBot/1.0; +claudebot@anthropic.com)"
67.212.194.123 - - [29/Jun/2025:12:16:54 +0000] "GET /jr-paper_issue/?__im-KlbldXaF=17804469356495198248&select_issue=2&select_volume=17 HTTP/2" 200 21609 "-" "Mozilla/5.0 (Linux; Android 5.0; SM-G900P Build/LRX21T) AppleWebKit/537.36 (KHTML, like Gecko) Chrome/60.0.5792.1817 Mobile Safari/537.36"
142.132.252.48 - - [29/Jun/2025:12:17:10 +0000] "POST /wp-cron.php?doing_wp_cron=1751199430.4252109527587890625000 HTTP/1.1" 200 20 "-" "WordPress/6.8.1; https://nmgs-journal.org"
40.77.167.77 - - [29/Jun/2025:12:17:09 +0000] "GET /?s=hifiman+headband HTTP/2" 200 21416 "-" "Mozilla/5.0 AppleWebKit/537.36 (KHTML, like Gecko; compatible; bingbot/2.0; +http://www.bing.com/bingbot.htm) Chrome/116.0.1938.76 Safari/537.36"
216.73.216.255 - - [29/Jun/2025:12:18:39 +0000] "GET /_autoindex/assets/icons/corner-left-up.svg HTTP/2" 200 328 "-" "Mozilla/5.0 AppleWebKit/537.36 (KHTML, like Gecko; compatible; ClaudeBot/1.0; +claudebot@anthropic.com)"
185.191.171.13 - - [29/Jun/2025:12:24:33 +0000] "GET /journal/details.php?jn=71 HTTP/1.1" 200 9725 "-" "Mozilla/5.0 (compatible; SemrushBot/7~bl; +http://www.semrush.com/bot.html)"
142.132.252.48 - - [29/Jun/2025:12:20:51 +0000] "POST /wp-cron.php?doing_wp_cron=1751199651.2217640876770019531250 HTTP/1.1" 200 20 "-" "WordPress/6.8.1; https://nmgs-journal.org"
157.55.39.205 - - [29/Jun/2025:12:20:50 +0000] "GET /?s=egg+carton+caterpillar+craft HTTP/2" 200 21461 "-" "Mozilla/5.0 AppleWebKit/537.36 (KHTML, like Gecko; compatible; bingbot/2.0; +http://www.bing.com/bingbot.htm) Chrome/116.0.1938.76 Safari/537.36"
216.73.216.255 - - [29/Jun/2025:12:22:34 +0000] "GET /journal/journ/istockphoto-491606503-612x612.jpg HTTP/2" 200 60865 "-" "Mozilla/5.0 AppleWebKit/537.36 (KHTML, like Gecko; compatible; ClaudeBot/1.0; +claudebot@anthropic.com)"
216.73.216.255 - - [29/Jun/2025:12:20:02 +0000] "GET /_autoindex/assets/icons/file.svg HTTP/2" 200 354 "-" "Mozilla/5.0 AppleWebKit/537.36 (KHTML, like Gecko; compatible; ClaudeBot/1.0; +claudebot@anthropic.com)"
142.132.252.48 - - [29/Jun/2025:12:20:52 +0000] "POST /wp-admin/admin-ajax.php?action=async_litespeed&nonce=533361ef7a&litespeed_type=imgoptm HTTP/1.1" 200 21 "-" "WordPress/6.8.1; https://nmgs-journal.org"
216.73.216.255 - - [29/Jun/2025:12:21:13 +0000] "GET /_autoindex/assets/icons/image.svg HTTP/2" 200 388 "-" "Mozilla/5.0 AppleWebKit/537.36 (KHTML, like Gecko; compatible; ClaudeBot/1.0; +claudebot@anthropic.com)"
64.227.153.209 - - [29/Jun/2025:12:21:43 +0000] "POST /wp-login.php HTTP/2" 403 1154 "https://nmgs-journal.org" "Mozilla/5.0 (Macintosh; Intel Mac OS X 10.15; rv:126.0) Gecko/20100101 Firefox/126.0"
103.253.20.138 - - [29/Jun/2025:12:21:48 +0000] "POST /wp-login.php HTTP/2" 403 1154 "https://nmgs-journal.org" "Mozilla/5.0 (Macintosh; Intel Mac OS X 10_15_7; rv:128.0) Gecko/20100101 Firefox/128.0"
216.73.216.255 - - [29/Jun/2025:12:23:51 +0000] "GET /journal/journ/blog_2.jpg HTTP/2" 200 18642 "-" "Mozilla/5.0 AppleWebKit/537.36 (KHTML, like Gecko; compatible; ClaudeBot/1.0; +claudebot@anthropic.com)"
142.171.182.233 - - [29/Jun/2025:12:28:03 +0000] "POST /wp-login.php HTTP/2" 403 1154 "https://nmgs-journal.org" "Mozilla/5.0 (Macintosh; Intel Mac OS X 10_15_7) AppleWebKit/537.36 (KHTML, like Gecko) Chrome/116.0.5845.96 Safari/537.36"
216.73.216.255 - - [29/Jun/2025:12:30:40 +0000] "GET /journal/archive.php?vol=56 HTTP/2" 200 3377 "-" "Mozilla/5.0 AppleWebKit/537.36 (KHTML, like Gecko; compatible; ClaudeBot/1.0; +claudebot@anthropic.com)"
142.132.252.48 - - [29/Jun/2025:12:35:13 +0000] "POST /wp-cron.php?doing_wp_cron=1751200513.0634329319000244140625 HTTP/1.1" 200 20 "-" "WordPress/6.8.1; https://nmgs-journal.org"
142.132.252.48 - - [29/Jun/2025:12:35:14 +0000] "POST /wp-admin/admin-ajax.php?action=async_litespeed&nonce=533361ef7a&litespeed_type=imgoptm HTTP/1.1" 200 21 "-" "WordPress/6.8.1; https://nmgs-journal.org"
51.68.107.149 - - [29/Jun/2025:12:42:43 +0000] "GET /robots.txt HTTP/1.1" 200 97 "-" "Mozilla/5.0 (compatible; MJ12bot/v2.0.2; http://mj12bot.com/)"
51.68.107.149 - - [29/Jun/2025:12:42:43 +0000] "GET / HTTP/1.1" 200 32125 "-" "Mozilla/5.0 (compatible; MJ12bot/v2.0.2; http://mj12bot.com/)"
156.228.171.167 - - [29/Jun/2025:12:46:14 +0000] "GET /contact/ HTTP/1.1" 200 26106 "-" "Mozilla/5.0 (X11; Ubuntu; Linux x86_64; rv:114.0) Gecko/20100101 Firefox/114.0"
157.55.39.58 - - [29/Jun/2025:12:35:12 +0000] "GET /?s=Hebb%E3%81%AE%E6%B3%95%E5%89%87 HTTP/2" 200 21490 "-" "Mozilla/5.0 AppleWebKit/537.36 (KHTML, like Gecko; compatible; bingbot/2.0; +http://www.bing.com/bingbot.htm) Chrome/116.0.1938.76 Safari/537.36"
162.120.187.245 - - [29/Jun/2025:12:35:14 +0000] "GET /about/ HTTP/2" 200 27533 "https://www.google.com/" "Mozilla/5.0 (Linux; Android 10; K) AppleWebKit/537.36 (KHTML, like Gecko) Chrome/137.0.0.0 Mobile Safari/537.36"
142.250.32.9 - - [29/Jun/2025:12:35:13 +0000] "GET /.well-known/traffic-advice HTTP/1.1" 404 21392 "-" "Chrome Privacy Preserving Prefetch Proxy"
18.97.9.99 - - [29/Jun/2025:12:45:35 +0000] "GET /robots.txt HTTP/1.1" 200 117 "-" "Mozilla/5.0 AppleWebKit/537.36 (KHTML, like Gecko; compatible; PerplexityBot/1.0; +https://perplexity.ai/perplexitybot)"
18.97.9.96 - - [29/Jun/2025:12:45:35 +0000] "GET /journal/download.php?file_id=105 HTTP/1.1" 200 995692 "-" "Mozilla/5.0 AppleWebKit/537.36 (KHTML, like Gecko; compatible; PerplexityBot/1.0; +https://perplexity.ai/perplexitybot)"
142.132.252.48 - - [29/Jun/2025:12:46:30 +0000] "POST /wp-cron.php?doing_wp_cron=1751201190.0024759769439697265625 HTTP/1.1" 200 20 "-" "WordPress/6.8.1; https://nmgs-journal.org"
142.132.252.48 - - [29/Jun/2025:12:46:30 +0000] "POST /wp-cron.php?doing_wp_cron=1751201190.3296129703521728515625 HTTP/1.1" 200 20 "-" "WordPress/6.8.1; https://nmgs-journal.org"
52.167.144.24 - - [29/Jun/2025:12:46:28 +0000] "GET /?s=Coroutine+%E5%8F%91%E9%9F%B3 HTTP/2" 200 21477 "-" "Mozilla/5.0 AppleWebKit/537.36 (KHTML, like Gecko; compatible; bingbot/2.0; +http://www.bing.com/bingbot.htm) Chrome/116.0.1938.76 Safari/537.36"
142.132.252.48 - - [29/Jun/2025:12:46:31 +0000] "POST /wp-admin/admin-ajax.php?action=async_litespeed&nonce=533361ef7a&litespeed_type=imgoptm HTTP/1.1" 200 21 "-" "WordPress/6.8.1; https://nmgs-journal.org"
196.251.85.138 - - [29/Jun/2025:12:51:30 +0000] "GET / HTTP/1.1" 200 33510 "-" "Mozilla/5.0 (Linux; Android 5.0; SAMSUNG SM-G900P Build/LRX21T) AppleWebKit/537.36 (KHTML, like Gecko) SamsungBrowser/2.1 Chrome/34.0.1847.76 Mobile Safari/537.36"
196.251.85.138 - - [29/Jun/2025:12:51:30 +0000] "GET /journal/archive.php HTTP/1.1" 200 3539 "-" "Mozilla/5.0 (Linux; Android 5.0; SAMSUNG SM-G900P Build/LRX21T) AppleWebKit/537.36 (KHTML, like Gecko) SamsungBrowser/2.1 Chrome/34.0.1847.76 Mobile Safari/537.36"
196.251.85.138 - - [29/Jun/2025:12:51:31 +0000] "GET /journal/current.php HTTP/1.1" 200 3562 "-" "Mozilla/5.0 (Linux; Android 5.0; SAMSUNG SM-G900P Build/LRX21T) AppleWebKit/537.36 (KHTML, like Gecko) SamsungBrowser/2.1 Chrome/34.0.1847.76 Mobile Safari/537.36"
196.251.85.138 - - [29/Jun/2025:12:51:31 +0000] "GET /contact/ HTTP/1.1" 200 26001 "-" "Mozilla/5.0 (Linux; Android 5.0; SAMSUNG SM-G900P Build/LRX21T) AppleWebKit/537.36 (KHTML, like Gecko) SamsungBrowser/2.1 Chrome/34.0.1847.76 Mobile Safari/537.36"
196.251.87.137 - - [29/Jun/2025:12:51:31 +0000] "GET / HTTP/1.1" 200 33510 "-" "Mozilla/4.0 (compatible; MSIE 6.0; Windows NT 5.1; WOW64; Trident/4.0; SLCC2; .NET CLR 2.0.50727; .NET CLR 3.5.30729; .NET CLR 3.0.30729; .NET4.0C; .NET4.0E; 360SE)"
196.251.81.7 - - [29/Jun/2025:12:51:31 +0000] "GET / HTTP/1.1" 200 33510 "-" "Mozilla/5.0 (Linux; U; Android 4.4.3; en-us; KFAPWI Build/KTU84M) AppleWebKit/537.36 (KHTML, like Gecko) Silk/3.68 like Chrome/39.0.2171.93 Safari/537.36"
142.132.252.48 - - [29/Jun/2025:12:51:35 +0000] "POST /wp-admin/admin-ajax.php?action=async_litespeed&nonce=533361ef7a&litespeed_type=imgoptm HTTP/1.1" 200 21 "-" "WordPress/6.8.1; https://nmgs-journal.org"
142.132.252.48 - - [29/Jun/2025:12:51:58 +0000] "POST /wp-admin/admin-ajax.php?action=async_litespeed&nonce=533361ef7a&litespeed_type=imgoptm HTTP/1.1" 200 21 "-" "WordPress/6.8.1; https://nmgs-journal.org"
103.186.64.110 - - [29/Jun/2025:12:47:29 +0000] "POST /wp-login.php HTTP/2" 403 1154 "https://nmgs-journal.org" "Mozilla/5.0 (Windows NT 10.0; Win64; x64) AppleWebKit/537.36 (KHTML, like Gecko) Chrome/115.0.5790.102 Safari/537.36"
159.138.151.160 - - [29/Jun/2025:12:48:03 +0000] "GET /wp-content/uploads/2023/12/image-2.png HTTP/2" 200 2036551 "https://nmgs-journal.org/" "Mozilla/5.0 (Macintosh; Intel Mac OS X 10_15_7) AppleWebKit/537.36 (KHTML, like Gecko) Chrome/119.0.0.0 Safari/537.36"
216.73.216.255 - - [29/Jun/2025:12:51:26 +0000] "GET /robots.txt HTTP/2" 200 97 "-" "Mozilla/5.0 AppleWebKit/537.36 (KHTML, like Gecko; compatible; ClaudeBot/1.0; +claudebot@anthropic.com)"
216.73.216.255 - - [29/Jun/2025:12:51:27 +0000] "GET /journal/archive.php?vol=53 HTTP/2" 200 3336 "-" "Mozilla/5.0 AppleWebKit/537.36 (KHTML, like Gecko; compatible; ClaudeBot/1.0; +claudebot@anthropic.com)"
196.251.85.138 - - [29/Jun/2025:12:51:29 +0000] "GET / HTTP/1.1" 200 33510 "-" "Mozilla/5.0 (Linux; Android 5.0; SAMSUNG SM-G900P Build/LRX21T) AppleWebKit/537.36 (KHTML, like Gecko) SamsungBrowser/2.1 Chrome/34.0.1847.76 Mobile Safari/537.36"
196.251.85.138 - - [29/Jun/2025:12:51:30 +0000] "GET /about/ HTTP/1.1" 200 28867 "-" "Mozilla/5.0 (Linux; Android 5.0; SAMSUNG SM-G900P Build/LRX21T) AppleWebKit/537.36 (KHTML, like Gecko) SamsungBrowser/2.1 Chrome/34.0.1847.76 Mobile Safari/537.36"
196.251.85.138 - - [29/Jun/2025:12:51:31 +0000] "GET /journal/journals.php HTTP/1.1" 200 11352 "-" "Mozilla/5.0 (Linux; Android 5.0; SAMSUNG SM-G900P Build/LRX21T) AppleWebKit/537.36 (KHTML, like Gecko) SamsungBrowser/2.1 Chrome/34.0.1847.76 Mobile Safari/537.36"
196.251.83.27 - - [29/Jun/2025:12:51:31 +0000] "GET /contact/ HTTP/1.1" 200 26001 "-" "Mozilla/5.0 (Linux; Android 5.0; SAMSUNG SM-N900T Build/LRX21V) AppleWebKit/537.36 (KHTML, like Gecko) SamsungBrowser/2.1 Chrome/34.0.1847.76 Mobile Safari/537.36"
142.132.252.48 - - [29/Jun/2025:12:51:33 +0000] "POST /wp-cron.php?doing_wp_cron=1751201493.7248110771179199218750 HTTP/1.1" 200 20 "-" "WordPress/6.8.1; https://nmgs-journal.org"
196.251.83.27 - - [29/Jun/2025:12:51:32 +0000] "POST /contact/ HTTP/1.1" 200 26061 "https://nmgs-journal.org/contact/" "Mozilla/5.0 (Linux; Android 5.0; SAMSUNG SM-N900T Build/LRX21V) AppleWebKit/537.36 (KHTML, like Gecko) SamsungBrowser/2.1 Chrome/34.0.1847.76 Mobile Safari/537.36"
196.251.87.137 - - [29/Jun/2025:12:51:31 +0000] "POST / HTTP/1.1" 200 33545 "https://nmgs-journal.org/" "Mozilla/4.0 (compatible; MSIE 6.0; Windows NT 5.1; WOW64; Trident/4.0; SLCC2; .NET CLR 2.0.50727; .NET CLR 3.5.30729; .NET CLR 3.0.30729; .NET4.0C; .NET4.0E; 360SE)"
196.251.81.7 - - [29/Jun/2025:12:51:32 +0000] "POST / HTTP/1.1" 200 33539 "https://nmgs-journal.org" "Mozilla/5.0 (Linux; U; Android 4.4.3; en-us; KFAPWI Build/KTU84M) AppleWebKit/537.36 (KHTML, like Gecko) Silk/3.68 like Chrome/39.0.2171.93 Safari/537.36"
142.132.252.48 - - [29/Jun/2025:12:51:57 +0000] "POST /wp-cron.php?doing_wp_cron=1751201517.4112288951873779296875 HTTP/1.1" 200 20 "-" "WordPress/6.8.1; https://nmgs-journal.org"
40.77.167.45 - - [29/Jun/2025:12:51:56 +0000] "GET /?s=%E3%83%8F%E3%83%83%E3%82%AF%E3%83%9E%E3%83%8A%E3%82%A4%E3%83%88+%E5%92%8C%E5%90%8D HTTP/2" 200 21579 "-" "Mozilla/5.0 AppleWebKit/537.36 (KHTML, like Gecko; compatible; bingbot/2.0; +http://www.bing.com/bingbot.htm) Chrome/116.0.1938.76 Safari/537.36"
216.73.216.255 - - [29/Jun/2025:12:53:45 +0000] "GET /journal/issue.php?is=March&vl=60 HTTP/2" 200 4144 "-" "Mozilla/5.0 AppleWebKit/537.36 (KHTML, like Gecko; compatible; ClaudeBot/1.0; +claudebot@anthropic.com)"
34.30.159.127 - - [29/Jun/2025:12:55:59 +0000] "HEAD / HTTP/1.1" 200 0 "http://nmgs-journal.org/" "Mozilla/5.0 (Windows NT 10.0; Win64; x64) AppleWebKit/537.36 (KHTML, like Gecko) Chrome/74.0.3729.169 Safari/537.36"
142.132.252.48 - - [29/Jun/2025:12:55:58 +0000] "POST /wp-admin/admin-ajax.php?action=async_litespeed&nonce=533361ef7a&litespeed_type=imgoptm HTTP/1.1" 200 21 "-" "WordPress/6.8.1; https://nmgs-journal.org"
34.30.159.127 - - [29/Jun/2025:12:56:06 +0000] "HEAD / HTTP/1.1" 200 0 "http://nmgs-journal.org/home" "Mozilla/5.0 (Windows NT 10.0; Win64; x64) AppleWebKit/537.36 (KHTML, like Gecko) Chrome/74.0.3729.169 Safari/537.36"
51.255.124.102 - - [29/Jun/2025:13:00:41 +0000] "POST /wp-login.php HTTP/2" 403 1154 "https://nmgs-journal.org" "Mozilla/5.0 (Windows NT 10.0; Win64; x64; rv:127.0) Gecko/20100101 Firefox/127.0"
152.53.249.71 - - [29/Jun/2025:12:59:00 +0000] "GET /journal/details.php?jn=91 HTTP/1.1" 200 55946 "-" "Mozilla/5.0 (Windows NT 10.0; Win64; x64) AppleWebKit/537.36 (KHTML, like Gecko) Chrome/134.0.0.0 Safari/537.36 OPR/118.0.0.0"
212.118.53.218 - - [29/Jun/2025:13:03:30 +0000] "GET / HTTP/1.1" 200 33510 "-" "Mozilla/5.0 (Macintosh; Intel Mac OS X 10_15_7) AppleWebKit/537.36 (KHTML, like Gecko) Chrome/133.0.0.0 Safari/537.36"
36.92.220.61 - - [29/Jun/2025:13:03:41 +0000] "POST / HTTP/1.1" 200 33562 "-" "Mozilla/5.0 (Macintosh; Intel Mac OS X 10_15_7) AppleWebKit/537.36 (KHTML, like Gecko) Chrome/133.0.0.0 Safari/537.36"
36.92.220.61 - - [29/Jun/2025:13:03:47 +0000] "POST / HTTP/1.1" 200 33470 "-" "Mozilla/5.0 (Windows NT 10.0; Win64; x64) AppleWebKit/537.36 (KHTML, like Gecko) Chrome/120.0.0.0 Safari/537.36"
212.118.53.218 - - [29/Jun/2025:13:03:56 +0000] "GET /comments/feed/ HTTP/1.1" 200 751 "-" "Mozilla/5.0 (Macintosh; Intel Mac OS X 10_15_7) AppleWebKit/537.36 (KHTML, like Gecko) Chrome/133.0.0.0 Safari/537.36"
142.132.252.48 - - [29/Jun/2025:13:04:04 +0000] "POST /wp-cron.php?doing_wp_cron=1751202244.6767539978027343750000 HTTP/1.1" 200 20 "-" "WordPress/6.8.1; https://nmgs-journal.org"
212.118.53.218 - - [29/Jun/2025:13:04:08 +0000] "GET /for-reviewers/ HTTP/1.1" 200 28469 "-" "Mozilla/5.0 (Macintosh; Intel Mac OS X 10_15_7) AppleWebKit/537.36 (KHTML, like Gecko) Chrome/133.0.0.0 Safari/537.36"
142.132.252.48 - - [29/Jun/2025:13:03:42 +0000] "POST /wp-cron.php?doing_wp_cron=1751202222.1187360286712646484375 HTTP/1.1" 200 20 "-" "WordPress/6.8.1; https://nmgs-journal.org"
142.132.252.48 - - [29/Jun/2025:13:03:43 +0000] "POST /wp-admin/admin-ajax.php?action=async_litespeed&nonce=533361ef7a&litespeed_type=imgoptm HTTP/1.1" 200 21 "-" "WordPress/6.8.1; https://nmgs-journal.org"
212.118.53.218 - - [29/Jun/2025:13:03:57 +0000] "GET /contact/ HTTP/1.1" 200 26001 "-" "Mozilla/5.0 (Macintosh; Intel Mac OS X 10_15_7) AppleWebKit/537.36 (KHTML, like Gecko) Chrome/133.0.0.0 Safari/537.36"
36.92.220.61 - - [29/Jun/2025:13:03:59 +0000] "POST /contact/ HTTP/1.1" 200 26059 "-" "Mozilla/5.0 (Macintosh; Intel Mac OS X 10_15_7) AppleWebKit/537.36 (KHTML, like Gecko) Chrome/133.0.0.0 Safari/537.36"
36.92.220.61 - - [29/Jun/2025:13:04:03 +0000] "POST /contact/ HTTP/1.1" 200 25953 "-" "Mozilla/5.0 (Windows NT 10.0; Win64; x64) AppleWebKit/537.36 (KHTML, like Gecko) Chrome/120.0.0.0 Safari/537.36"
152.53.51.165 - - [29/Jun/2025:13:07:23 +0000] "GET / HTTP/1.1" 200 188045 "-" "Mozilla/5.0 (Windows NT 10.0; Win64; x64; rv:136.0) Gecko/20100101 Firefox/136.0"
142.132.252.48 - - [29/Jun/2025:13:11:36 +0000] "POST /wp-cron.php?doing_wp_cron=1751202696.2781169414520263671875 HTTP/1.1" 200 20 "-" "WordPress/6.8.1; https://nmgs-journal.org"
142.132.252.48 - - [29/Jun/2025:13:11:37 +0000] "POST /wp-admin/admin-ajax.php?action=async_litespeed&nonce=533361ef7a&litespeed_type=imgoptm HTTP/1.1" 200 21 "-" "WordPress/6.8.1; https://nmgs-journal.org"
64.42.179.35 - - [29/Jun/2025:13:14:34 +0000] "GET /robots.txt HTTP/1.1" 200 117 "-" "Mozilla/5.0 (Windows NT 10.0; Win64; x64) AppleWebKit/537.36 (KHTML, like Gecko) Chrome/134.0.0.0 Safari/537.36 OPR/118.0.0.0"
157.55.39.58 - - [29/Jun/2025:13:11:35 +0000] "GET /?s=%E0%B8%A3%E0%B8%B1%E0%B8%9A%E0%B8%8B%E0%B9%88%E0%B8%AD%E0%B8%A1+thinkpad+x1+cabon+g9+%E0%B9%80%E0%B8%9B%E0%B8%B4%E0%B8%94%E0%B9%84%E0%B8%A1%E0%B9%88%E0%B8%95%E0%B8%B4%E0%B8%94 HTTP/2" 200 21733 "-" "Mozilla/5.0 AppleWebKit/537.36 (KHTML, like Gecko; compatible; bingbot/2.0; +http://www.bing.com/bingbot.htm) Chrome/116.0.1938.76 Safari/537.36"
98.116.152.52 - - [29/Jun/2025:13:13:14 +0000] "GET /about/ HTTP/1.1" 200 164284 "-" "Mozilla/5.0 (Windows NT 10.0; Win64; x64) AppleWebKit/537.36 (KHTML, like Gecko) Chrome/134.0.0.0 Safari/537.36 OPR/118.0.0.0"
185.191.171.2 - - [29/Jun/2025:13:15:05 +0000] "GET /robots.txt HTTP/1.1" 200 112 "-" "Mozilla/5.0 (compatible; SemrushBot/7~bl; +http://www.semrush.com/bot.html)"
85.208.96.209 - - [29/Jun/2025:13:15:06 +0000] "GET /journal/details.php?jn=29 HTTP/1.1" 200 4914 "-" "Mozilla/5.0 (compatible; SemrushBot/7~bl; +http://www.semrush.com/bot.html)"
142.132.252.48 - - [29/Jun/2025:13:17:14 +0000] "POST /wp-cron.php?doing_wp_cron=1751203033.9960050582885742187500 HTTP/1.1" 200 20 "-" "WordPress/6.8.1; https://nmgs-journal.org"
37.114.33.6 - - [29/Jun/2025:13:17:13 +0000] "GET /.well-known/ai-plugin.json HTTP/1.1" 404 132382 "-" "Mozilla/5.0 (Windows NT 10.0; Win64; x64) AppleWebKit/537.36 (KHTML, like Gecko) Chrome/134.0.0.0 Safari/537.36 Edg/134.0.3124.85"
142.132.252.48 - - [29/Jun/2025:13:17:14 +0000] "POST /wp-admin/admin-ajax.php?action=async_litespeed&nonce=533361ef7a&litespeed_type=imgoptm HTTP/1.1" 200 21 "-" "WordPress/6.8.1; https://nmgs-journal.org"
157.55.39.58 - - [29/Jun/2025:13:20:36 +0000] "GET /wp-sitemap.xml HTTP/2" 200 190 "-" "Mozilla/5.0 AppleWebKit/537.36 (KHTML, like Gecko; compatible; bingbot/2.0; +http://www.bing.com/bingbot.htm) Chrome/116.0.1938.76 Safari/537.36"
77.90.41.25 - - [29/Jun/2025:13:21:32 +0000] "GET /.well-known/security.txt HTTP/1.1" 404 132378 "-" "Mozilla/5.0 (Windows NT 10.0; Win64; x64; rv:136.0) Gecko/20100101 Firefox/136.0"
142.132.252.48 - - [29/Jun/2025:13:22:43 +0000] "POST /wp-cron.php?doing_wp_cron=1751203363.7196619510650634765625 HTTP/1.1" 200 20 "-" "WordPress/6.8.1; https://nmgs-journal.org"
142.132.252.48 - - [29/Jun/2025:13:23:10 +0000] "POST /wp-cron.php?doing_wp_cron=1751203390.5939550399780273437500 HTTP/1.1" 200 20 "-" "WordPress/6.8.1; https://nmgs-journal.org"
142.132.252.48 - - [29/Jun/2025:13:23:52 +0000] "POST /wp-cron.php?doing_wp_cron=1751203432.8439159393310546875000 HTTP/1.1" 200 20 "-" "WordPress/6.8.1; https://nmgs-journal.org"
52.167.144.145 - - [29/Jun/2025:13:23:52 +0000] "GET /nonfulfillment733-a2mvqa843.html HTTP/2" 404 21402 "-" "Mozilla/5.0 AppleWebKit/537.36 (KHTML, like Gecko; compatible; bingbot/2.0; +http://www.bing.com/bingbot.htm) Chrome/116.0.1938.76 Safari/537.36"
142.132.252.48 - - [29/Jun/2025:13:23:53 +0000] "POST /wp-admin/admin-ajax.php?action=async_litespeed&nonce=533361ef7a&litespeed_type=imgoptm HTTP/1.1" 200 21 "-" "WordPress/6.8.1; https://nmgs-journal.org"
152.53.100.131 - - [29/Jun/2025:13:24:06 +0000] "GET /comments/feed/ HTTP/1.1" 200 1680 "-" "Mozilla/5.0 (Windows NT 10.0; Win64; x64) AppleWebKit/537.36 (KHTML, like Gecko) Chrome/134.0.0.0 Safari/537.36 OPR/118.0.0.0"
142.132.252.48 - - [29/Jun/2025:13:27:32 +0000] "POST /wp-admin/admin-ajax.php?action=async_litespeed&nonce=533361ef7a&litespeed_type=imgoptm HTTP/1.1" 200 21 "-" "WordPress/6.8.1; https://nmgs-journal.org"
142.132.252.48 - - [29/Jun/2025:13:28:14 +0000] "POST /wp-cron.php?doing_wp_cron=1751203694.6383569240570068359375 HTTP/1.1" 200 20 "-" "WordPress/6.8.1; https://nmgs-journal.org"
37.114.33.6 - - [29/Jun/2025:13:28:21 +0000] "GET /copyright-policy/ HTTP/1.1" 200 164147 "-" "Mozilla/5.0 (Windows NT 10.0; Win64; x64) AppleWebKit/537.36 (KHTML, like Gecko) Chrome/134.0.0.0 Safari/537.36 OPR/118.0.0.0"
167.114.172.130 - - [29/Jun/2025:13:31:38 +0000] "GET /sitemap.xml HTTP/1.1" 301 0 "-" "Mozilla/5.0 (Windows NT 10.0; Win64; x64) AppleWebKit/537.36 (KHTML, like Gecko) Chrome/134.0.0.0 Safari/537.36 OPR/118.0.0.0"
142.132.252.48 - - [29/Jun/2025:13:33:16 +0000] "POST /wp-cron.php?doing_wp_cron=1751203996.3442909717559814453125 HTTP/1.1" 200 20 "-" "WordPress/6.8.1; https://nmgs-journal.org"
95.217.9.35 - - [29/Jun/2025:13:33:15 +0000] "GET /feeds/all.atom.xml HTTP/1.1" 404 132370 "-" "Mozilla/5.0 (Windows NT 10.0; Win64; x64) AppleWebKit/537.36 (KHTML, like Gecko) Chrome/134.0.0.0 Safari/537.36"
142.132.252.48 - - [29/Jun/2025:13:33:17 +0000] "POST /wp-admin/admin-ajax.php?action=async_litespeed&nonce=533361ef7a&litespeed_type=imgoptm HTTP/1.1" 200 21 "-" "WordPress/6.8.1; https://nmgs-journal.org"
85.208.96.200 - - [29/Jun/2025:13:33:34 +0000] "GET /jr-online-article-submission/ HTTP/1.1" 200 27409 "-" "Mozilla/5.0 (compatible; SemrushBot/7~bl; +http://www.semrush.com/bot.html)"
142.132.252.48 - - [29/Jun/2025:13:21:33 +0000] "POST /wp-cron.php?doing_wp_cron=1751203293.1651389598846435546875 HTTP/1.1" 200 20 "-" "WordPress/6.8.1; https://nmgs-journal.org"
142.132.252.48 - - [29/Jun/2025:13:21:34 +0000] "POST /wp-admin/admin-ajax.php?action=async_litespeed&nonce=533361ef7a&litespeed_type=imgoptm HTTP/1.1" 200 21 "-" "WordPress/6.8.1; https://nmgs-journal.org"
40.77.167.70 - - [29/Jun/2025:13:22:43 +0000] "GET /?s=meta+Content+monetization+eligibility HTTP/2" 200 21466 "-" "Mozilla/5.0 (Windows NT 10.0; Win64; x64) AppleWebKit/537.36 (KHTML, like Gecko) Chrome/112.0.0.0 Safari/537.36 Edg/112.0.1722.68"
142.132.252.48 - - [29/Jun/2025:13:22:44 +0000] "POST /wp-admin/admin-ajax.php?action=async_litespeed&nonce=533361ef7a&litespeed_type=imgoptm HTTP/1.1" 200 21 "-" "WordPress/6.8.1; https://nmgs-journal.org"
193.186.4.90 - - [29/Jun/2025:13:23:07 +0000] "GET / HTTP/2" 200 32125 "https://www.google.com/" "Mozilla/5.0 (Linux; Android 10; K) AppleWebKit/537.36 (KHTML, like Gecko) Chrome/135.0.0.0 Mobile Safari/537.36"
52.167.144.145 - - [29/Jun/2025:13:23:09 +0000] "GET /?s=%ED%8A%B8%EC%9C%84%ED%84%B0+%ED%9B%84%EC%9B%90%ED%95%98%EB%8A%94%EB%B2%95 HTTP/2" 200 21600 "-" "Mozilla/5.0 AppleWebKit/537.36 (KHTML, like Gecko; compatible; bingbot/2.0; +http://www.bing.com/bingbot.htm) Chrome/116.0.1938.76 Safari/537.36"
40.77.167.70 - - [29/Jun/2025:13:24:43 +0000] "GET /wp-sitemap-posts-page-1.xml HTTP/2" 200 477 "-" "Mozilla/5.0 AppleWebKit/537.36 (KHTML, like Gecko; compatible; bingbot/2.0; +http://www.bing.com/bingbot.htm) Chrome/116.0.1938.76 Safari/537.36"
142.132.252.48 - - [29/Jun/2025:13:27:31 +0000] "POST /wp-cron.php?doing_wp_cron=1751203651.1978380680084228515625 HTTP/1.1" 200 20 "-" "WordPress/6.8.1; https://nmgs-journal.org"
52.167.144.145 - - [29/Jun/2025:13:27:30 +0000] "GET /?s=%E7%A2%B0%E4%B8%80%E4%B8%8B%E5%B0%B1%E5%85%A8%E6%98%AF%E6%B0%B4+%E8%80%81%E5%85%AC%E5%B8%B8%E5%B9%B4%E4%B8%8D%E5%9C%A8%E5%AE%B6+%E5%8F%AF%E6%83%9C%E4%BA%86%E8%BF%99%E6%9E%81%E5%93%81%E8%BA%AB%E6%9D%90 HTTP/2" 200 21933 "-" "Mozilla/5.0 AppleWebKit/537.36 (KHTML, like Gecko; compatible; bingbot/2.0; +http://www.bing.com/bingbot.htm) Chrome/116.0.1938.76 Safari/537.36"
64.23.170.70 - - [29/Jun/2025:13:27:51 +0000] "POST /wp-login.php HTTP/2" 403 1154 "https://nmgs-journal.org" "Mozilla/5.0 (Windows NT 10.0; Win64; x64) AppleWebKit/537.36 (KHTML, like Gecko) Chrome/114.0.5735.199 Safari/537.36 Edg/114.0.1823.67"
40.77.167.70 - - [29/Jun/2025:13:28:13 +0000] "GET /?s=%E5%96%98%E6%81%AF+%E9%BA%A6%E9%96%80%E5%86%AC%E6%B9%AF HTTP/2" 200 21569 "-" "Mozilla/5.0 AppleWebKit/537.36 (KHTML, like Gecko; compatible; bingbot/2.0; +http://www.bing.com/bingbot.htm) Chrome/116.0.1938.76 Safari/537.36"
142.132.252.48 - - [29/Jun/2025:13:28:15 +0000] "POST /wp-admin/admin-ajax.php?action=async_litespeed&nonce=533361ef7a&litespeed_type=imgoptm HTTP/1.1" 200 21 "-" "WordPress/6.8.1; https://nmgs-journal.org"
52.167.144.145 - - [29/Jun/2025:13:28:41 +0000] "GET /wp-sitemap.xml HTTP/2" 200 190 "-" "Mozilla/5.0 AppleWebKit/537.36 (KHTML, like Gecko; compatible; bingbot/2.0; +http://www.bing.com/bingbot.htm) Chrome/116.0.1938.76 Safari/537.36"
157.55.39.10 - - [29/Jun/2025:13:31:07 +0000] "GET /sitemap.xml HTTP/2" 301 1 "-" "Mozilla/5.0 AppleWebKit/537.36 (KHTML, like Gecko; compatible; bingbot/2.0; +http://www.bing.com/bingbot.htm) Chrome/116.0.1938.76 Safari/537.36"
157.55.39.10 - - [29/Jun/2025:13:31:08 +0000] "GET /wp-sitemap.xml HTTP/2" 200 190 "-" "Mozilla/5.0 AppleWebKit/537.36 (KHTML, like Gecko; compatible; bingbot/2.0; +http://www.bing.com/bingbot.htm) Chrome/116.0.1938.76 Safari/537.36"
54.36.232.187 - - [29/Jun/2025:13:37:11 +0000] "GET /wp-sitemap.xml HTTP/1.1" 200 542 "-" "Mozilla/5.0 (Windows NT 10.0; Win64; x64) AppleWebKit/537.36 (KHTML, like Gecko) Chrome/134.0.0.0 Safari/537.36"
40.77.167.12 - - [29/Jun/2025:13:37:41 +0000] "GET /?vectors%2Fdark-abstract HTTP/2" 200 33561 "-" "Mozilla/5.0 (Windows NT 10.0; Win64; x64) AppleWebKit/537.36 (KHTML, like Gecko) Chrome/112.0.0.0 Safari/537.36 Edg/112.0.1722.68"
142.132.252.48 - - [29/Jun/2025:13:37:43 +0000] "POST /wp-admin/admin-ajax.php?action=async_litespeed&nonce=533361ef7a&litespeed_type=imgoptm HTTP/1.1" 200 21 "-" "WordPress/6.8.1; https://nmgs-journal.org"
85.208.96.199 - - [29/Jun/2025:13:40:18 +0000] "GET /journal/details.php?jn=57 HTTP/1.1" 200 9522 "-" "Mozilla/5.0 (compatible; SemrushBot/7~bl; +http://www.semrush.com/bot.html)"
95.217.5.33 - - [29/Jun/2025:13:41:18 +0000] "GET /wp-sitemap-taxonomies-category-1.xml HTTP/1.1" 200 262 "-" "Mozilla/5.0 (Windows NT 10.0; Win64; x64) AppleWebKit/537.36 (KHTML, like Gecko) Chrome/134.0.0.0 Safari/537.36 OPR/118.0.0.0"
47.128.121.74 - - [29/Jun/2025:13:43:05 +0000] "GET /papers/volume-56/issue-1/comparism-of-discrete-fourier-transform-and-short-time-fourier-transform-in-mapping-stratigraphic-features-in-tmb-field-niger-delta/ HTTP/2" 404 21527 "-" "Mozilla/5.0 (Linux; Android 5.0) AppleWebKit/537.36 (KHTML, like Gecko) Mobile Safari/537.36 (compatible; TikTokSpider; ttspider-feedback@tiktok.com)"
40.77.167.12 - - [29/Jun/2025:13:43:06 +0000] "GET /?s=%EB%A7%88%EB%B9%84%EB%85%B8%EA%B8%B0+%EB%AA%A8%EB%B0%94%EC%9D%BC+%EC%9A%94%EA%B0%80+%EA%B0%90%EC%A0%95%ED%91%9C%ED%98%84 HTTP/2" 200 21746 "-" "Mozilla/5.0 AppleWebKit/537.36 (KHTML, like Gecko; compatible; bingbot/2.0; +http://www.bing.com/bingbot.htm) Chrome/116.0.1938.76 Safari/537.36"
47.128.121.74 - - [29/Jun/2025:13:43:09 +0000] "GET /wp-content/themes/astra/assets/css/minified/main.min.css?ver=4.5.2 HTTP/2" 200 7799 "https://nmgs-journal.org/papers/volume-56/issue-1/comparism-of-discrete-fourier-transform-and-short-time-fourier-transform-in-mapping-stratigraphic-features-in-tmb-field-niger-delta/" "Mozilla/5.0 (Linux; Android 5.0) AppleWebKit/537.36 (KHTML, like Gecko) Mobile Safari/537.36 (compatible; TikTokSpider; ttspider-feedback@tiktok.com)"
142.132.252.48 - - [29/Jun/2025:13:43:08 +0000] "POST /wp-admin/admin-ajax.php?action=async_litespeed&nonce=533361ef7a&litespeed_type=imgoptm HTTP/1.1" 200 21 "-" "WordPress/6.8.1; https://nmgs-journal.org"
47.128.121.74 - - [29/Jun/2025:13:43:10 +0000] "GET /wp-content/plugins/Journal-Research-Publication/assets/css/style.css?ver=6.8.1 HTTP/2" 200 933 "https://nmgs-journal.org/papers/volume-56/issue-1/comparism-of-discrete-fourier-transform-and-short-time-fourier-transform-in-mapping-stratigraphic-features-in-tmb-field-niger-delta/" "Mozilla/5.0 (Linux; Android 5.0) AppleWebKit/537.36 (KHTML, like Gecko) Mobile Safari/537.36 (compatible; TikTokSpider; ttspider-feedback@tiktok.com)"
47.128.121.74 - - [29/Jun/2025:13:43:10 +0000] "GET /wp-includes/css/dist/block-library/style.min.css?ver=6.8.1 HTTP/2" 200 14358 "https://nmgs-journal.org/papers/volume-56/issue-1/comparism-of-discrete-fourier-transform-and-short-time-fourier-transform-in-mapping-stratigraphic-features-in-tmb-field-niger-delta/" "Mozilla/5.0 (Linux; Android 5.0) AppleWebKit/537.36 (KHTML, like Gecko) Mobile Safari/537.36 (compatible; TikTokSpider; ttspider-feedback@tiktok.com)"
47.128.121.74 - - [29/Jun/2025:13:43:10 +0000] "GET /wp-content/plugins/Journal-Research-Publication/assets/css/custom_bootstrap.css?ver=6.8.1 HTTP/2" 200 22045 "https://nmgs-journal.org/papers/volume-56/issue-1/comparism-of-discrete-fourier-transform-and-short-time-fourier-transform-in-mapping-stratigraphic-features-in-tmb-field-niger-delta/" "Mozilla/5.0 (Linux; Android 5.0) AppleWebKit/537.36 (KHTML, like Gecko) Mobile Safari/537.36 (compatible; TikTokSpider; ttspider-feedback@tiktok.com)"
142.132.252.48 - - [29/Jun/2025:13:37:42 +0000] "POST /wp-cron.php?doing_wp_cron=1751204262.4164071083068847656250 HTTP/1.1" 200 20 "-" "WordPress/6.8.1; https://nmgs-journal.org"
152.53.48.216 - - [29/Jun/2025:13:37:59 +0000] "GET /feed.xml HTTP/1.1" 404 132358 "-" "Mozilla/5.0 (Windows NT 10.0; Win64; x64) AppleWebKit/537.36 (KHTML, like Gecko) Chrome/134.0.0.0 Safari/537.36 OPR/118.0.0.0"
77.237.238.168 - - [29/Jun/2025:13:41:20 +0000] "POST /wp-login.php HTTP/2" 403 1154 "https://nmgs-journal.org" "Mozilla/5.0 (Macintosh; Intel Mac OS X 10.15; rv:126.0) Gecko/20100101 Firefox/126.0"
142.132.252.48 - - [29/Jun/2025:13:43:06 +0000] "POST /wp-cron.php?doing_wp_cron=1751204586.5180449485778808593750 HTTP/1.1" 200 20 "-" "WordPress/6.8.1; https://nmgs-journal.org"
47.128.121.74 - - [29/Jun/2025:13:43:11 +0000] "GET /wp-content/plugins/addon-elements-for-elementor-page-builder/assets/css/eae.min.css?ver=1.12.9 HTTP/2" 200 27973 "https://nmgs-journal.org/papers/volume-56/issue-1/comparism-of-discrete-fourier-transform-and-short-time-fourier-transform-in-mapping-stratigraphic-features-in-tmb-field-niger-delta/" "Mozilla/5.0 (Linux; Android 5.0) AppleWebKit/537.36 (KHTML, like Gecko) Mobile Safari/537.36 (compatible; TikTokSpider; ttspider-feedback@tiktok.com)"
47.128.121.74 - - [29/Jun/2025:13:43:12 +0000] "GET /wp-content/plugins/elementor/assets/lib/font-awesome/css/v4-shims.min.css?ver=1.0 HTTP/2" 200 3987 "https://nmgs-journal.org/papers/volume-56/issue-1/comparism-of-discrete-fourier-transform-and-short-time-fourier-transform-in-mapping-stratigraphic-features-in-tmb-field-niger-delta/" "Mozilla/5.0 (Linux; Android 5.0) AppleWebKit/537.36 (KHTML, like Gecko) Mobile Safari/537.36 (compatible; TikTokSpider; ttspider-feedback@tiktok.com)"
47.128.121.74 - - [29/Jun/2025:13:43:12 +0000] "GET /wp-content/plugins/elementor/assets/lib/font-awesome/css/all.min.css?ver=1.0 HTTP/2" 200 12380 "https://nmgs-journal.org/papers/volume-56/issue-1/comparism-of-discrete-fourier-transform-and-short-time-fourier-transform-in-mapping-stratigraphic-features-in-tmb-field-niger-delta/" "Mozilla/5.0 (Linux; Android 5.0) AppleWebKit/537.36 (KHTML, like Gecko) Mobile Safari/537.36 (compatible; TikTokSpider; ttspider-feedback@tiktok.com)"
47.128.121.74 - - [29/Jun/2025:13:43:12 +0000] "GET /wp-content/plugins/elementor/assets/css/frontend-lite.min.css?ver=3.18.2 HTTP/2" 200 12935 "https://nmgs-journal.org/papers/volume-56/issue-1/comparism-of-discrete-fourier-transform-and-short-time-fourier-transform-in-mapping-stratigraphic-features-in-tmb-field-niger-delta/" "Mozilla/5.0 (Linux; Android 5.0) AppleWebKit/537.36 (KHTML, like Gecko) Mobile Safari/537.36 (compatible; TikTokSpider; ttspider-feedback@tiktok.com)"
47.128.121.74 - - [29/Jun/2025:13:43:12 +0000] "GET /wp-content/plugins/addon-elements-for-elementor-page-builder/assets/lib/vegas/vegas.min.css?ver=2.4.0 HTTP/2" 200 1097 "https://nmgs-journal.org/papers/volume-56/issue-1/comparism-of-discrete-fourier-transform-and-short-time-fourier-transform-in-mapping-stratigraphic-features-in-tmb-field-niger-delta/" "Mozilla/5.0 (Linux; Android 5.0) AppleWebKit/537.36 (KHTML, like Gecko) Mobile Safari/537.36 (compatible; TikTokSpider; ttspider-feedback@tiktok.com)"
47.128.121.74 - - [29/Jun/2025:13:43:13 +0000] "GET /wp-content/uploads/elementor/css/post-5.css?ver=1702646369 HTTP/2" 200 314 "https://nmgs-journal.org/papers/volume-56/issue-1/comparism-of-discrete-fourier-transform-and-short-time-fourier-transform-in-mapping-stratigraphic-features-in-tmb-field-niger-delta/" "Mozilla/5.0 (Linux; Android 5.0) AppleWebKit/537.36 (KHTML, like Gecko) Mobile Safari/537.36 (compatible; TikTokSpider; ttspider-feedback@tiktok.com)"
47.128.121.74 - - [29/Jun/2025:13:43:13 +0000] "GET /wp-content/plugins/elementor/assets/lib/swiper/v8/css/swiper.min.css?ver=8.4.5 HTTP/2" 200 4248 "https://nmgs-journal.org/papers/volume-56/issue-1/comparism-of-discrete-fourier-transform-and-short-time-fourier-transform-in-mapping-stratigraphic-features-in-tmb-field-niger-delta/" "Mozilla/5.0 (Linux; Android 5.0) AppleWebKit/537.36 (KHTML, like Gecko) Mobile Safari/537.36 (compatible; TikTokSpider; ttspider-feedback@tiktok.com)"
47.128.121.74 - - [29/Jun/2025:13:43:14 +0000] "GET /wp-content/plugins/royal-elementor-addons/assets/css/lib/animations/text-animations.min.css?ver=1.3.83 HTTP/2" 200 1439 "https://nmgs-journal.org/papers/volume-56/issue-1/comparism-of-discrete-fourier-transform-and-short-time-fourier-transform-in-mapping-stratigraphic-features-in-tmb-field-niger-delta/" "Mozilla/5.0 (Linux; Android 5.0) AppleWebKit/537.36 (KHTML, like Gecko) Mobile Safari/537.36 (compatible; TikTokSpider; ttspider-feedback@tiktok.com)"
194.36.147.123 - - [29/Jun/2025:13:43:17 +0000] "GET /.well-known/trust.txt HTTP/1.1" 404 132374 "-" "Mozilla/5.0 (Windows NT 10.0; Win64; x64) AppleWebKit/537.36 (KHTML, like Gecko) Chrome/134.0.0.0 Safari/537.36"
142.250.32.7 - - [29/Jun/2025:13:45:33 +0000] "GET /.well-known/traffic-advice HTTP/1.1" 404 21392 "-" "Chrome Privacy Preserving Prefetch Proxy"
142.132.252.48 - - [29/Jun/2025:13:45:34 +0000] "POST /wp-admin/admin-ajax.php?action=async_litespeed&nonce=533361ef7a&litespeed_type=imgoptm HTTP/1.1" 200 21 "-" "WordPress/6.8.1; https://nmgs-journal.org"
105.112.178.141 - - [29/Jun/2025:13:45:41 +0000] "GET /wp-content/plugins/elementor/assets/css/frontend-lite.min.css?ver=3.18.2 HTTP/2" 200 12935 "https://nmgs-journal.org/" "Mozilla/5.0 (Linux; Android 10; K) AppleWebKit/537.36 (KHTML, like Gecko) Chrome/135.0.0.0 Mobile Safari/537.36"
105.112.178.141 - - [29/Jun/2025:13:45:41 +0000] "GET /wp-content/plugins/addon-elements-for-elementor-page-builder/assets/css/eae.min.css?ver=1.12.9 HTTP/2" 200 27973 "https://nmgs-journal.org/" "Mozilla/5.0 (Linux; Android 10; K) AppleWebKit/537.36 (KHTML, like Gecko) Chrome/135.0.0.0 Mobile Safari/537.36"
105.112.178.141 - - [29/Jun/2025:13:45:41 +0000] "GET /wp-content/plugins/elementor/assets/lib/font-awesome/css/all.min.css?ver=1.0 HTTP/2" 200 12380 "https://nmgs-journal.org/" "Mozilla/5.0 (Linux; Android 10; K) AppleWebKit/537.36 (KHTML, like Gecko) Chrome/135.0.0.0 Mobile Safari/537.36"
105.112.178.141 - - [29/Jun/2025:13:45:41 +0000] "GET /wp-content/plugins/essential-addons-for-elementor-lite/assets/front-end/css/view/general.min.css?ver=5.9 HTTP/2" 200 724 "https://nmgs-journal.org/" "Mozilla/5.0 (Linux; Android 10; K) AppleWebKit/537.36 (KHTML, like Gecko) Chrome/135.0.0.0 Mobile Safari/537.36"
105.112.178.141 - - [29/Jun/2025:13:45:41 +0000] "GET /wp-content/plugins/elementor/assets/lib/font-awesome/css/v4-shims.min.css?ver=1.0 HTTP/2" 200 3987 "https://nmgs-journal.org/" "Mozilla/5.0 (Linux; Android 10; K) AppleWebKit/537.36 (KHTML, like Gecko) Chrome/135.0.0.0 Mobile Safari/537.36"
105.112.178.141 - - [29/Jun/2025:13:45:41 +0000] "GET /wp-content/plugins/addon-elements-for-elementor-page-builder/assets/lib/vegas/vegas.min.css?ver=2.4.0 HTTP/2" 200 1097 "https://nmgs-journal.org/" "Mozilla/5.0 (Linux; Android 10; K) AppleWebKit/537.36 (KHTML, like Gecko) Chrome/135.0.0.0 Mobile Safari/537.36"
105.112.178.141 - - [29/Jun/2025:13:45:41 +0000] "GET /wp-content/plugins/elementor/assets/lib/swiper/v8/css/swiper.min.css?ver=8.4.5 HTTP/2" 200 4248 "https://nmgs-journal.org/" "Mozilla/5.0 (Linux; Android 10; K) AppleWebKit/537.36 (KHTML, like Gecko) Chrome/135.0.0.0 Mobile Safari/537.36"
105.112.178.141 - - [29/Jun/2025:13:45:41 +0000] "GET /wp-content/uploads/essential-addons-elementor/eael-465.css?ver=1728658658 HTTP/2" 200 3578 "https://nmgs-journal.org/" "Mozilla/5.0 (Linux; Android 10; K) AppleWebKit/537.36 (KHTML, like Gecko) Chrome/135.0.0.0 Mobile Safari/537.36"
105.112.178.141 - - [29/Jun/2025:13:45:41 +0000] "GET /wp-content/plugins/royal-elementor-addons/assets/css/lib/animations/text-animations.min.css?ver=1.3.83 HTTP/2" 200 1439 "https://nmgs-journal.org/" "Mozilla/5.0 (Linux; Android 10; K) AppleWebKit/537.36 (KHTML, like Gecko) Chrome/135.0.0.0 Mobile Safari/537.36"
105.112.178.141 - - [29/Jun/2025:13:45:41 +0000] "GET /wp-content/plugins/royal-elementor-addons/assets/css/frontend.min.css?ver=1.3.83 HTTP/2" 200 42324 "https://nmgs-journal.org/" "Mozilla/5.0 (Linux; Android 10; K) AppleWebKit/537.36 (KHTML, like Gecko) Chrome/135.0.0.0 Mobile Safari/537.36"
105.112.178.141 - - [29/Jun/2025:13:45:41 +0000] "GET /wp-content/uploads/elementor/css/post-465.css?ver=1728659599 HTTP/2" 200 2505 "https://nmgs-journal.org/" "Mozilla/5.0 (Linux; Android 10; K) AppleWebKit/537.36 (KHTML, like Gecko) Chrome/135.0.0.0 Mobile Safari/537.36"
105.112.178.141 - - [29/Jun/2025:13:45:41 +0000] "GET /wp-content/plugins/Journal-Research-Publication/assets/css/custom_bootstrap.css?ver=6.8.1 HTTP/2" 200 22045 "https://nmgs-journal.org/" "Mozilla/5.0 (Linux; Android 10; K) AppleWebKit/537.36 (KHTML, like Gecko) Chrome/135.0.0.0 Mobile Safari/537.36"
105.112.178.141 - - [29/Jun/2025:13:45:41 +0000] "GET /wp-content/uploads/elementor/css/post-5.css?ver=1702646369 HTTP/2" 200 314 "https://nmgs-journal.org/" "Mozilla/5.0 (Linux; Android 10; K) AppleWebKit/537.36 (KHTML, like Gecko) Chrome/135.0.0.0 Mobile Safari/537.36"
105.112.178.141 - - [29/Jun/2025:13:45:41 +0000] "GET /wp-content/plugins/addon-elements-for-elementor-page-builder/assets/js/iconHelper.js?ver=1.0 HTTP/2" 200 844 "https://nmgs-journal.org/" "Mozilla/5.0 (Linux; Android 10; K) AppleWebKit/537.36 (KHTML, like Gecko) Chrome/135.0.0.0 Mobile Safari/537.36"
105.112.178.141 - - [29/Jun/2025:13:45:41 +0000] "GET /wp-includes/js/jquery/jquery-migrate.min.js?ver=3.4.1 HTTP/2" 200 4678 "https://nmgs-journal.org/" "Mozilla/5.0 (Linux; Android 10; K) AppleWebKit/537.36 (KHTML, like Gecko) Chrome/135.0.0.0 Mobile Safari/537.36"
105.112.178.141 - - [29/Jun/2025:13:45:41 +0000] "GET /wp-content/plugins/Journal-Research-Publication/assets/js/user_custom.js HTTP/2" 200 1568 "https://nmgs-journal.org/" "Mozilla/5.0 (Linux; Android 10; K) AppleWebKit/537.36 (KHTML, like Gecko) Chrome/135.0.0.0 Mobile Safari/537.36"
105.112.178.141 - - [29/Jun/2025:13:45:41 +0000] "GET /wp-content/plugins/Journal-Research-Publication/assets/css/style.css?ver=6.8.1 HTTP/2" 200 933 "-" "Mozilla/5.0 (Linux; Android 10; K) AppleWebKit/537.36 (KHTML, like Gecko) Chrome/135.0.0.0 Mobile Safari/537.36"
105.112.178.141 - - [29/Jun/2025:13:45:41 +0000] "GET /wp-content/uploads/2024/10/editore.png HTTP/2" 200 31501 "https://nmgs-journal.org/" "Mozilla/5.0 (Linux; Android 10; K) AppleWebKit/537.36 (KHTML, like Gecko) Chrome/135.0.0.0 Mobile Safari/537.36"
105.112.178.141 - - [29/Jun/2025:13:45:41 +0000] "GET /wp-content/plugins/elementor/assets/lib/eicons/css/elementor-icons.min.css?ver=5.25.0 HTTP/2" 200 3683 "https://nmgs-journal.org/" "Mozilla/5.0 (Linux; Android 10; K) AppleWebKit/537.36 (KHTML, like Gecko) Chrome/135.0.0.0 Mobile Safari/537.36"
105.112.178.141 - - [29/Jun/2025:13:45:41 +0000] "GET /wp-content/uploads/2024/06/cropped-Untitled-2.jpg HTTP/2" 200 12798 "https://nmgs-journal.org/" "Mozilla/5.0 (Linux; Android 10; K) AppleWebKit/537.36 (KHTML, like Gecko) Chrome/135.0.0.0 Mobile Safari/537.36"
105.112.178.141 - - [29/Jun/2025:13:45:41 +0000] "GET /wp-content/themes/astra/assets/css/minified/main.min.css?ver=4.5.2 HTTP/2" 200 7799 "-" "Mozilla/5.0 (Linux; Android 10; K) AppleWebKit/537.36 (KHTML, like Gecko) Chrome/135.0.0.0 Mobile Safari/537.36"
105.112.178.141 - - [29/Jun/2025:13:45:41 +0000] "GET /wp-includes/js/jquery/jquery.min.js?ver=3.7.1 HTTP/2" 200 29744 "https://nmgs-journal.org/" "Mozilla/5.0 (Linux; Android 10; K) AppleWebKit/537.36 (KHTML, like Gecko) Chrome/135.0.0.0 Mobile Safari/537.36"
105.112.178.141 - - [29/Jun/2025:13:45:42 +0000] "GET /wp-content/plugins/elementor/assets/lib/animations/animations.min.css?ver=3.18.2 HTTP/2" 200 2442 "https://nmgs-journal.org/" "Mozilla/5.0 (Linux; Android 10; K) AppleWebKit/537.36 (KHTML, like Gecko) Chrome/135.0.0.0 Mobile Safari/537.36"
105.112.178.141 - - [29/Jun/2025:13:45:42 +0000] "GET /wp-content/plugins/wpforms-lite/assets/css/frontend/classic/wpforms-base.min.css?ver=1.8.5.2 HTTP/2" 200 5104 "https://nmgs-journal.org/" "Mozilla/5.0 (Linux; Android 10; K) AppleWebKit/537.36 (KHTML, like Gecko) Chrome/135.0.0.0 Mobile Safari/537.36"
105.112.178.141 - - [29/Jun/2025:13:45:42 +0000] "GET /wp-content/themes/astra/assets/js/minified/frontend.min.js?ver=4.5.2 HTTP/2" 200 4742 "https://nmgs-journal.org/" "Mozilla/5.0 (Linux; Android 10; K) AppleWebKit/537.36 (KHTML, like Gecko) Chrome/135.0.0.0 Mobile Safari/537.36"
105.112.178.141 - - [29/Jun/2025:13:45:42 +0000] "GET /wp-content/plugins/addon-elements-for-elementor-page-builder/assets/js/animated-main.min.js?ver=1.0 HTTP/2" 200 663 "https://nmgs-journal.org/" "Mozilla/5.0 (Linux; Android 10; K) AppleWebKit/537.36 (KHTML, like Gecko) Chrome/135.0.0.0 Mobile Safari/537.36"
105.112.178.141 - - [29/Jun/2025:13:45:42 +0000] "GET /wp-content/plugins/royal-elementor-addons/assets/js/lib/jarallax/jarallax.min.js?ver=1.12.7 HTTP/2" 200 5006 "https://nmgs-journal.org/" "Mozilla/5.0 (Linux; Android 10; K) AppleWebKit/537.36 (KHTML, like Gecko) Chrome/135.0.0.0 Mobile Safari/537.36"
105.112.178.141 - - [29/Jun/2025:13:45:42 +0000] "GET /wp-content/plugins/elementor/assets/lib/font-awesome/js/v4-shims.min.js?ver=1.0 HTTP/2" 200 4035 "https://nmgs-journal.org/" "Mozilla/5.0 (Linux; Android 10; K) AppleWebKit/537.36 (KHTML, like Gecko) Chrome/135.0.0.0 Mobile Safari/537.36"
105.112.178.141 - - [29/Jun/2025:13:45:42 +0000] "GET /wp-content/plugins/addon-elements-for-elementor-page-builder/assets/js/particles.min.js?ver=2.0.0 HTTP/2" 200 5523 "https://nmgs-journal.org/" "Mozilla/5.0 (Linux; Android 10; K) AppleWebKit/537.36 (KHTML, like Gecko) Chrome/135.0.0.0 Mobile Safari/537.36"
105.112.178.141 - - [29/Jun/2025:13:45:42 +0000] "GET /wp-content/plugins/essential-addons-for-elementor-lite/assets/front-end/js/view/general.min.js?ver=5.9 HTTP/2" 200 3118 "https://nmgs-journal.org/" "Mozilla/5.0 (Linux; Android 10; K) AppleWebKit/537.36 (KHTML, like Gecko) Chrome/135.0.0.0 Mobile Safari/537.36"
105.112.178.141 - - [29/Jun/2025:13:45:42 +0000] "GET /wp-content/plugins/addon-elements-for-elementor-page-builder/assets/lib/vegas/vegas.min.js?ver=2.4.0 HTTP/2" 200 2951 "https://nmgs-journal.org/" "Mozilla/5.0 (Linux; Android 10; K) AppleWebKit/537.36 (KHTML, like Gecko) Chrome/135.0.0.0 Mobile Safari/537.36"
105.112.178.141 - - [29/Jun/2025:13:45:42 +0000] "GET /wp-content/plugins/addon-elements-for-elementor-page-builder/assets/lib/magnific.min.js?ver=1.1.0 HTTP/2" 200 6922 "https://nmgs-journal.org/" "Mozilla/5.0 (Linux; Android 10; K) AppleWebKit/537.36 (KHTML, like Gecko) Chrome/135.0.0.0 Mobile Safari/537.36"
105.112.178.141 - - [29/Jun/2025:13:45:42 +0000] "GET /wp-content/plugins/royal-elementor-addons/assets/js/lib/parallax/parallax.min.js?ver=1.0 HTTP/2" 200 5022 "https://nmgs-journal.org/" "Mozilla/5.0 (Linux; Android 10; K) AppleWebKit/537.36 (KHTML, like Gecko) Chrome/135.0.0.0 Mobile Safari/537.36"
105.112.178.141 - - [29/Jun/2025:13:45:42 +0000] "GET /wp-content/uploads/essential-addons-elementor/eael-465.js?ver=1728658658 HTTP/2" 200 1900 "https://nmgs-journal.org/" "Mozilla/5.0 (Linux; Android 10; K) AppleWebKit/537.36 (KHTML, like Gecko) Chrome/135.0.0.0 Mobile Safari/537.36"
105.112.178.141 - - [29/Jun/2025:13:45:42 +0000] "GET /wp-includes/js/underscore.min.js?ver=1.13.7 HTTP/2" 200 7185 "https://nmgs-journal.org/" "Mozilla/5.0 (Linux; Android 10; K) AppleWebKit/537.36 (KHTML, like Gecko) Chrome/135.0.0.0 Mobile Safari/537.36"
105.112.178.141 - - [29/Jun/2025:13:45:42 +0000] "GET /wp-content/plugins/elementor/assets/js/webpack.runtime.min.js?ver=3.18.2 HTTP/2" 200 2073 "https://nmgs-journal.org/" "Mozilla/5.0 (Linux; Android 10; K) AppleWebKit/537.36 (KHTML, like Gecko) Chrome/135.0.0.0 Mobile Safari/537.36"
105.112.178.141 - - [29/Jun/2025:13:45:42 +0000] "GET /wp-content/plugins/addon-elements-for-elementor-page-builder/assets/js/promotion.js?ver=1.0 HTTP/2" 200 728 "https://nmgs-journal.org/" "Mozilla/5.0 (Linux; Android 10; K) AppleWebKit/537.36 (KHTML, like Gecko) Chrome/135.0.0.0 Mobile Safari/537.36"
105.112.178.141 - - [29/Jun/2025:13:45:42 +0000] "GET /wp-includes/js/jquery/ui/core.min.js?ver=1.13.3 HTTP/2" 200 6812 "https://nmgs-journal.org/" "Mozilla/5.0 (Linux; Android 10; K) AppleWebKit/537.36 (KHTML, like Gecko) Chrome/135.0.0.0 Mobile Safari/537.36"
105.112.178.141 - - [29/Jun/2025:13:45:42 +0000] "GET /wp-content/plugins/wpforms-lite/assets/lib/mailcheck.min.js?ver=1.1.2 HTTP/2" 200 1615 "https://nmgs-journal.org/" "Mozilla/5.0 (Linux; Android 10; K) AppleWebKit/537.36 (KHTML, like Gecko) Chrome/135.0.0.0 Mobile Safari/537.36"
105.112.178.141 - - [29/Jun/2025:13:45:42 +0000] "GET /wp-content/plugins/wpforms-lite/assets/js/integrations/elementor/frontend.min.js?ver=1.8.5.2 HTTP/2" 200 342 "https://nmgs-journal.org/" "Mozilla/5.0 (Linux; Android 10; K) AppleWebKit/537.36 (KHTML, like Gecko) Chrome/135.0.0.0 Mobile Safari/537.36"
