105.112.178.141 - - [29/Jun/2025:13:45:42 +0000] "GET /wp-content/plugins/wpforms-lite/assets/js/utils.min.js?ver=1.8.5.2 HTTP/2" 200 197 "https://nmgs-journal.org/" "Mozilla/5.0 (Linux; Android 10; K) AppleWebKit/537.36 (KHTML, like Gecko) Chrome/135.0.0.0 Mobile Safari/537.36"
105.112.178.141 - - [29/Jun/2025:13:45:42 +0000] "GET /wp-content/plugins/addon-elements-for-elementor-page-builder/build/index.min.js?ver=1.12.9 HTTP/2" 200 10908 "https://nmgs-journal.org/" "Mozilla/5.0 (Linux; Android 10; K) AppleWebKit/537.36 (KHTML, like Gecko) Chrome/135.0.0.0 Mobile Safari/537.36"
105.112.178.141 - - [29/Jun/2025:13:45:42 +0000] "GET /wp-content/plugins/royal-elementor-addons/assets/js/lib/particles/particles.js?ver=3.0.6 HTTP/2" 200 8740 "https://nmgs-journal.org/" "Mozilla/5.0 (Linux; Android 10; K) AppleWebKit/537.36 (KHTML, like Gecko) Chrome/135.0.0.0 Mobile Safari/537.36"
105.112.178.141 - - [29/Jun/2025:13:45:42 +0000] "GET /wp-content/plugins/elementor/assets/js/frontend-modules.min.js?ver=3.18.2 HTTP/2" 200 16455 "https://nmgs-journal.org/" "Mozilla/5.0 (Linux; Android 10; K) AppleWebKit/537.36 (KHTML, like Gecko) Chrome/135.0.0.0 Mobile Safari/537.36"
105.112.178.141 - - [29/Jun/2025:13:45:42 +0000] "GET /wp-content/plugins/addon-elements-for-elementor-page-builder/assets/js/eae.min.js?ver=1.12.9 HTTP/2" 200 9752 "https://nmgs-journal.org/" "Mozilla/5.0 (Linux; Android 10; K) AppleWebKit/537.36 (KHTML, like Gecko) Chrome/135.0.0.0 Mobile Safari/537.36"
105.112.178.141 - - [29/Jun/2025:13:45:42 +0000] "GET /wp-content/plugins/elementor/assets/lib/waypoints/waypoints.min.js?ver=4.0.2 HTTP/2" 200 2867 "https://nmgs-journal.org/" "Mozilla/5.0 (Linux; Android 10; K) AppleWebKit/537.36 (KHTML, like Gecko) Chrome/135.0.0.0 Mobile Safari/537.36"
105.112.178.141 - - [29/Jun/2025:13:45:42 +0000] "GET /wp-content/plugins/wpforms-lite/assets/lib/punycode.min.js?ver=1.0.0 HTTP/2" 200 833 "https://nmgs-journal.org/" "Mozilla/5.0 (Linux; Android 10; K) AppleWebKit/537.36 (KHTML, like Gecko) Chrome/135.0.0.0 Mobile Safari/537.36"
105.112.178.141 - - [29/Jun/2025:13:45:42 +0000] "GET /wp-includes/js/wp-util.min.js?ver=6.8.1 HTTP/2" 200 690 "https://nmgs-journal.org/" "Mozilla/5.0 (Linux; Android 10; K) AppleWebKit/537.36 (KHTML, like Gecko) Chrome/135.0.0.0 Mobile Safari/537.36"
105.112.178.141 - - [29/Jun/2025:13:45:42 +0000] "GET /wp-content/plugins/royal-elementor-addons/assets/js/modal-popups.min.js?ver=1.3.83 HTTP/2" 200 1743 "https://nmgs-journal.org/" "Mozilla/5.0 (Linux; Android 10; K) AppleWebKit/537.36 (KHTML, like Gecko) Chrome/135.0.0.0 Mobile Safari/537.36"
105.112.178.141 - - [29/Jun/2025:13:45:42 +0000] "GET /wp-content/plugins/wpforms-lite/assets/lib/jquery.validate.min.js?ver=1.19.5 HTTP/2" 200 7677 "https://nmgs-journal.org/" "Mozilla/5.0 (Linux; Android 10; K) AppleWebKit/537.36 (KHTML, like Gecko) Chrome/135.0.0.0 Mobile Safari/537.36"
105.112.178.141 - - [29/Jun/2025:13:45:42 +0000] "GET /wp-content/plugins/elementor/assets/js/frontend.min.js?ver=3.18.2 HTTP/2" 200 11901 "https://nmgs-journal.org/" "Mozilla/5.0 (Linux; Android 10; K) AppleWebKit/537.36 (KHTML, like Gecko) Chrome/135.0.0.0 Mobile Safari/537.36"
105.112.178.141 - - [29/Jun/2025:13:45:42 +0000] "GET /wp-content/plugins/royal-elementor-addons/assets/js/frontend.min.js?ver=1.3.83 HTTP/2" 200 38055 "https://nmgs-journal.org/" "Mozilla/5.0 (Linux; Android 10; K) AppleWebKit/537.36 (KHTML, like Gecko) Chrome/135.0.0.0 Mobile Safari/537.36"
105.112.178.141 - - [29/Jun/2025:13:45:42 +0000] "GET /wp-content/plugins/wpforms-lite/assets/js/wpforms.min.js?ver=1.8.5.2 HTTP/2" 200 11090 "https://nmgs-journal.org/" "Mozilla/5.0 (Linux; Android 10; K) AppleWebKit/537.36 (KHTML, like Gecko) Chrome/135.0.0.0 Mobile Safari/537.36"
105.112.178.141 - - [29/Jun/2025:13:45:42 +0000] "GET /wp-content/uploads/2023/12/image-2.png HTTP/2" 200 2036551 "https://nmgs-journal.org/" "Mozilla/5.0 (Linux; Android 10; K) AppleWebKit/537.36 (KHTML, like Gecko) Chrome/135.0.0.0 Mobile Safari/537.36"
105.112.178.141 - - [29/Jun/2025:13:45:42 +0000] "GET /wp-content/uploads/2023/12/image.png HTTP/2" 200 107652 "https://nmgs-journal.org/" "Mozilla/5.0 (Linux; Android 10; K) AppleWebKit/537.36 (KHTML, like Gecko) Chrome/135.0.0.0 Mobile Safari/537.36"
105.112.178.141 - - [29/Jun/2025:13:45:42 +0000] "GET /wp-content/plugins/elementor/assets/lib/swiper/v8/swiper.min.js?ver=8.4.5 HTTP/2" 200 38152 "https://nmgs-journal.org/" "Mozilla/5.0 (Linux; Android 10; K) AppleWebKit/537.36 (KHTML, like Gecko) Chrome/135.0.0.0 Mobile Safari/537.36"
105.112.178.141 - - [29/Jun/2025:13:45:42 +0000] "GET /wp-content/uploads/2023/12/pahoehoe-lava-flow-issues-Hawaii-Kilauea-volcano.png HTTP/2" 200 370127 "https://nmgs-journal.org/" "Mozilla/5.0 (Linux; Android 10; K) AppleWebKit/537.36 (KHTML, like Gecko) Chrome/135.0.0.0 Mobile Safari/537.36"
105.112.178.141 - - [29/Jun/2025:13:45:42 +0000] "GET /wp-includes/js/wp-emoji-release.min.js?ver=6.8.1 HTTP/2" 200 4771 "https://nmgs-journal.org/" "Mozilla/5.0 (Linux; Android 10; K) AppleWebKit/537.36 (KHTML, like Gecko) Chrome/135.0.0.0 Mobile Safari/537.36"
105.112.178.141 - - [29/Jun/2025:13:45:43 +0000] "GET /wp-content/plugins/elementor/assets/js/text-editor.2c35aafbe5bf0e127950.bundle.min.js HTTP/2" 200 600 "https://nmgs-journal.org/" "Mozilla/5.0 (Linux; Android 10; K) AppleWebKit/537.36 (KHTML, like Gecko) Chrome/135.0.0.0 Mobile Safari/537.36"
105.112.178.141 - - [29/Jun/2025:13:45:43 +0000] "GET /wp-content/plugins/elementor/assets/js/tabs.c2af5be7f9cb3cdcf3d5.bundle.min.js HTTP/2" 200 1280 "https://nmgs-journal.org/" "Mozilla/5.0 (Linux; Android 10; K) AppleWebKit/537.36 (KHTML, like Gecko) Chrome/135.0.0.0 Mobile Safari/537.36"
105.112.178.141 - - [29/Jun/2025:13:45:43 +0000] "GET /wp-content/uploads/2023/12/science.png HTTP/2" 200 748134 "https://nmgs-journal.org/" "Mozilla/5.0 (Linux; Android 10; K) AppleWebKit/537.36 (KHTML, like Gecko) Chrome/135.0.0.0 Mobile Safari/537.36"
105.112.178.141 - - [29/Jun/2025:13:45:43 +0000] "GET /wp-content/uploads/2023/12/cropped-nmgs-180x180.png HTTP/2" 200 32208 "https://nmgs-journal.org/" "Mozilla/5.0 (Linux; Android 10; K) AppleWebKit/537.36 (KHTML, like Gecko) Chrome/135.0.0.0 Mobile Safari/537.36"
105.112.178.141 - - [29/Jun/2025:13:45:43 +0000] "GET /wp-content/uploads/2023/12/cropped-nmgs-192x192.png HTTP/2" 200 35191 "https://nmgs-journal.org/" "Mozilla/5.0 (Linux; Android 10; K) AppleWebKit/537.36 (KHTML, like Gecko) Chrome/135.0.0.0 Mobile Safari/537.36"
105.112.178.141 - - [29/Jun/2025:13:45:46 +0000] "GET /wp-content/uploads/2023/12/image-4.png HTTP/2" 200 1899403 "https://nmgs-journal.org/" "Mozilla/5.0 (Linux; Android 10; K) AppleWebKit/537.36 (KHTML, like Gecko) Chrome/135.0.0.0 Mobile Safari/537.36"
105.112.178.141 - - [29/Jun/2025:13:45:47 +0000] "GET /wp-content/uploads/2023/12/foundry-molten-metal-factory-industry_705804-887.png HTTP/2" 200 331828 "https://nmgs-journal.org/" "Mozilla/5.0 (Linux; Android 10; K) AppleWebKit/537.36 (KHTML, like Gecko) Chrome/135.0.0.0 Mobile Safari/537.36"
105.112.178.141 - - [29/Jun/2025:13:45:47 +0000] "GET /wp-content/uploads/2023/12/Prof_A_S_Olatunji_2023.png HTTP/2" 200 158825 "https://nmgs-journal.org/" "Mozilla/5.0 (Linux; Android 10; K) AppleWebKit/537.36 (KHTML, like Gecko) Chrome/135.0.0.0 Mobile Safari/537.36"
105.112.178.141 - - [29/Jun/2025:13:45:47 +0000] "GET /wp-content/uploads/2023/12/Engr_20Hassan_20VP-NMGS_202023.png HTTP/2" 200 142960 "https://nmgs-journal.org/" "Mozilla/5.0 (Linux; Android 10; K) AppleWebKit/537.36 (KHTML, like Gecko) Chrome/135.0.0.0 Mobile Safari/537.36"
105.112.178.141 - - [29/Jun/2025:13:45:47 +0000] "GET /wp-content/uploads/2023/12/ms_20rose_20ndong.png HTTP/2" 200 113991 "https://nmgs-journal.org/" "Mozilla/5.0 (Linux; Android 10; K) AppleWebKit/537.36 (KHTML, like Gecko) Chrome/135.0.0.0 Mobile Safari/537.36"
105.112.178.141 - - [29/Jun/2025:13:45:47 +0000] "GET /wp-content/uploads/2023/12/Dr_20Godwin_20Amobi_20Alo_202023.png HTTP/2" 200 202243 "https://nmgs-journal.org/" "Mozilla/5.0 (Linux; Android 10; K) AppleWebKit/537.36 (KHTML, like Gecko) Chrome/135.0.0.0 Mobile Safari/537.36"
142.132.252.48 - - [29/Jun/2025:13:46:11 +0000] "POST /wp-admin/admin-ajax.php?action=async_litespeed&nonce=533361ef7a&litespeed_type=imgoptm HTTP/1.1" 200 21 "-" "WordPress/6.8.1; https://nmgs-journal.org"
47.128.121.74 - - [29/Jun/2025:13:43:14 +0000] "GET /wp-content/plugins/royal-elementor-addons/assets/css/frontend.min.css?ver=1.3.83 HTTP/2" 200 42324 "https://nmgs-journal.org/papers/volume-56/issue-1/comparism-of-discrete-fourier-transform-and-short-time-fourier-transform-in-mapping-stratigraphic-features-in-tmb-field-niger-delta/" "Mozilla/5.0 (Linux; Android 5.0) AppleWebKit/537.36 (KHTML, like Gecko) Mobile Safari/537.36 (compatible; TikTokSpider; ttspider-feedback@tiktok.com)"
47.128.121.74 - - [29/Jun/2025:13:43:14 +0000] "GET /wp-content/plugins/essential-addons-for-elementor-lite/assets/front-end/css/view/general.min.css?ver=5.9 HTTP/2" 200 724 "https://nmgs-journal.org/papers/volume-56/issue-1/comparism-of-discrete-fourier-transform-and-short-time-fourier-transform-in-mapping-stratigraphic-features-in-tmb-field-niger-delta/" "Mozilla/5.0 (Linux; Android 5.0) AppleWebKit/537.36 (KHTML, like Gecko) Mobile Safari/537.36 (compatible; TikTokSpider; ttspider-feedback@tiktok.com)"
47.128.121.74 - - [29/Jun/2025:13:43:14 +0000] "GET /wp-content/uploads/2024/06/cropped-Untitled-2.jpg HTTP/2" 206 500 "https://nmgs-journal.org/papers/volume-56/issue-1/comparism-of-discrete-fourier-transform-and-short-time-fourier-transform-in-mapping-stratigraphic-features-in-tmb-field-niger-delta/" "Mozilla/5.0 (Linux; Android 5.0) AppleWebKit/537.36 (KHTML, like Gecko) Mobile Safari/537.36 (compatible; TikTokSpider; ttspider-feedback@tiktok.com)"
47.128.121.74 - - [29/Jun/2025:13:43:15 +0000] "GET /wp-content/uploads/2024/06/cropped-Untitled-2-126x35.jpg HTTP/2" 206 500 "https://nmgs-journal.org/papers/volume-56/issue-1/comparism-of-discrete-fourier-transform-and-short-time-fourier-transform-in-mapping-stratigraphic-features-in-tmb-field-niger-delta/" "Mozilla/5.0 (Linux; Android 5.0) AppleWebKit/537.36 (KHTML, like Gecko) Mobile Safari/537.36 (compatible; TikTokSpider; ttspider-feedback@tiktok.com)"
142.132.252.48 - - [29/Jun/2025:13:43:18 +0000] "POST /wp-cron.php?doing_wp_cron=1751204598.5897200107574462890625 HTTP/1.1" 200 20 "-" "WordPress/6.8.1; https://nmgs-journal.org"
85.208.96.193 - - [29/Jun/2025:13:44:35 +0000] "GET /journal/journals.php?cat=Meterological%20Sciences HTTP/1.1" 200 3370 "-" "Mozilla/5.0 (compatible; SemrushBot/7~bl; +http://www.semrush.com/bot.html)"
162.120.187.117 - - [29/Jun/2025:13:45:33 +0000] "GET / HTTP/2" 200 32125 "https://www.google.com/" "Mozilla/5.0 (Linux; Android 10; K) AppleWebKit/537.36 (KHTML, like Gecko) Chrome/135.0.0.0 Mobile Safari/537.36"
142.132.252.48 - - [29/Jun/2025:13:45:34 +0000] "POST /wp-cron.php?doing_wp_cron=1751204733.9947268962860107421875 HTTP/1.1" 200 20 "-" "WordPress/6.8.1; https://nmgs-journal.org"
43.130.14.245 - - [29/Jun/2025:13:46:12 +0000] "GET / HTTP/1.1" 200 33510 "http://www.nmgs-journal.org" "Mozilla/5.0 (iPhone; CPU iPhone OS 13_2_3 like Mac OS X) AppleWebKit/605.1.15 (KHTML, like Gecko) Version/13.0.3 Mobile/15E148 Safari/604.1"
164.90.168.112 - - [29/Jun/2025:13:48:01 +0000] "POST /wp-login.php HTTP/2" 403 1154 "https://nmgs-journal.org" "Mozilla/5.0 (Windows NT 10.0; Win64; x64) AppleWebKit/537.36 (KHTML, like Gecko) Chrome/115.0.5790.171 Safari/537.36 Edg/115.0.1901.203"
142.132.252.48 - - [29/Jun/2025:13:51:47 +0000] "POST /wp-cron.php?doing_wp_cron=1751205107.5116999149322509765625 HTTP/1.1" 200 20 "-" "WordPress/6.8.1; https://nmgs-journal.org"
142.132.252.48 - - [29/Jun/2025:13:51:47 +0000] "POST /wp-cron.php?doing_wp_cron=1751205107.5886900424957275390625 HTTP/1.1" 200 20 "-" "WordPress/6.8.1; https://nmgs-journal.org"
144.76.76.107 - - [29/Jun/2025:13:51:46 +0000] "GET /.well-known/dnt-policy.txt HTTP/1.1" 404 132382 "-" "Mozilla/5.0 (Windows NT 10.0; Win64; x64) AppleWebKit/537.36 (KHTML, like Gecko) Chrome/134.0.0.0 Safari/537.36"
142.132.252.48 - - [29/Jun/2025:13:51:49 +0000] "POST /wp-admin/admin-ajax.php?action=async_litespeed&nonce=533361ef7a&litespeed_type=imgoptm HTTP/1.1" 200 21 "-" "WordPress/6.8.1; https://nmgs-journal.org"
152.53.100.131 - - [29/Jun/2025:13:52:00 +0000] "GET /index.xml HTTP/1.1" 404 132358 "-" "Mozilla/5.0 (Windows NT 10.0; Win64; x64; rv:136.0) Gecko/20100101 Firefox/136.0"
142.132.252.48 - - [29/Jun/2025:13:54:30 +0000] "POST /wp-cron.php?doing_wp_cron=1751205270.1042480468750000000000 HTTP/1.1" 200 20 "-" "WordPress/6.8.1; https://nmgs-journal.org"
95.217.5.33 - - [29/Jun/2025:13:54:29 +0000] "GET /.well-known/gpc.json HTTP/1.1" 404 132374 "-" "Mozilla/5.0 (Windows NT 10.0; Win64; x64; rv:136.0) Gecko/20100101 Firefox/136.0"
142.132.252.48 - - [29/Jun/2025:13:54:30 +0000] "POST /wp-admin/admin-ajax.php?action=async_litespeed&nonce=533361ef7a&litespeed_type=imgoptm HTTP/1.1" 200 21 "-" "WordPress/6.8.1; https://nmgs-journal.org"
54.36.149.32 - - [29/Jun/2025:13:55:39 +0000] "GET /wp-sitemap-posts-page-1.xml HTTP/2" 200 477 "-" "Mozilla/5.0 (compatible; AhrefsBot/7.0; +http://ahrefs.com/robot/)"
54.36.148.117 - - [29/Jun/2025:13:55:37 +0000] "GET /wp-sitemap.xml HTTP/2" 200 190 "-" "Mozilla/5.0 (compatible; AhrefsBot/7.0; +http://ahrefs.com/robot/)"
54.36.148.1 - - [29/Jun/2025:13:55:38 +0000] "GET /wp-sitemap-posts-post-1.xml HTTP/2" 200 197 "-" "Mozilla/5.0 (compatible; AhrefsBot/7.0; +http://ahrefs.com/robot/)"
54.36.148.102 - - [29/Jun/2025:13:55:40 +0000] "GET /wp-sitemap-taxonomies-category-1.xml HTTP/2" 200 161 "-" "Mozilla/5.0 (compatible; AhrefsBot/7.0; +http://ahrefs.com/robot/)"
54.36.148.161 - - [29/Jun/2025:13:55:41 +0000] "GET /wp-sitemap-users-1.xml HTTP/2" 200 157 "-" "Mozilla/5.0 (compatible; AhrefsBot/7.0; +http://ahrefs.com/robot/)"
142.132.252.48 - - [29/Jun/2025:13:59:23 +0000] "POST /wp-admin/admin-ajax.php?action=async_litespeed&nonce=533361ef7a&litespeed_type=imgoptm HTTP/1.1" 200 21 "-" "WordPress/6.8.1; https://nmgs-journal.org"
111.230.35.97 - - [29/Jun/2025:14:01:45 +0000] "POST /wp-login.php HTTP/2" 302 683 "https://nmgs-journal.org" "Mozilla/5.0 (Windows NT 10.0; Win64; x64) AppleWebKit/537.36 (KHTML, like Gecko) Chrome/114.0.5735.199 Safari/537.36 Edg/114.0.1823.67"
142.132.252.48 - - [29/Jun/2025:13:59:22 +0000] "POST /wp-cron.php?doing_wp_cron=1751205562.9123060703277587890625 HTTP/1.1" 200 20 "-" "WordPress/6.8.1; https://nmgs-journal.org"
152.53.244.11 - - [29/Jun/2025:13:59:22 +0000] "GET /app-ads.txt HTTP/1.1" 404 132362 "-" "Mozilla/5.0 (Windows NT 10.0; Win64; x64) AppleWebKit/537.36 (KHTML, like Gecko) Chrome/134.0.0.0 Safari/537.36 Edg/134.0.3124.85"
37.114.33.6 - - [29/Jun/2025:14:02:32 +0000] "GET /feed/ HTTP/1.1" 200 1917 "-" "Mozilla/5.0 (Windows NT 10.0; Win64; x64) AppleWebKit/537.36 (KHTML, like Gecko) Chrome/134.0.0.0 Safari/537.36 Edg/134.0.3124.85"
194.36.147.123 - - [29/Jun/2025:14:03:20 +0000] "GET /wp-sitemap-users-1.xml HTTP/1.1" 200 254 "-" "Mozilla/5.0 (Windows NT 10.0; Win64; x64) AppleWebKit/537.36 (KHTML, like Gecko) Chrome/134.0.0.0 Safari/537.36 Edg/134.0.3124.85"
142.132.252.48 - - [29/Jun/2025:14:05:11 +0000] "POST /wp-cron.php?doing_wp_cron=1751205911.8976159095764160156250 HTTP/1.1" 200 20 "-" "WordPress/6.8.1; https://nmgs-journal.org"
40.77.167.157 - - [29/Jun/2025:14:05:11 +0000] "GET /?s=8395865 HTTP/2" 200 21391 "-" "Mozilla/5.0 AppleWebKit/537.36 (KHTML, like Gecko; compatible; bingbot/2.0; +http://www.bing.com/bingbot.htm) Chrome/116.0.1938.76 Safari/537.36"
142.132.252.48 - - [29/Jun/2025:14:05:12 +0000] "POST /wp-admin/admin-ajax.php?action=async_litespeed&nonce=533361ef7a&litespeed_type=imgoptm HTTP/1.1" 200 21 "-" "WordPress/6.8.1; https://nmgs-journal.org"
192.99.1.42 - - [29/Jun/2025:14:08:34 +0000] "POST /wp-login.php HTTP/2" 302 683 "https://nmgs-journal.org" "Mozilla/5.0 (Windows NT 10.0; Win64; x64) AppleWebKit/537.36 (KHTML, like Gecko) Chrome/114.0.5735.199 Safari/537.36 Edg/114.0.1823.67"
66.249.64.69 - - [29/Jun/2025:14:08:24 +0000] "GET /robots.txt HTTP/1.1" 200 97 "-" "Mozilla/5.0 (compatible; Googlebot/2.1; +http://www.google.com/bot.html)"
66.249.64.69 - - [29/Jun/2025:14:08:29 +0000] "GET /journal/journ/phpOP4yLc HTTP/1.1" 200 128699 "-" "Googlebot-Image/1.0"
216.73.216.255 - - [29/Jun/2025:14:09:55 +0000] "GET /robots.txt HTTP/2" 200 97 "-" "Mozilla/5.0 AppleWebKit/537.36 (KHTML, like Gecko; compatible; ClaudeBot/1.0; +claudebot@anthropic.com)"
216.73.216.255 - - [29/Jun/2025:14:09:55 +0000] "GET /journal/archive.php?vol=57 HTTP/2" 200 3379 "-" "Mozilla/5.0 AppleWebKit/537.36 (KHTML, like Gecko; compatible; ClaudeBot/1.0; +claudebot@anthropic.com)"
142.132.252.48 - - [29/Jun/2025:14:16:12 +0000] "POST /wp-cron.php?doing_wp_cron=1751206572.2667698860168457031250 HTTP/1.1" 200 20 "-" "WordPress/6.8.1; https://nmgs-journal.org"
152.53.110.39 - - [29/Jun/2025:14:15:19 +0000] "POST /wp-login.php HTTP/2" 403 1154 "https://nmgs-journal.org" "Mozilla/5.0 (Macintosh; Intel Mac OS X 10_15_7; rv:125.0.1) Gecko/20100101 Firefox/125.0.1"
75.156.136.12 - - [29/Jun/2025:14:16:11 +0000] "GET /papers/volume-56/issue-2/major-trace-and-rare-earth-elements-geochemistry-of-isan-clay-southwestern-nigeria-implications-for-provenance/?__im-QGwtpvMI=4093622187699449222 HTTP/2" 404 21562 "-" "Mozilla/5.0 (Linux; Android 8.0; Pixel 2 Build/OPD3.170816.012) AppleWebKit/537.36 (KHTML, like Gecko) Chrome/39.0.6620.1046 Mobile Safari/537.36"
142.132.252.48 - - [29/Jun/2025:14:16:13 +0000] "POST /wp-admin/admin-ajax.php?action=async_litespeed&nonce=533361ef7a&litespeed_type=imgoptm HTTP/1.1" 200 21 "-" "WordPress/6.8.1; https://nmgs-journal.org"
13.234.122.137 - - [29/Jun/2025:14:13:18 +0000] "GET / HTTP/1.1" 200 188045 "-" "Mozilla/5.0 (Windows NT 10.0; Win64; x64) AppleWebKit/537.36 (KHTML, like Gecko) Chrome/80.0.3987.149 Safari/537.36"
142.132.252.48 - - [29/Jun/2025:14:13:18 +0000] "POST /wp-admin/admin-ajax.php?action=async_litespeed&nonce=533361ef7a&litespeed_type=imgoptm HTTP/1.1" 200 21 "-" "WordPress/6.8.1; https://nmgs-journal.org"
13.234.122.137 - - [29/Jun/2025:14:13:19 +0000] "GET //wp-includes/wlwmanifest.xml HTTP/1.1" 301 0 "-" "Mozilla/5.0 (Windows NT 10.0; Win64; x64) AppleWebKit/537.36 (KHTML, like Gecko) Chrome/80.0.3987.149 Safari/537.36"
13.234.122.137 - - [29/Jun/2025:14:13:21 +0000] "GET //xmlrpc.php?rsd HTTP/1.1" 403 1154 "-" "Mozilla/5.0 (Windows NT 10.0; Win64; x64) AppleWebKit/537.36 (KHTML, like Gecko) Chrome/80.0.3987.149 Safari/537.36"
13.234.122.137 - - [29/Jun/2025:14:13:21 +0000] "GET / HTTP/1.1" 200 188045 "-" "Mozilla/5.0 (Windows NT 10.0; Win64; x64) AppleWebKit/537.36 (KHTML, like Gecko) Chrome/80.0.3987.149 Safari/537.36"
13.234.122.137 - - [29/Jun/2025:14:13:22 +0000] "GET //?author=1 HTTP/1.1" 301 0 "-" "Mozilla/5.0 (Windows NT 10.0; Win64; x64) AppleWebKit/537.36 (KHTML, like Gecko) Chrome/80.0.3987.149 Safari/537.36"
13.234.122.137 - - [29/Jun/2025:14:13:22 +0000] "GET //?author=2 HTTP/1.1" 301 0 "-" "Mozilla/5.0 (Windows NT 10.0; Win64; x64) AppleWebKit/537.36 (KHTML, like Gecko) Chrome/80.0.3987.149 Safari/537.36"
13.234.122.137 - - [29/Jun/2025:14:13:23 +0000] "GET //wp-json/wp/v2/users/ HTTP/1.1" 200 746 "-" "Mozilla/5.0 (Windows NT 10.0; Win64; x64) AppleWebKit/537.36 (KHTML, like Gecko) Chrome/80.0.3987.149 Safari/537.36"
13.234.122.137 - - [29/Jun/2025:14:13:24 +0000] "POST //xmlrpc.php HTTP/1.1" 403 1154 "-" "Mozilla/5.0 (Windows NT 10.0; Win64; x64) AppleWebKit/537.36 (KHTML, like Gecko) Chrome/80.0.3987.149 Safari/537.36"
85.208.96.206 - - [29/Jun/2025:14:19:43 +0000] "GET /robots.txt HTTP/1.1" 200 112 "-" "Mozilla/5.0 (compatible; SemrushBot/7~bl; +http://www.semrush.com/bot.html)"
142.132.252.48 - - [29/Jun/2025:14:20:58 +0000] "POST /wp-admin/admin-ajax.php?action=async_litespeed&nonce=533361ef7a&litespeed_type=imgoptm HTTP/1.1" 200 21 "-" "WordPress/6.8.1; https://nmgs-journal.org"
114.119.142.94 - - [29/Jun/2025:14:21:00 +0000] "GET /jr-paper_issue/?select_volume=52&select_issue=1 HTTP/1.1" 200 21552 "https://nmgs-journal.org/jr-past_issue/" "Mozilla/5.0 (Linux; Android 7.0;) AppleWebKit/537.36 (KHTML, like Gecko) Mobile Safari/537.36 (compatible; PetalBot;+https://webmaster.petalsearch.com/site/petalbot)"
85.208.96.200 - - [29/Jun/2025:14:19:44 +0000] "GET /journal/journals.php?%20Meterology&cat=Mining%20 HTTP/1.1" 200 2984 "-" "Mozilla/5.0 (compatible; SemrushBot/7~bl; +http://www.semrush.com/bot.html)"
142.132.252.48 - - [29/Jun/2025:14:20:58 +0000] "POST /wp-cron.php?doing_wp_cron=1751206858.2902269363403320312500 HTTP/1.1" 200 20 "-" "WordPress/6.8.1; https://nmgs-journal.org"
114.119.142.94 - - [29/Jun/2025:14:20:57 +0000] "GET /jr-paper_issue?select_volume=52&select_issue=1 HTTP/1.1" 301 20 "https://nmgs-journal.org/jr-past_issue/" "Mozilla/5.0 (Linux; Android 7.0;) AppleWebKit/537.36 (KHTML, like Gecko) Mobile Safari/537.36 (compatible; PetalBot;+https://webmaster.petalsearch.com/site/petalbot)"
89.233.107.32 - - [29/Jun/2025:14:22:05 +0000] "POST /wp-login.php HTTP/2" 302 683 "https://nmgs-journal.org" "Mozilla/5.0 (Macintosh; Intel Mac OS X 10_15_7; rv:125.0.1) Gecko/20100101 Firefox/125.0.1"
217.67.234.232 - - [29/Jun/2025:14:24:04 +0000] "GET /wp-content/plugins/Journal-Research-Publication/assets/css/custom_bootstrap.css?ver=6.8.1 HTTP/1.1" 200 247924 "-" "Mozilla/5.0 (Windows NT 10.0; Win64; x64; rv:136.0) Gecko/20100101 Firefox/136.0"
142.132.252.48 - - [29/Jun/2025:14:25:26 +0000] "POST /wp-cron.php?doing_wp_cron=1751207126.8220169544219970703125 HTTP/1.1" 200 20 "-" "WordPress/6.8.1; https://nmgs-journal.org"
142.132.252.48 - - [29/Jun/2025:14:25:27 +0000] "POST /wp-admin/admin-ajax.php?action=async_litespeed&nonce=533361ef7a&litespeed_type=imgoptm HTTP/1.1" 200 21 "-" "WordPress/6.8.1; https://nmgs-journal.org"
52.167.144.146 - - [29/Jun/2025:14:25:25 +0000] "GET /?s=Robert+Shaffer+age+77+in+md HTTP/2" 200 21461 "-" "Mozilla/5.0 AppleWebKit/537.36 (KHTML, like Gecko; compatible; bingbot/2.0; +http://www.bing.com/bingbot.htm) Chrome/116.0.1938.76 Safari/537.36"
194.36.147.123 - - [29/Jun/2025:14:28:04 +0000] "GET /wp-includes/js/wp-util.min.js?ver=6.8.1 HTTP/1.1" 200 1426 "-" "Mozilla/5.0 (Windows NT 10.0; Win64; x64; rv:136.0) Gecko/20100101 Firefox/136.0"
142.132.252.48 - - [29/Jun/2025:14:27:44 +0000] "POST /wp-cron.php?doing_wp_cron=1751207264.1757349967956542968750 HTTP/1.1" 200 20 "-" "WordPress/6.8.1; https://nmgs-journal.org"
207.46.13.9 - - [29/Jun/2025:14:27:43 +0000] "GET /?s=%E4%BB%80%E4%B9%88%E6%A4%8D%E7%89%A9%E9%80%9A%E8%BF%87%E7%A7%8D%E5%AD%90%E7%B9%81%E6%AE%96 HTTP/2" 200 21658 "-" "Mozilla/5.0 AppleWebKit/537.36 (KHTML, like Gecko; compatible; bingbot/2.0; +http://www.bing.com/bingbot.htm) Chrome/116.0.1938.76 Safari/537.36"
142.132.252.48 - - [29/Jun/2025:14:27:45 +0000] "POST /wp-admin/admin-ajax.php?action=async_litespeed&nonce=533361ef7a&litespeed_type=imgoptm HTTP/1.1" 200 21 "-" "WordPress/6.8.1; https://nmgs-journal.org"
66.249.64.69 - - [29/Jun/2025:14:41:06 +0000] "GET /wp-sitemap.xml HTTP/1.1" 200 190 "-" "Mozilla/5.0 (compatible; Googlebot/2.1; +http://www.google.com/bot.html)"
142.132.252.48 - - [29/Jun/2025:14:36:23 +0000] "POST /wp-cron.php?doing_wp_cron=1751207783.6564729213714599609375 HTTP/1.1" 200 20 "-" "WordPress/6.8.1; https://nmgs-journal.org"
54.36.232.187 - - [29/Jun/2025:14:36:22 +0000] "GET /atom.xml HTTP/1.1" 404 132358 "-" "Mozilla/5.0 (Windows NT 10.0; Win64; x64) AppleWebKit/537.36 (KHTML, like Gecko) Chrome/134.0.0.0 Safari/537.36 Edg/134.0.3124.85"
142.132.252.48 - - [29/Jun/2025:14:36:24 +0000] "POST /wp-admin/admin-ajax.php?action=async_litespeed&nonce=533361ef7a&litespeed_type=imgoptm HTTP/1.1" 200 21 "-" "WordPress/6.8.1; https://nmgs-journal.org"
216.73.216.255 - - [29/Jun/2025:14:37:16 +0000] "GET /journal/archive.php?vol=59 HTTP/2" 200 3379 "-" "Mozilla/5.0 AppleWebKit/537.36 (KHTML, like Gecko; compatible; ClaudeBot/1.0; +claudebot@anthropic.com)"
142.132.252.48 - - [29/Jun/2025:14:41:41 +0000] "POST /wp-cron.php?doing_wp_cron=1751208101.1352009773254394531250 HTTP/1.1" 200 20 "-" "WordPress/6.8.1; https://nmgs-journal.org"
40.77.167.116 - - [29/Jun/2025:14:41:40 +0000] "GET /?s=C21+%E8%9F%B9%E3%83%9E%E3%83%B3%E3%80%80%E6%99%92%E3%81%97 HTTP/2" 200 21556 "-" "Mozilla/5.0 AppleWebKit/537.36 (KHTML, like Gecko; compatible; bingbot/2.0; +http://www.bing.com/bingbot.htm) Chrome/116.0.1938.76 Safari/537.36"
142.132.252.48 - - [29/Jun/2025:14:41:41 +0000] "POST /wp-admin/admin-ajax.php?action=async_litespeed&nonce=533361ef7a&litespeed_type=imgoptm HTTP/1.1" 200 21 "-" "WordPress/6.8.1; https://nmgs-journal.org"
212.118.53.218 - - [29/Jun/2025:14:42:41 +0000] "GET / HTTP/1.1" 200 33510 "-" "Mozilla/5.0 (Macintosh; Intel Mac OS X 10_15_7) AppleWebKit/537.36 (KHTML, like Gecko) Chrome/133.0.0.0 Safari/537.36"
142.132.252.48 - - [29/Jun/2025:14:42:44 +0000] "POST /wp-cron.php?doing_wp_cron=1751208164.9386739730834960937500 HTTP/1.1" 200 20 "-" "WordPress/6.8.1; https://nmgs-journal.org"
31.146.2.138 - - [29/Jun/2025:14:42:44 +0000] "POST / HTTP/1.1" 200 33571 "-" "Mozilla/5.0 (Macintosh; Intel Mac OS X 10_15_7) AppleWebKit/537.36 (KHTML, like Gecko) Chrome/133.0.0.0 Safari/537.36"
212.118.53.218 - - [29/Jun/2025:14:42:50 +0000] "GET /comments/feed/ HTTP/1.1" 200 751 "-" "Mozilla/5.0 (Macintosh; Intel Mac OS X 10_15_7) AppleWebKit/537.36 (KHTML, like Gecko) Chrome/133.0.0.0 Safari/537.36"
212.118.53.218 - - [29/Jun/2025:14:42:51 +0000] "GET /contact/ HTTP/1.1" 200 26001 "-" "Mozilla/5.0 (Macintosh; Intel Mac OS X 10_15_7) AppleWebKit/537.36 (KHTML, like Gecko) Chrome/133.0.0.0 Safari/537.36"
142.132.252.48 - - [29/Jun/2025:14:44:13 +0000] "POST /wp-admin/admin-ajax.php?action=async_litespeed&nonce=533361ef7a&litespeed_type=imgoptm HTTP/1.1" 200 21 "-" "WordPress/6.8.1; https://nmgs-journal.org"
142.132.252.48 - - [29/Jun/2025:14:42:46 +0000] "POST /wp-admin/admin-ajax.php?action=async_litespeed&nonce=533361ef7a&litespeed_type=imgoptm HTTP/1.1" 200 21 "-" "WordPress/6.8.1; https://nmgs-journal.org"
31.146.2.138 - - [29/Jun/2025:14:42:48 +0000] "POST / HTTP/1.1" 200 33470 "-" "Mozilla/5.0 (Windows NT 10.0; Win64; x64) AppleWebKit/537.36 (KHTML, like Gecko) Chrome/120.0.0.0 Safari/537.36"
31.146.2.138 - - [29/Jun/2025:14:42:52 +0000] "POST /contact/ HTTP/1.1" 200 26067 "-" "Mozilla/5.0 (Macintosh; Intel Mac OS X 10_15_7) AppleWebKit/537.36 (KHTML, like Gecko) Chrome/133.0.0.0 Safari/537.36"
31.146.2.138 - - [29/Jun/2025:14:42:54 +0000] "POST /contact/ HTTP/1.1" 200 25953 "-" "Mozilla/5.0 (Windows NT 10.0; Win64; x64) AppleWebKit/537.36 (KHTML, like Gecko) Chrome/120.0.0.0 Safari/537.36"
104.28.205.101 - - [29/Jun/2025:14:42:57 +0000] "GET /feed/ HTTP/1.1" 200 1917 "-" "Mozilla/5.0 (Windows NT 10.0; Win64; x64) AppleWebKit/537.36 (KHTML, like Gecko) Chrome/134.0.0.0 Safari/537.36 Edg/134.0.3124.85"
212.118.53.218 - - [29/Jun/2025:14:43:02 +0000] "GET /for-reviewers/ HTTP/1.1" 200 28469 "-" "Mozilla/5.0 (Macintosh; Intel Mac OS X 10_15_7) AppleWebKit/537.36 (KHTML, like Gecko) Chrome/133.0.0.0 Safari/537.36"
3.209.174.110 - - [29/Jun/2025:14:43:31 +0000] "GET /journal/details.php?jn=98 HTTP/1.1" 200 9423 "-" "Mozilla/5.0 AppleWebKit/537.36 (KHTML, like Gecko; compatible; Amazonbot/0.1; +https://developer.amazon.com/support/amazonbot) Chrome/119.0.6045.214 Safari/537.36"
142.132.252.48 - - [29/Jun/2025:14:44:12 +0000] "POST /wp-cron.php?doing_wp_cron=1751208252.7440080642700195312500 HTTP/1.1" 200 20 "-" "WordPress/6.8.1; https://nmgs-journal.org"
204.8.98.85 - - [29/Jun/2025:14:44:11 +0000] "GET /.well-known/assetlinks.json HTTP/1.1" 404 132382 "-" "Mozilla/5.0 (Windows NT 10.0; Win64; x64) AppleWebKit/537.36 (KHTML, like Gecko) Chrome/134.0.0.0 Safari/537.36"
57.141.0.1 - - [29/Jun/2025:14:45:21 +0000] "GET /journal/journ/phpOIXy3U HTTP/2" 200 36688 "-" "meta-externalagent/1.1 (+https://developers.facebook.com/docs/sharing/webmasters/crawler)"
216.73.216.255 - - [29/Jun/2025:14:51:02 +0000] "GET /journal/journ/bypassbgt.php?lokasie=%2Fhome%2Fnmgsjour%2Fpublic_html%2Fjournal%2Fjourn%2Fbypassbgt.php&loknya=%2Fhome%2Fnmgsjour%2Fpublic_html%2Fjournal%2Fjourn HTTP/2" 200 1853 "-" "Mozilla/5.0 AppleWebKit/537.36 (KHTML, like Gecko; compatible; ClaudeBot/1.0; +claudebot@anthropic.com)"
216.73.216.255 - - [29/Jun/2025:14:51:02 +0000] "GET /journal/journ/bypassbgt.php?lokasie=%2Fhome%2Fnmgsjour%2Fpublic_html%2Fjournal%2Fjourn%2FphpxeDcNB&loknya=%2Fhome%2Fnmgsjour%2Fpublic_html%2Fjournal%2Fjourn HTTP/2" 200 1859 "-" "Mozilla/5.0 AppleWebKit/537.36 (KHTML, like Gecko; compatible; ClaudeBot/1.0; +claudebot@anthropic.com)"
216.73.216.255 - - [29/Jun/2025:14:54:43 +0000] "GET /journal/journ/bypassbgt.php?lokasie=%2Fhome%2Fnmgsjour%2Fpublic_html%2Fjournal%2Fjourn%2FphpPkbRT5&loknya=%2Fhome%2Fnmgsjour%2Fpublic_html%2Fjournal%2Fjourn HTTP/2" 200 1721 "-" "Mozilla/5.0 AppleWebKit/537.36 (KHTML, like Gecko; compatible; ClaudeBot/1.0; +claudebot@anthropic.com)"
216.73.216.255 - - [29/Jun/2025:14:54:43 +0000] "GET /journal/journ/bypassbgt.php?lokasie=%2Fhome%2Fnmgsjour%2Fpublic_html%2Fjournal%2Fjourn%2FphpDTxG4f&loknya=%2Fhome%2Fnmgsjour%2Fpublic_html%2Fjournal%2Fjourn HTTP/2" 200 1721 "-" "Mozilla/5.0 AppleWebKit/537.36 (KHTML, like Gecko; compatible; ClaudeBot/1.0; +claudebot@anthropic.com)"
142.132.252.48 - - [29/Jun/2025:14:55:48 +0000] "POST /wp-cron.php?doing_wp_cron=1751208948.9038989543914794921875 HTTP/1.1" 200 20 "-" "WordPress/6.8.1; https://nmgs-journal.org"
142.132.252.48 - - [29/Jun/2025:14:55:49 +0000] "POST /wp-cron.php?doing_wp_cron=1751208949.0117270946502685546875 HTTP/1.1" 200 20 "-" "WordPress/6.8.1; https://nmgs-journal.org"
142.132.252.48 - - [29/Jun/2025:14:55:50 +0000] "POST /wp-admin/admin-ajax.php?action=async_litespeed&nonce=533361ef7a&litespeed_type=imgoptm HTTP/1.1" 200 21 "-" "WordPress/6.8.1; https://nmgs-journal.org"
37.114.33.6 - - [29/Jun/2025:14:56:01 +0000] "GET /ads.txt HTTP/1.1" 404 132354 "-" "Mozilla/5.0 (Windows NT 10.0; Win64; x64) AppleWebKit/537.36 (KHTML, like Gecko) Chrome/134.0.0.0 Safari/537.36 OPR/118.0.0.0"
137.74.223.84 - - [29/Jun/2025:14:56:09 +0000] "POST /wp-login.php HTTP/2" 403 1154 "https://nmgs-journal.org" "Mozilla/5.0 (Macintosh; Intel Mac OS X 10_15_7) AppleWebKit/537.36 (KHTML, like Gecko) Chrome/115.0.5790.102 Safari/537.36"
142.132.252.48 - - [29/Jun/2025:14:48:53 +0000] "POST /wp-cron.php?doing_wp_cron=1751208533.9188039302825927734375 HTTP/1.1" 200 20 "-" "WordPress/6.8.1; https://nmgs-journal.org"
81.171.60.17 - - [29/Jun/2025:14:48:53 +0000] "GET /.well-known/nodeinfo HTTP/1.1" 404 132374 "-" "Mozilla/5.0 (Windows NT 10.0; Win64; x64) AppleWebKit/537.36 (KHTML, like Gecko) Chrome/134.0.0.0 Safari/537.36"
142.132.252.48 - - [29/Jun/2025:14:48:55 +0000] "POST /wp-admin/admin-ajax.php?action=async_litespeed&nonce=533361ef7a&litespeed_type=imgoptm HTTP/1.1" 200 21 "-" "WordPress/6.8.1; https://nmgs-journal.org"
142.132.252.48 - - [29/Jun/2025:14:49:24 +0000] "POST /wp-cron.php?doing_wp_cron=1751208564.1027998924255371093750 HTTP/1.1" 200 20 "-" "WordPress/6.8.1; https://nmgs-journal.org"
35.211.191.91 - - [29/Jun/2025:14:49:23 +0000] "POST /wp-login.php HTTP/2" 200 2302 "https://nmgs-journal.org" "Mozilla/5.0 (Windows NT 10.0; Win64; x64; rv:126.0) Gecko/20100101 Firefox/126.0"
216.73.216.255 - - [29/Jun/2025:14:49:26 +0000] "GET /journal/journ/bypassbgt.php?lokasie=%2Fhome%2Fnmgsjour%2Fpublic_html%2Fjournal%2Fjourn%2Fphp1UcO4S&loknya=%2Fhome%2Fnmgsjour%2Fpublic_html%2Fjournal%2Fjourn HTTP/2" 200 1721 "-" "Mozilla/5.0 AppleWebKit/537.36 (KHTML, like Gecko; compatible; ClaudeBot/1.0; +claudebot@anthropic.com)"
216.73.216.255 - - [29/Jun/2025:14:49:26 +0000] "GET /journal/journ/bypassbgt.php?lokasie=%2Fhome%2Fnmgsjour%2Fpublic_html%2Fjournal%2Fjourn%2Fphp1wavP4&loknya=%2Fhome%2Fnmgsjour%2Fpublic_html%2Fjournal%2Fjourn HTTP/2" 200 1720 "-" "Mozilla/5.0 AppleWebKit/537.36 (KHTML, like Gecko; compatible; ClaudeBot/1.0; +claudebot@anthropic.com)"
216.73.216.255 - - [29/Jun/2025:14:50:22 +0000] "GET /journal/journ/bypassbgt.php?lokasie=%2Fhome%2Fnmgsjour%2Fpublic_html%2Fjournal%2Fjourn%2FphpfSUOFo&loknya=%2Fhome%2Fnmgsjour%2Fpublic_html%2Fjournal%2Fjourn HTTP/2" 200 1721 "-" "Mozilla/5.0 AppleWebKit/537.36 (KHTML, like Gecko; compatible; ClaudeBot/1.0; +claudebot@anthropic.com)"
216.73.216.255 - - [29/Jun/2025:14:50:22 +0000] "GET /journal/journ/bypassbgt.php?lokasie=%2Fhome%2Fnmgsjour%2Fpublic_html%2Fjournal%2Fjourn%2FphpOP4yLc&loknya=%2Fhome%2Fnmgsjour%2Fpublic_html%2Fjournal%2Fjourn HTTP/2" 200 1721 "-" "Mozilla/5.0 AppleWebKit/537.36 (KHTML, like Gecko; compatible; ClaudeBot/1.0; +claudebot@anthropic.com)"
216.73.216.255 - - [29/Jun/2025:14:54:01 +0000] "GET /journal/journ/bypassbgt.php?lokasie=%2Fhome%2Fnmgsjour%2Fpublic_html%2Fjournal%2Fjourn%2Fphp2ZHyJ4&loknya=%2Fhome%2Fnmgsjour%2Fpublic_html%2Fjournal%2Fjourn HTTP/2" 200 1722 "-" "Mozilla/5.0 AppleWebKit/537.36 (KHTML, like Gecko; compatible; ClaudeBot/1.0; +claudebot@anthropic.com)"
216.73.216.255 - - [29/Jun/2025:14:54:01 +0000] "GET /journal/journ/bypassbgt.php?lokasie=%2Fhome%2Fnmgsjour%2Fpublic_html%2Fjournal%2Fjourn%2Fphp5dfWTt&loknya=%2Fhome%2Fnmgsjour%2Fpublic_html%2Fjournal%2Fjourn HTTP/2" 200 1720 "-" "Mozilla/5.0 AppleWebKit/537.36 (KHTML, like Gecko; compatible; ClaudeBot/1.0; +claudebot@anthropic.com)"
40.77.167.70 - - [29/Jun/2025:14:55:48 +0000] "GET /?s=Linda+and+Eyre%E2%80%99s+(1993)+definition+of+courage+as+the+willingness+to+face+social+challenges+and+be+open+to+others. HTTP/2" 200 21764 "-" "Mozilla/5.0 AppleWebKit/537.36 (KHTML, like Gecko; compatible; bingbot/2.0; +http://www.bing.com/bingbot.htm) Chrome/116.0.1938.76 Safari/537.36"
216.73.216.255 - - [29/Jun/2025:14:56:29 +0000] "GET /journal/journ/bypassbgt.php?lokasie=%2Fhome%2Fnmgsjour%2Fpublic_html%2Fjournal%2Fjourn%2FphpRyVLpp&loknya=%2Fhome%2Fnmgsjour%2Fpublic_html%2Fjournal%2Fjourn HTTP/2" 200 1721 "-" "Mozilla/5.0 AppleWebKit/537.36 (KHTML, like Gecko; compatible; ClaudeBot/1.0; +claudebot@anthropic.com)"
216.73.216.255 - - [29/Jun/2025:14:56:29 +0000] "GET /journal/journ/bypassbgt.php?lokasie=%2Fhome%2Fnmgsjour%2Fpublic_html%2Fjournal%2Fjourn%2FphpfNfijO&loknya=%2Fhome%2Fnmgsjour%2Fpublic_html%2Fjournal%2Fjourn HTTP/2" 200 1721 "-" "Mozilla/5.0 AppleWebKit/537.36 (KHTML, like Gecko; compatible; ClaudeBot/1.0; +claudebot@anthropic.com)"
142.132.252.48 - - [29/Jun/2025:14:57:04 +0000] "POST /wp-cron.php?doing_wp_cron=1751209024.3912310600280761718750 HTTP/1.1" 200 20 "-" "WordPress/6.8.1; https://nmgs-journal.org"
142.132.252.48 - - [29/Jun/2025:14:57:05 +0000] "POST /wp-admin/admin-ajax.php?action=async_litespeed&nonce=533361ef7a&litespeed_type=imgoptm HTTP/1.1" 200 21 "-" "WordPress/6.8.1; https://nmgs-journal.org"
216.73.216.255 - - [29/Jun/2025:14:57:29 +0000] "GET /journal/journ/bypassbgt.php?lokasie=%2Fhome%2Fnmgsjour%2Fpublic_html%2Fjournal%2Fjourn%2FphpJo3dkb&loknya=%2Fhome%2Fnmgsjour%2Fpublic_html%2Fjournal%2Fjourn HTTP/2" 200 1720 "-" "Mozilla/5.0 AppleWebKit/537.36 (KHTML, like Gecko; compatible; ClaudeBot/1.0; +claudebot@anthropic.com)"
216.73.216.255 - - [29/Jun/2025:14:57:29 +0000] "GET /journal/journ/bypassbgt.php?lokasie=%2Fhome%2Fnmgsjour%2Fpublic_html%2Fjournal%2Fjourn%2FphpLKTpgm&loknya=%2Fhome%2Fnmgsjour%2Fpublic_html%2Fjournal%2Fjourn HTTP/2" 200 1721 "-" "Mozilla/5.0 AppleWebKit/537.36 (KHTML, like Gecko; compatible; ClaudeBot/1.0; +claudebot@anthropic.com)"
216.73.216.255 - - [29/Jun/2025:14:59:01 +0000] "GET /journal/journ/bypassbgt.php?lokasie=%2Fhome%2Fnmgsjour%2Fpublic_html%2Fjournal%2Fjourn%2FphpfXbPUF&loknya=%2Fhome%2Fnmgsjour%2Fpublic_html%2Fjournal%2Fjourn HTTP/2" 200 1721 "-" "Mozilla/5.0 AppleWebKit/537.36 (KHTML, like Gecko; compatible; ClaudeBot/1.0; +claudebot@anthropic.com)"
216.73.216.255 - - [29/Jun/2025:14:59:01 +0000] "GET /journal/journ/bypassbgt.php?lokasie=%2Fhome%2Fnmgsjour%2Fpublic_html%2Fjournal%2Fjourn%2FphpFaOh8e&loknya=%2Fhome%2Fnmgsjour%2Fpublic_html%2Fjournal%2Fjourn HTTP/2" 200 1720 "-" "Mozilla/5.0 AppleWebKit/537.36 (KHTML, like Gecko; compatible; ClaudeBot/1.0; +claudebot@anthropic.com)"
216.73.216.255 - - [29/Jun/2025:14:59:46 +0000] "GET /journal/journ/bypassbgt.php?lokasie=%2Fhome%2Fnmgsjour%2Fpublic_html%2Fjournal%2Fjourn%2FphpSl8yh2&loknya=%2Fhome%2Fnmgsjour%2Fpublic_html%2Fjournal%2Fjourn HTTP/2" 200 1720 "-" "Mozilla/5.0 AppleWebKit/537.36 (KHTML, like Gecko; compatible; ClaudeBot/1.0; +claudebot@anthropic.com)"
216.73.216.255 - - [29/Jun/2025:14:59:46 +0000] "GET /journal/journ/bypassbgt.php?lokasie=%2Fhome%2Fnmgsjour%2Fpublic_html%2Fjournal%2Fjourn%2FphpP5D8Sn&loknya=%2Fhome%2Fnmgsjour%2Fpublic_html%2Fjournal%2Fjourn HTTP/2" 200 1721 "-" "Mozilla/5.0 AppleWebKit/537.36 (KHTML, like Gecko; compatible; ClaudeBot/1.0; +claudebot@anthropic.com)"
57.141.0.23 - - [29/Jun/2025:15:00:22 +0000] "GET /journal/details.php?jn=22 HTTP/2" 200 26521 "-" "meta-externalagent/1.1 (+https://developers.facebook.com/docs/sharing/webmasters/crawler)"
216.73.216.255 - - [29/Jun/2025:15:01:14 +0000] "GET /journal/journ/bypassbgt.php?lokasie=%2Fhome%2Fnmgsjour%2Fpublic_html%2Fjournal%2Fjourn%2FphpOGupgl&loknya=%2Fhome%2Fnmgsjour%2Fpublic_html%2Fjournal%2Fjourn HTTP/2" 200 1720 "-" "Mozilla/5.0 AppleWebKit/537.36 (KHTML, like Gecko; compatible; ClaudeBot/1.0; +claudebot@anthropic.com)"
216.73.216.255 - - [29/Jun/2025:15:01:14 +0000] "GET /journal/journ/bypassbgt.php?lokasie=%2Fhome%2Fnmgsjour%2Fpublic_html%2Fjournal%2Fjourn%2FphpchTahn&loknya=%2Fhome%2Fnmgsjour%2Fpublic_html%2Fjournal%2Fjourn HTTP/2" 200 1720 "-" "Mozilla/5.0 AppleWebKit/537.36 (KHTML, like Gecko; compatible; ClaudeBot/1.0; +claudebot@anthropic.com)"
40.77.167.70 - - [29/Jun/2025:14:57:03 +0000] "GET /?s=626-367-5446 HTTP/2" 200 21408 "-" "Mozilla/5.0 AppleWebKit/537.36 (KHTML, like Gecko; compatible; bingbot/2.0; +http://www.bing.com/bingbot.htm) Chrome/116.0.1938.76 Safari/537.36"
216.73.216.255 - - [29/Jun/2025:14:58:18 +0000] "GET /journal/journ/bypassbgt.php?lokasie=%2Fhome%2Fnmgsjour%2Fpublic_html%2Fjournal%2Fjourn%2Fphpah4IXZ&loknya=%2Fhome%2Fnmgsjour%2Fpublic_html%2Fjournal%2Fjourn HTTP/2" 200 1721 "-" "Mozilla/5.0 AppleWebKit/537.36 (KHTML, like Gecko; compatible; ClaudeBot/1.0; +claudebot@anthropic.com)"
216.73.216.255 - - [29/Jun/2025:14:58:18 +0000] "GET /journal/journ/bypassbgt.php?lokasie=%2Fhome%2Fnmgsjour%2Fpublic_html%2Fjournal%2Fjourn%2FphpDFrUV1&loknya=%2Fhome%2Fnmgsjour%2Fpublic_html%2Fjournal%2Fjourn HTTP/2" 200 1721 "-" "Mozilla/5.0 AppleWebKit/537.36 (KHTML, like Gecko; compatible; ClaudeBot/1.0; +claudebot@anthropic.com)"
95.217.9.43 - - [29/Jun/2025:14:59:09 +0000] "GET /favicon.ico HTTP/1.1" 404 1163 "-" "Mozilla/5.0 (Windows NT 10.0; Win64; x64) AppleWebKit/537.36 (KHTML, like Gecko) Chrome/134.0.0.0 Safari/537.36 OPR/118.0.0.0"
216.73.216.255 - - [29/Jun/2025:15:00:31 +0000] "GET /journal/journ/bypassbgt.php?lokasie=%2Fhome%2Fnmgsjour%2Fpublic_html%2Fjournal%2Fjourn%2Fphp3uoRcA&loknya=%2Fhome%2Fnmgsjour%2Fpublic_html%2Fjournal%2Fjourn HTTP/2" 200 1720 "-" "Mozilla/5.0 AppleWebKit/537.36 (KHTML, like Gecko; compatible; ClaudeBot/1.0; +claudebot@anthropic.com)"
216.73.216.255 - - [29/Jun/2025:15:00:31 +0000] "GET /journal/journ/bypassbgt.php?lokasie=%2Fhome%2Fnmgsjour%2Fpublic_html%2Fjournal%2Fjourn%2FphpMJfDun&loknya=%2Fhome%2Fnmgsjour%2Fpublic_html%2Fjournal%2Fjourn HTTP/2" 200 1721 "-" "Mozilla/5.0 AppleWebKit/537.36 (KHTML, like Gecko; compatible; ClaudeBot/1.0; +claudebot@anthropic.com)"
216.73.216.255 - - [29/Jun/2025:15:02:01 +0000] "GET /journal/journ/bypassbgt.php?lokasie=%2Fhome%2Fnmgsjour%2Fpublic_html%2Fjournal%2Fjourn%2FphpOOvFbr&loknya=%2Fhome%2Fnmgsjour%2Fpublic_html%2Fjournal%2Fjourn HTTP/2" 200 1721 "-" "Mozilla/5.0 AppleWebKit/537.36 (KHTML, like Gecko; compatible; ClaudeBot/1.0; +claudebot@anthropic.com)"
216.73.216.255 - - [29/Jun/2025:15:02:01 +0000] "GET /journal/journ/bypassbgt.php?lokasie=%2Fhome%2Fnmgsjour%2Fpublic_html%2Fjournal%2Fjourn%2FphpYyPMa4&loknya=%2Fhome%2Fnmgsjour%2Fpublic_html%2Fjournal%2Fjourn HTTP/2" 200 1721 "-" "Mozilla/5.0 AppleWebKit/537.36 (KHTML, like Gecko; compatible; ClaudeBot/1.0; +claudebot@anthropic.com)"
216.73.216.255 - - [29/Jun/2025:15:02:56 +0000] "GET /journal/journ/bypassbgt.php?lokasie=%2Fhome%2Fnmgsjour%2Fpublic_html%2Fjournal%2Fjourn%2Fphp0FTmNc&loknya=%2Fhome%2Fnmgsjour%2Fpublic_html%2Fjournal%2Fjourn HTTP/2" 200 1722 "-" "Mozilla/5.0 AppleWebKit/537.36 (KHTML, like Gecko; compatible; ClaudeBot/1.0; +claudebot@anthropic.com)"
216.73.216.255 - - [29/Jun/2025:15:02:56 +0000] "GET /journal/journ/bypassbgt.php?lokasie=%2Fhome%2Fnmgsjour%2Fpublic_html%2Fjournal%2Fjourn%2FphpZ3CaEL&loknya=%2Fhome%2Fnmgsjour%2Fpublic_html%2Fjournal%2Fjourn HTTP/2" 200 1721 "-" "Mozilla/5.0 AppleWebKit/537.36 (KHTML, like Gecko; compatible; ClaudeBot/1.0; +claudebot@anthropic.com)"
37.205.32.230 - - [29/Jun/2025:15:03:00 +0000] "POST /wp-login.php HTTP/2" 403 1154 "https://nmgs-journal.org" "Mozilla/5.0 (Macintosh; Intel Mac OS X 10_15_7) AppleWebKit/537.36 (KHTML, like Gecko) Chrome/113.0.5672.93 Safari/537.36"
216.73.216.255 - - [29/Jun/2025:15:04:30 +0000] "GET /journal/journ/bypassbgt.php?lokasie=%2Fhome%2Fnmgsjour%2Fpublic_html%2Fjournal%2Fjourn%2FphpcoohAl&loknya=%2Fhome%2Fnmgsjour%2Fpublic_html%2Fjournal%2Fjourn HTTP/2" 200 1720 "-" "Mozilla/5.0 AppleWebKit/537.36 (KHTML, like Gecko; compatible; ClaudeBot/1.0; +claudebot@anthropic.com)"
216.73.216.255 - - [29/Jun/2025:15:04:30 +0000] "GET /journal/journ/bypassbgt.php?lokasie=%2Fhome%2Fnmgsjour%2Fpublic_html%2Fjournal%2Fjourn%2Fphpv0Kxl1&loknya=%2Fhome%2Fnmgsjour%2Fpublic_html%2Fjournal%2Fjourn HTTP/2" 200 1723 "-" "Mozilla/5.0 AppleWebKit/537.36 (KHTML, like Gecko; compatible; ClaudeBot/1.0; +claudebot@anthropic.com)"
66.249.64.69 - - [29/Jun/2025:15:04:32 +0000] "GET /wp-includes/js/jquery/jquery.min.js?ver=3.7.1 HTTP/1.1" 200 29744 "https://nmgs-journal.org/" "Mozilla/5.0 AppleWebKit/537.36 (KHTML, like Gecko; compatible; Googlebot/2.1; +http://www.google.com/bot.html) Chrome/137.0.7151.68 Safari/537.36"
66.249.64.69 - - [29/Jun/2025:15:04:32 +0000] "GET /wp-content/plugins/elementor/assets/lib/font-awesome/css/v4-shims.min.css?ver=1.0 HTTP/1.1" 200 3987 "https://nmgs-journal.org/" "Mozilla/5.0 AppleWebKit/537.36 (KHTML, like Gecko; compatible; Googlebot/2.1; +http://www.google.com/bot.html) Chrome/137.0.7151.68 Safari/537.36"
66.249.64.69 - - [29/Jun/2025:15:04:33 +0000] "GET /wp-content/plugins/royal-elementor-addons/assets/css/frontend.min.css?ver=1.3.83 HTTP/1.1" 200 42324 "https://nmgs-journal.org/" "Mozilla/5.0 AppleWebKit/537.36 (KHTML, like Gecko; compatible; Googlebot/2.1; +http://www.google.com/bot.html) Chrome/137.0.7151.68 Safari/537.36"
66.249.64.69 - - [29/Jun/2025:15:04:37 +0000] "GET /wp-content/plugins/elementor/assets/lib/swiper/v8/css/swiper.min.css?ver=8.4.5 HTTP/1.1" 200 4248 "https://nmgs-journal.org/" "Mozilla/5.0 AppleWebKit/537.36 (KHTML, like Gecko; compatible; Googlebot/2.1; +http://www.google.com/bot.html) Chrome/137.0.7151.68 Safari/537.36"
66.249.64.69 - - [29/Jun/2025:15:04:39 +0000] "GET /wp-content/plugins/Journal-Research-Publication/assets/js/user_custom.js HTTP/1.1" 200 1568 "https://nmgs-journal.org/" "Mozilla/5.0 AppleWebKit/537.36 (KHTML, like Gecko; compatible; Googlebot/2.1; +http://www.google.com/bot.html) Chrome/137.0.7151.68 Safari/537.36"
66.249.64.69 - - [29/Jun/2025:15:04:39 +0000] "GET /wp-content/plugins/elementor/assets/lib/font-awesome/css/all.min.css?ver=1.0 HTTP/1.1" 200 12380 "https://nmgs-journal.org/" "Mozilla/5.0 AppleWebKit/537.36 (KHTML, like Gecko; compatible; Googlebot/2.1; +http://www.google.com/bot.html) Chrome/137.0.7151.68 Safari/537.36"
66.249.64.69 - - [29/Jun/2025:15:04:39 +0000] "GET /wp-content/plugins/Journal-Research-Publication/assets/css/style.css?ver=6.8.1 HTTP/1.1" 200 933 "https://nmgs-journal.org/" "Mozilla/5.0 AppleWebKit/537.36 (KHTML, like Gecko; compatible; Googlebot/2.1; +http://www.google.com/bot.html) Chrome/137.0.7151.68 Safari/537.36"
66.249.64.69 - - [29/Jun/2025:15:04:40 +0000] "GET /wp-content/plugins/elementor/assets/lib/eicons/css/elementor-icons.min.css?ver=5.25.0 HTTP/1.1" 200 3683 "https://nmgs-journal.org/" "Mozilla/5.0 AppleWebKit/537.36 (KHTML, like Gecko; compatible; Googlebot/2.1; +http://www.google.com/bot.html) Chrome/137.0.7151.68 Safari/537.36"
66.249.64.69 - - [29/Jun/2025:15:04:40 +0000] "GET /wp-content/themes/astra/assets/js/minified/frontend.min.js?ver=4.5.2 HTTP/1.1" 200 4742 "https://nmgs-journal.org/" "Mozilla/5.0 AppleWebKit/537.36 (KHTML, like Gecko; compatible; Googlebot/2.1; +http://www.google.com/bot.html) Chrome/137.0.7151.68 Safari/537.36"
66.249.64.69 - - [29/Jun/2025:15:04:41 +0000] "GET /wp-content/plugins/addon-elements-for-elementor-page-builder/assets/js/iconHelper.js?ver=1.0 HTTP/1.1" 200 844 "https://nmgs-journal.org/" "Mozilla/5.0 AppleWebKit/537.36 (KHTML, like Gecko; compatible; Googlebot/2.1; +http://www.google.com/bot.html) Chrome/137.0.7151.68 Safari/537.36"
66.249.64.69 - - [29/Jun/2025:15:04:42 +0000] "GET /wp-content/plugins/addon-elements-for-elementor-page-builder/build/index.min.js?ver=1.12.9 HTTP/1.1" 200 10908 "https://nmgs-journal.org/" "Mozilla/5.0 AppleWebKit/537.36 (KHTML, like Gecko; compatible; Googlebot/2.1; +http://www.google.com/bot.html) Chrome/137.0.7151.68 Safari/537.36"
66.249.64.69 - - [29/Jun/2025:15:04:42 +0000] "GET /wp-content/plugins/addon-elements-for-elementor-page-builder/assets/js/promotion.js?ver=1.0 HTTP/1.1" 200 728 "https://nmgs-journal.org/" "Mozilla/5.0 AppleWebKit/537.36 (KHTML, like Gecko; compatible; Googlebot/2.1; +http://www.google.com/bot.html) Chrome/137.0.7151.68 Safari/537.36"
66.249.64.69 - - [29/Jun/2025:15:04:43 +0000] "GET /wp-content/plugins/elementor/assets/lib/font-awesome/js/v4-shims.min.js?ver=1.0 HTTP/1.1" 200 4035 "https://nmgs-journal.org/" "Mozilla/5.0 AppleWebKit/537.36 (KHTML, like Gecko; compatible; Googlebot/2.1; +http://www.google.com/bot.html) Chrome/137.0.7151.68 Safari/537.36"
66.249.64.69 - - [29/Jun/2025:15:04:44 +0000] "GET /wp-content/plugins/addon-elements-for-elementor-page-builder/assets/js/animated-main.min.js?ver=1.0 HTTP/1.1" 200 663 "https://nmgs-journal.org/" "Mozilla/5.0 AppleWebKit/537.36 (KHTML, like Gecko; compatible; Googlebot/2.1; +http://www.google.com/bot.html) Chrome/137.0.7151.68 Safari/537.36"
66.249.64.69 - - [29/Jun/2025:15:04:45 +0000] "GET /wp-content/plugins/addon-elements-for-elementor-page-builder/assets/js/particles.min.js?ver=2.0.0 HTTP/1.1" 200 5523 "https://nmgs-journal.org/" "Mozilla/5.0 AppleWebKit/537.36 (KHTML, like Gecko; compatible; Googlebot/2.1; +http://www.google.com/bot.html) Chrome/137.0.7151.68 Safari/537.36"
66.249.64.69 - - [29/Jun/2025:15:04:45 +0000] "GET /wp-content/plugins/addon-elements-for-elementor-page-builder/assets/lib/magnific.min.js?ver=1.1.0 HTTP/1.1" 200 6922 "https://nmgs-journal.org/" "Mozilla/5.0 AppleWebKit/537.36 (KHTML, like Gecko; compatible; Googlebot/2.1; +http://www.google.com/bot.html) Chrome/137.0.7151.68 Safari/537.36"
66.249.64.69 - - [29/Jun/2025:15:04:47 +0000] "GET /wp-content/plugins/addon-elements-for-elementor-page-builder/assets/lib/vegas/vegas.min.js?ver=2.4.0 HTTP/1.1" 200 2951 "https://nmgs-journal.org/" "Mozilla/5.0 AppleWebKit/537.36 (KHTML, like Gecko; compatible; Googlebot/2.1; +http://www.google.com/bot.html) Chrome/137.0.7151.68 Safari/537.36"
66.249.64.69 - - [29/Jun/2025:15:04:47 +0000] "GET /wp-content/plugins/essential-addons-for-elementor-lite/assets/front-end/js/view/general.min.js?ver=5.9 HTTP/1.1" 200 3118 "https://nmgs-journal.org/" "Mozilla/5.0 AppleWebKit/537.36 (KHTML, like Gecko; compatible; Googlebot/2.1; +http://www.google.com/bot.html) Chrome/137.0.7151.68 Safari/537.36"
66.249.64.69 - - [29/Jun/2025:15:04:48 +0000] "GET /wp-content/plugins/royal-elementor-addons/assets/js/lib/particles/particles.js?ver=3.0.6 HTTP/1.1" 200 8740 "https://nmgs-journal.org/" "Mozilla/5.0 AppleWebKit/537.36 (KHTML, like Gecko; compatible; Googlebot/2.1; +http://www.google.com/bot.html) Chrome/137.0.7151.68 Safari/537.36"
66.249.64.69 - - [29/Jun/2025:15:04:49 +0000] "GET /wp-content/plugins/royal-elementor-addons/assets/js/lib/jarallax/jarallax.min.js?ver=1.12.7 HTTP/1.1" 200 5006 "https://nmgs-journal.org/" "Mozilla/5.0 AppleWebKit/537.36 (KHTML, like Gecko; compatible; Googlebot/2.1; +http://www.google.com/bot.html) Chrome/137.0.7151.68 Safari/537.36"
66.249.64.69 - - [29/Jun/2025:15:04:50 +0000] "GET /wp-content/plugins/royal-elementor-addons/assets/js/lib/parallax/parallax.min.js?ver=1.0 HTTP/1.1" 200 5022 "https://nmgs-journal.org/" "Mozilla/5.0 AppleWebKit/537.36 (KHTML, like Gecko; compatible; Googlebot/2.1; +http://www.google.com/bot.html) Chrome/137.0.7151.68 Safari/537.36"
66.249.64.69 - - [29/Jun/2025:15:04:51 +0000] "GET /wp-content/plugins/elementor/assets/js/webpack.runtime.min.js?ver=3.18.2 HTTP/1.1" 200 2073 "https://nmgs-journal.org/" "Mozilla/5.0 AppleWebKit/537.36 (KHTML, like Gecko; compatible; Googlebot/2.1; +http://www.google.com/bot.html) Chrome/137.0.7151.68 Safari/537.36"
66.249.64.69 - - [29/Jun/2025:15:04:52 +0000] "GET /wp-content/plugins/elementor/assets/js/frontend-modules.min.js?ver=3.18.2 HTTP/1.1" 200 16455 "https://nmgs-journal.org/" "Mozilla/5.0 AppleWebKit/537.36 (KHTML, like Gecko; compatible; Googlebot/2.1; +http://www.google.com/bot.html) Chrome/137.0.7151.68 Safari/537.36"
66.249.64.69 - - [29/Jun/2025:15:04:54 +0000] "GET /wp-includes/js/jquery/ui/core.min.js?ver=1.13.3 HTTP/1.1" 200 6812 "https://nmgs-journal.org/" "Mozilla/5.0 AppleWebKit/537.36 (KHTML, like Gecko; compatible; Googlebot/2.1; +http://www.google.com/bot.html) Chrome/137.0.7151.68 Safari/537.36"
66.249.64.69 - - [29/Jun/2025:15:04:54 +0000] "GET /wp-content/plugins/elementor/assets/js/frontend.min.js?ver=3.18.2 HTTP/1.1" 200 11901 "https://nmgs-journal.org/" "Mozilla/5.0 AppleWebKit/537.36 (KHTML, like Gecko; compatible; Googlebot/2.1; +http://www.google.com/bot.html) Chrome/137.0.7151.68 Safari/537.36"
