Dre4m Shell
Server IP : 142.132.252.48  /  Your IP : 216.73.216.255
Web Server : LiteSpeed
System : Linux panel555.harmondns.net 4.18.0-553.22.1.lve.1.el8.x86_64 #1 SMP Tue Oct 8 15:52:54 UTC 2024 x86_64
User : nmgsjour ( 1446)
PHP Version : 7.4.33
Disable Function : mail, show_source, system, shell_exec, passthru, exec
MySQL : OFF  |  cURL : ON  |  WGET : ON  |  Perl : ON  |  Python : ON  |  Sudo : OFF  |  Pkexec : OFF
Directory :  /home/nmgsjour/access-logs/

Upload File :
current_dir [ Writeable ] document_root [ Writeable ]

 

Command :


[ HOME SHELL ]     

Current File : /home/nmgsjour/access-logs/nmgs-journal.org
142.132.252.48 - - [29/Jun/2025:12:55:57 +0000] "POST /wp-cron.php?doing_wp_cron=1751201757.1235949993133544921875 HTTP/1.1" 200 20 "-" "WordPress/6.8.1; https://nmgs-journal.org"
34.30.159.127 - - [29/Jun/2025:12:55:56 +0000] "HEAD /wordpress HTTP/1.1" 404 0 "-" "Mozilla/5.0 (Windows NT 10.0; Win64; x64) AppleWebKit/537.36 (KHTML, like Gecko) Chrome/74.0.3729.169 Safari/537.36"
34.30.159.127 - - [29/Jun/2025:12:55:57 +0000] "HEAD / HTTP/1.1" 301 0 "-" "Mozilla/5.0 (Windows NT 10.0; Win64; x64) AppleWebKit/537.36 (KHTML, like Gecko) Chrome/74.0.3729.169 Safari/537.36"
34.30.159.127 - - [29/Jun/2025:12:55:59 +0000] "HEAD /wp HTTP/1.1" 404 0 "-" "Mozilla/5.0 (Windows NT 10.0; Win64; x64) AppleWebKit/537.36 (KHTML, like Gecko) Chrome/74.0.3729.169 Safari/537.36"
34.30.159.127 - - [29/Jun/2025:12:56:00 +0000] "HEAD /bc HTTP/1.1" 404 0 "-" "Mozilla/5.0 (Windows NT 10.0; Win64; x64) AppleWebKit/537.36 (KHTML, like Gecko) Chrome/74.0.3729.169 Safari/537.36"
34.30.159.127 - - [29/Jun/2025:12:56:00 +0000] "HEAD /bk HTTP/1.1" 404 0 "-" "Mozilla/5.0 (Windows NT 10.0; Win64; x64) AppleWebKit/537.36 (KHTML, like Gecko) Chrome/74.0.3729.169 Safari/537.36"
34.30.159.127 - - [29/Jun/2025:12:56:01 +0000] "HEAD /backup HTTP/1.1" 404 0 "-" "Mozilla/5.0 (Windows NT 10.0; Win64; x64) AppleWebKit/537.36 (KHTML, like Gecko) Chrome/74.0.3729.169 Safari/537.36"
142.132.252.48 - - [29/Jun/2025:12:56:03 +0000] "POST /wp-cron.php?doing_wp_cron=1751201763.0938150882720947265625 HTTP/1.1" 200 20 "-" "WordPress/6.8.1; https://nmgs-journal.org"
34.30.159.127 - - [29/Jun/2025:12:56:02 +0000] "HEAD /old HTTP/1.1" 404 0 "-" "Mozilla/5.0 (Windows NT 10.0; Win64; x64) AppleWebKit/537.36 (KHTML, like Gecko) Chrome/74.0.3729.169 Safari/537.36"
34.30.159.127 - - [29/Jun/2025:12:56:03 +0000] "HEAD /new HTTP/1.1" 404 0 "-" "Mozilla/5.0 (Windows NT 10.0; Win64; x64) AppleWebKit/537.36 (KHTML, like Gecko) Chrome/74.0.3729.169 Safari/537.36"
34.30.159.127 - - [29/Jun/2025:12:56:04 +0000] "HEAD /main HTTP/1.1" 404 0 "-" "Mozilla/5.0 (Windows NT 10.0; Win64; x64) AppleWebKit/537.36 (KHTML, like Gecko) Chrome/74.0.3729.169 Safari/537.36"
34.30.159.127 - - [29/Jun/2025:12:56:05 +0000] "HEAD /home HTTP/1.1" 301 0 "-" "Mozilla/5.0 (Windows NT 10.0; Win64; x64) AppleWebKit/537.36 (KHTML, like Gecko) Chrome/74.0.3729.169 Safari/537.36"
216.244.66.249 - - [29/Jun/2025:13:20:22 +0000] "GET /robots.txt HTTP/1.1" 200 117 "-" "Mozilla/5.0 (compatible; DotBot/1.2; +https://opensiteexplorer.org/dotbot; help@moz.com)"
216.244.66.249 - - [29/Jun/2025:13:23:36 +0000] "GET /vendor/moment/locale/de-ch.js HTTP/1.1" 200 2553 "-" "Mozilla/5.0 (compatible; DotBot/1.2; +https://opensiteexplorer.org/dotbot; help@moz.com)"
216.244.66.249 - - [29/Jun/2025:13:23:40 +0000] "GET /vendor/moment/locale/kn.js HTTP/1.1" 200 4236 "-" "Mozilla/5.0 (compatible; DotBot/1.2; +https://opensiteexplorer.org/dotbot; help@moz.com)"
216.244.66.249 - - [29/Jun/2025:13:23:44 +0000] "GET /vendor/moment/locale/ur.js HTTP/1.1" 200 2200 "-" "Mozilla/5.0 (compatible; DotBot/1.2; +https://opensiteexplorer.org/dotbot; help@moz.com)"
52.167.144.145 - - [29/Jun/2025:13:28:40 +0000] "GET /sitemap.xml.gz HTTP/1.1" 301 1 "-" "Mozilla/5.0 AppleWebKit/537.36 (KHTML, like Gecko; compatible; bingbot/2.0; +http://www.bing.com/bingbot.htm) Chrome/116.0.1938.76 Safari/537.36"
142.132.252.48 - - [29/Jun/2025:13:46:10 +0000] "POST /wp-cron.php?doing_wp_cron=1751204770.8182270526885986328125 HTTP/1.1" 200 20 "-" "WordPress/6.8.1; https://nmgs-journal.org"
43.130.14.245 - - [29/Jun/2025:13:46:09 +0000] "GET / HTTP/1.1" 301 20 "-" "Mozilla/5.0 (iPhone; CPU iPhone OS 13_2_3 like Mac OS X) AppleWebKit/605.1.15 (KHTML, like Gecko) Version/13.0.3 Mobile/15E148 Safari/604.1"
192.3.207.218 - - [29/Jun/2025:13:46:28 +0000] "GET /.well-known/acme-challenge/EFD0I9BSKIHZZSRXKQXI644C8KY_54WF HTTP/1.1" 404 1163 "-" "Cpanel-HTTP-Client/1.0"
192.3.207.218 - - [29/Jun/2025:13:46:33 +0000] "GET /.well-known/acme-challenge/O7E7DLAHLMPO5NIRWCSZJFWRX7MZEKKO HTTP/1.1" 404 1163 "-" "Cpanel-HTTP-Client/1.0"
142.132.252.48 - - [29/Jun/2025:13:46:33 +0000] "GET /.well-known/acme-challenge/FNRGJYU_703XFC_NWPKJRF1S96HFP234 HTTP/1.1" 404 1163 "-" "Cpanel-HTTP-Client/1.0"
142.132.252.48 - - [29/Jun/2025:13:46:34 +0000] "GET /.well-known/acme-challenge/DJ9VFOP647_4BKEGM68SR75293H6BSCE HTTP/1.1" 404 1163 "-" "Cpanel-HTTP-Client/1.0"
142.132.252.48 - - [29/Jun/2025:13:46:34 +0000] "GET /.well-known/acme-challenge/0QK4M11CE4U7Y4YVL8AUDRIXDZQWI7AZ HTTP/1.1" 404 1163 "-" "Cpanel-HTTP-Client/1.0"
142.132.252.48 - - [29/Jun/2025:13:46:36 +0000] "GET /.well-known/acme-challenge/JGQHQEP6T_EGV-IK7-B2JJOJAYPJ6FCS HTTP/1.1" 404 1163 "-" "Cpanel-HTTP-Client/1.0"
192.3.207.218 - - [29/Jun/2025:13:46:28 +0000] "GET /.well-known/acme-challenge/M_T1G39KPO7TY1Z5NT9IYDQOCLAA5NEA HTTP/1.1" 404 1163 "-" "Cpanel-HTTP-Client/1.0"
142.132.252.48 - - [29/Jun/2025:13:46:35 +0000] "GET /.well-known/acme-challenge/4R6HVWAQXP7O6FN5-UNEN5U1GOC8GMJR HTTP/1.1" 404 1163 "-" "Cpanel-HTTP-Client/1.0"
13.234.122.137 - - [29/Jun/2025:14:13:15 +0000] "GET / HTTP/1.1" 301 0 "-" "Mozilla/5.0 (Windows NT 10.0; Win64; x64) AppleWebKit/537.36 (KHTML, like Gecko) Chrome/80.0.3987.149 Safari/537.36"
142.132.252.48 - - [29/Jun/2025:14:13:17 +0000] "POST /wp-cron.php?doing_wp_cron=1751206396.9745941162109375000000 HTTP/1.1" 200 20 "-" "WordPress/6.8.1; https://nmgs-journal.org"
66.249.64.65 - - [29/Jun/2025:15:04:22 +0000] "GET /robots.txt HTTP/1.1" 200 97 "-" "Mozilla/5.0 (compatible; Googlebot/2.1; +http://www.google.com/bot.html)"
142.132.252.48 - - [29/Jun/2025:15:04:25 +0000] "POST /wp-cron.php?doing_wp_cron=1751209465.7099580764770507812500 HTTP/1.1" 200 20 "-" "WordPress/6.8.1; https://nmgs-journal.org"
66.249.64.67 - - [29/Jun/2025:15:04:24 +0000] "GET / HTTP/1.1" 301 20 "-" "Mozilla/5.0 (compatible; Googlebot/2.1; +http://www.google.com/bot.html)"
142.132.252.48 - - [29/Jun/2025:15:17:23 +0000] "POST /wp-cron.php?doing_wp_cron=1751210243.6459128856658935546875 HTTP/1.1" 200 20 "-" "WordPress/6.8.1; https://nmgs-journal.org"
66.249.64.65 - - [29/Jun/2025:15:17:23 +0000] "GET / HTTP/1.1" 301 20 "-" "Mozilla/5.0 (compatible; Googlebot/2.1; +http://www.google.com/bot.html)"
43.166.238.12 - - [29/Jun/2025:15:49:44 +0000] "GET / HTTP/1.1" 301 20 "-" "Mozilla/5.0 (iPhone; CPU iPhone OS 13_2_3 like Mac OS X) AppleWebKit/605.1.15 (KHTML, like Gecko) Version/13.0.3 Mobile/15E148 Safari/604.1"
142.132.252.48 - - [29/Jun/2025:16:01:43 +0000] "POST /wp-cron.php?doing_wp_cron=1751212903.1229469776153564453125 HTTP/1.1" 200 20 "-" "WordPress/6.8.1; https://nmgs-journal.org"
142.132.252.48 - - [29/Jun/2025:16:01:43 +0000] "POST /wp-cron.php?doing_wp_cron=1751212903.2657570838928222656250 HTTP/1.1" 200 20 "-" "WordPress/6.8.1; https://nmgs-journal.org"
142.132.252.48 - - [29/Jun/2025:15:49:45 +0000] "POST /wp-cron.php?doing_wp_cron=1751212185.0767340660095214843750 HTTP/1.1" 200 20 "-" "WordPress/6.8.1; https://nmgs-journal.org"
199.45.154.127 - - [29/Jun/2025:16:01:42 +0000] "GET / HTTP/1.1" 301 20 "-" "Mozilla/5.0 (compatible; CensysInspect/1.1; +https://about.censys.io/)"
198.98.60.248 - - [29/Jun/2025:16:12:59 +0000] "GET / HTTP/1.1" 301 20 "http://www.google.com.hk" "Mozilla/5.0 (Windows NT 6.1; WOW64) AppleWebKit/537.36 (KHTML, like Gecko) Chrome/42.0.2311.90 Safari/537.36"
142.132.252.48 - - [29/Jun/2025:16:11:56 +0000] "POST /wp-cron.php?doing_wp_cron=1751213516.9401350021362304687500 HTTP/1.1" 200 20 "-" "WordPress/6.8.1; https://nmgs-journal.org"
198.98.60.248 - - [29/Jun/2025:16:11:55 +0000] "POST /wp-json/sure-triggers/v1/automation/action HTTP/1.1" 404 117 "-" "Mozilla/5.0 (Macintosh; Intel Mac OS X 10_15_7) AppleWebKit/537.36 (KHTML, like Gecko) Chrome/113.0.0.0 Safari/537.36"
142.132.252.48 - - [29/Jun/2025:16:13:00 +0000] "POST /wp-cron.php?doing_wp_cron=1751213580.2305779457092285156250 HTTP/1.1" 200 20 "-" "WordPress/6.8.1; https://nmgs-journal.org"
142.132.252.48 - - [29/Jun/2025:16:15:20 +0000] "POST /wp-cron.php?doing_wp_cron=1751213720.0762751102447509765625 HTTP/1.1" 200 20 "-" "WordPress/6.8.1; https://nmgs-journal.org"
198.98.60.248 - - [29/Jun/2025:16:15:19 +0000] "GET /wp-login.php?wp_lang=e HTTP/1.1" 302 0 "-" "Mozilla/5.0 (Macintosh; Intel Mac OS X 10_9_4 AppleWebKit/537.36 (KHTML, like Gecko) Chrome/36.0.1985.125 Safari/537.36"
142.132.252.48 - - [29/Jun/2025:16:15:43 +0000] "POST /wp-cron.php?doing_wp_cron=1751213743.5120730400085449218750 HTTP/1.1" 200 20 "-" "WordPress/6.8.1; https://nmgs-journal.org"
13.201.27.234 - - [29/Jun/2025:16:15:42 +0000] "GET / HTTP/1.1" 301 0 "-" "Mozilla/5.0 (Windows NT 10.0; Win64; x64) AppleWebKit/537.36 (KHTML, like Gecko) Chrome/80.0.3987.149 Safari/537.36"
198.98.60.248 - - [29/Jun/2025:16:17:21 +0000] "GET /?author=1 HTTP/1.1" 301 20 "http://www.google.com.hk" "Mozilla/5.0 (Windows NT 6.1; WOW64) AppleWebKit/537.36 (KHTML, like Gecko) Chrome/42.0.2311.90 Safari/537.36"
142.132.252.48 - - [29/Jun/2025:16:19:37 +0000] "POST /wp-cron.php?doing_wp_cron=1751213977.7946670055389404296875 HTTP/1.1" 200 20 "-" "WordPress/6.8.1; https://nmgs-journal.org"
142.132.252.48 - - [29/Jun/2025:16:17:21 +0000] "POST /wp-cron.php?doing_wp_cron=1751213841.9054579734802246093750 HTTP/1.1" 200 20 "-" "WordPress/6.8.1; https://nmgs-journal.org"
198.98.60.248 - - [29/Jun/2025:16:19:36 +0000] "GET /wp-login.php?wp_lang=e HTTP/1.1" 302 0 "-" "Mozilla/5.0 (Macintosh; Intel Mac OS X 10_9_4 AppleWebKit/537.36 (KHTML, like Gecko) Chrome/36.0.1985.125 Safari/537.36"
198.98.60.248 - - [29/Jun/2025:16:21:52 +0000] "POST /wp-login.php?wp_lang=e HTTP/1.1" 403 1154 "-" "Mozilla/5.0 (Macintosh; Intel Mac OS X 10_9_4 AppleWebKit/537.36 (KHTML, like Gecko) Chrome/36.0.1985.125 Safari/537.36"
198.98.60.248 - - [29/Jun/2025:16:22:46 +0000] "GET /?author=2 HTTP/1.1" 404 21381 "http://www.google.com.hk" "Mozilla/5.0 (Windows NT 6.1; WOW64) AppleWebKit/537.36 (KHTML, like Gecko) Chrome/42.0.2311.90 Safari/537.36"
142.132.252.48 - - [29/Jun/2025:16:24:09 +0000] "POST /wp-cron.php?doing_wp_cron=1751214249.1475539207458496093750 HTTP/1.1" 200 20 "-" "WordPress/6.8.1; https://nmgs-journal.org"
198.98.60.248 - - [29/Jun/2025:16:24:08 +0000] "GET /wp-login.php?wp_lang=e HTTP/1.1" 302 0 "-" "Mozilla/5.0 (Windows NT 6.1; WOW64) AppleWebKit/537.36 (KHTML, like Gecko) Chrome/36.0.1985.125 Safari/537.36"
142.132.252.48 - - [29/Jun/2025:16:22:46 +0000] "POST /wp-cron.php?doing_wp_cron=1751214166.8500609397888183593750 HTTP/1.1" 200 20 "-" "WordPress/6.8.1; https://nmgs-journal.org"
198.98.60.248 - - [29/Jun/2025:16:26:18 +0000] "POST /wp-login.php?wp_lang=e HTTP/1.1" 403 1154 "-" "Mozilla/5.0 (Windows NT 6.1; WOW64) AppleWebKit/537.36 (KHTML, like Gecko) Chrome/36.0.1985.125 Safari/537.36"
192.3.207.218 - - [29/Jun/2025:16:45:12 +0000] "GET /.well-known/acme-challenge/LAO5FAO3FE3MKGEONWCR8TFEXYAQ3JDJ HTTP/1.1" 404 1163 "-" "Cpanel-HTTP-Client/1.0"
142.132.252.48 - - [29/Jun/2025:16:45:13 +0000] "GET /.well-known/acme-challenge/BO3JNYAMR2WDMOP5DINCLN3W_NENSX5H HTTP/1.1" 404 1163 "-" "Cpanel-HTTP-Client/1.0"
142.132.252.48 - - [29/Jun/2025:16:45:14 +0000] "GET /.well-known/acme-challenge/F_6K2ED4V8YF5AQMZWP9MRUYJO35B6QM HTTP/1.1" 404 1163 "-" "Cpanel-HTTP-Client/1.0"
192.3.207.218 - - [29/Jun/2025:16:45:07 +0000] "GET /.well-known/acme-challenge/SSRLLJFMTCGN969UG8XJCTALIO_PP0B7 HTTP/1.1" 404 1163 "-" "Cpanel-HTTP-Client/1.0"
192.3.207.218 - - [29/Jun/2025:16:45:07 +0000] "GET /.well-known/acme-challenge/I41WOW9G01652S3T-46T22-TUN3_AK3Q HTTP/1.1" 404 1163 "-" "Cpanel-HTTP-Client/1.0"
142.132.252.48 - - [29/Jun/2025:16:45:13 +0000] "GET /.well-known/acme-challenge/DU2D7HD-M5_UT58Z9PO5D07AI3CFKIBI HTTP/1.1" 404 1163 "-" "Cpanel-HTTP-Client/1.0"
142.132.252.48 - - [29/Jun/2025:16:45:14 +0000] "GET /.well-known/acme-challenge/GOURW_3LTE9G-NWDJ85N6LOQKEQX3S90 HTTP/1.1" 404 1163 "-" "Cpanel-HTTP-Client/1.0"
142.132.252.48 - - [29/Jun/2025:16:45:14 +0000] "GET /.well-known/acme-challenge/7I-KDLB3U0ESH208GIJ1U3HCDJ1EEW-O HTTP/1.1" 404 1163 "-" "Cpanel-HTTP-Client/1.0"
66.249.64.66 - - [29/Jun/2025:16:49:45 +0000] "GET /robots.txt HTTP/1.1" 200 97 "-" "Mozilla/5.0 (compatible; Googlebot/2.1; +http://www.google.com/bot.html)"
142.132.252.48 - - [29/Jun/2025:16:49:46 +0000] "POST /wp-cron.php?doing_wp_cron=1751215786.8108260631561279296875 HTTP/1.1" 200 20 "-" "WordPress/6.8.1; https://nmgs-journal.org"
66.249.64.66 - - [29/Jun/2025:16:49:46 +0000] "GET /converse-all-star-light-ox-w-schuhe-k.html HTTP/1.1" 404 21417 "-" "Mozilla/5.0 (Linux; Android 6.0.1; Nexus 5X Build/MMB29P) AppleWebKit/537.36 (KHTML, like Gecko) Chrome/137.0.7151.103 Mobile Safari/537.36 (compatible; Googlebot/2.1; +http://www.google.com/bot.html)"
69.171.249.2 - - [29/Jun/2025:17:03:05 +0000] "GET /robots.txt HTTP/1.1" 200 117 "-" "facebookexternalhit/1.1 (+http://www.facebook.com/externalhit_uatext.php)"
142.132.252.48 - - [29/Jun/2025:17:03:20 +0000] "POST /wp-cron.php?doing_wp_cron=1751216600.3230509757995605468750 HTTP/1.1" 200 20 "-" "WordPress/6.8.1; https://nmgs-journal.org"
66.249.64.67 - - [29/Jun/2025:17:03:19 +0000] "GET / HTTP/1.1" 301 20 "-" "Mozilla/5.0 (compatible; Googlebot/2.1; +http://www.google.com/bot.html)"
142.132.252.48 - - [29/Jun/2025:17:03:20 +0000] "POST /wp-cron.php?doing_wp_cron=1751216600.8979790210723876953125 HTTP/1.1" 200 20 "-" "WordPress/6.8.1; https://nmgs-journal.org"
142.132.252.48 - - [29/Jun/2025:17:09:46 +0000] "POST /wp-cron.php?doing_wp_cron=1751216986.3824360370635986328125 HTTP/1.1" 200 20 "-" "WordPress/6.8.1; https://nmgs-journal.org"
66.249.89.129 - - [29/Jun/2025:17:09:45 +0000] "GET / HTTP/1.1" 301 20 "-" "Google-Edu"
142.132.252.48 - - [29/Jun/2025:17:15:53 +0000] "POST /wp-cron.php?doing_wp_cron=1751217353.7029149532318115234375 HTTP/1.1" 200 20 "-" "WordPress/6.8.1; https://nmgs-journal.org"
66.249.64.65 - - [29/Jun/2025:17:15:51 +0000] "GET /wmwjkjtbtl/lc-1278041.html HTTP/1.1" 404 21398 "-" "Mozilla/5.0 (Linux; Android 6.0.1; Nexus 5X Build/MMB29P) AppleWebKit/537.36 (KHTML, like Gecko) Chrome/137.0.7151.103 Mobile Safari/537.36 (compatible; Googlebot/2.1; +http://www.google.com/bot.html)"
159.223.178.228 - - [29/Jun/2025:17:38:10 +0000] "GET /blurbs.php HTTP/1.1" 404 21379 "-" "Mozilla/5.0 (Windows NT 6.1; WOW64) AppleWebKit/537.36 Chrome/108.0.0.0 Safari/537.36"
142.132.252.48 - - [29/Jun/2025:17:38:13 +0000] "POST /wp-cron.php?doing_wp_cron=1751218692.7000451087951660156250 HTTP/1.1" 200 20 "-" "WordPress/6.8.1; https://nmgs-journal.org"
142.132.252.48 - - [29/Jun/2025:17:52:25 +0000] "POST /wp-cron.php?doing_wp_cron=1751219545.7980549335479736328125 HTTP/1.1" 200 20 "-" "WordPress/6.8.1; https://nmgs-journal.org"
80.92.206.106 - - [29/Jun/2025:17:52:24 +0000] "GET /contact-us/ HTTP/1.0" 404 132324 "http://nmgs-journal.org/contact-us/" "Mozilla/5.0 (Windows NT 10.0; Win64; x64) AppleWebKit/537.36 (KHTML, like Gecko) Chrome/131.0.0.0 Safari/537.36 Avast/131.0.0.0"
216.244.66.249 - - [29/Jun/2025:17:59:41 +0000] "GET /robots.txt HTTP/1.1" 200 117 "-" "Mozilla/5.0 (compatible; DotBot/1.2; +https://opensiteexplorer.org/dotbot; help@moz.com)"
216.244.66.249 - - [29/Jun/2025:18:01:58 +0000] "GET /journal/download.php?file_id= HTTP/1.1" 200 0 "-" "Mozilla/5.0 (compatible; DotBot/1.2; +https://opensiteexplorer.org/dotbot; help@moz.com)"
49.232.151.112 - - [29/Jun/2025:18:09:56 +0000] "GET / HTTP/1.1" 301 20 "-" "Mozilla/5.0 (iPhone; CPU iPhone OS 13_2_3 like Mac OS X) AppleWebKit/605.1.15 (KHTML, like Gecko) Version/13.0.3 Mobile/15E148 Safari/604.1"
142.132.252.48 - - [29/Jun/2025:18:09:58 +0000] "POST /wp-cron.php?doing_wp_cron=1751220597.9730141162872314453125 HTTP/1.1" 200 20 "-" "WordPress/6.8.1; https://nmgs-journal.org"
142.132.252.48 - - [29/Jun/2025:18:09:59 +0000] "POST /wp-cron.php?doing_wp_cron=1751220599.0865390300750732421875 HTTP/1.1" 200 20 "-" "WordPress/6.8.1; https://nmgs-journal.org"
142.132.252.48 - - [29/Jun/2025:18:19:07 +0000] "POST /wp-cron.php?doing_wp_cron=1751221146.5062808990478515625000 HTTP/1.1" 200 20 "-" "WordPress/6.8.1; https://nmgs-journal.org"
34.10.192.220 - - [29/Jun/2025:18:19:11 +0000] "GET /wp-includes/js/jquery/jquery.js HTTP/1.1" 200 84060 "-" "Mozilla/5.0 (Macintosh; Intel Mac OS X 10_10_1) AppleWebKit/537.36 (KHTML, like Gecko) Chrome/39.0.2171.95 Safari/537.36"
34.10.192.220 - - [29/Jun/2025:18:19:04 +0000] "GET /media/system/js/core.js HTTP/1.1" 404 21399 "-" "Mozilla/5.0 (Macintosh; Intel Mac OS X 10_10_1) AppleWebKit/537.36 (KHTML, like Gecko) Chrome/39.0.2171.95 Safari/537.36"
142.132.252.48 - - [29/Jun/2025:18:29:52 +0000] "POST /wp-cron.php?doing_wp_cron=1751221792.2480640411376953125000 HTTP/1.1" 200 20 "-" "WordPress/6.8.1; https://nmgs-journal.org"
66.249.64.65 - - [29/Jun/2025:18:29:49 +0000] "GET /robots.txt HTTP/1.1" 200 97 "-" "Mozilla/5.0 (compatible; Googlebot/2.1; +http://www.google.com/bot.html)"
66.249.64.65 - - [29/Jun/2025:18:29:51 +0000] "GET /qiujlksvgt/ne-225979.html HTTP/1.1" 404 21396 "-" "Mozilla/5.0 (Linux; Android 6.0.1; Nexus 5X Build/MMB29P) AppleWebKit/537.36 (KHTML, like Gecko) Chrome/137.0.7151.103 Mobile Safari/537.36 (compatible; Googlebot/2.1; +http://www.google.com/bot.html)"
142.132.252.48 - - [29/Jun/2025:18:43:53 +0000] "POST /wp-cron.php?doing_wp_cron=1751222632.9467000961303710937500 HTTP/1.1" 200 20 "-" "WordPress/6.8.1; https://nmgs-journal.org"
34.10.192.220 - - [29/Jun/2025:18:43:52 +0000] "GET / HTTP/1.1" 301 0 "-" "Mozilla/5.0 (Windows NT 10.0; Win64; x64) AppleWebKit/537.36 (KHTML, like Gecko) Chrome/78.0.3904.108 Safari/537.36"
66.249.64.65 - - [29/Jun/2025:19:33:16 +0000] "GET /robots.txt HTTP/1.1" 200 97 "-" "Mozilla/5.0 (compatible; Googlebot/2.1; +http://www.google.com/bot.html)"
66.249.64.67 - - [29/Jun/2025:19:34:15 +0000] "GET /urxtowwcdk/9.html HTTP/1.1" 404 21388 "-" "Mozilla/5.0 (Linux; Android 6.0.1; Nexus 5X Build/MMB29P) AppleWebKit/537.36 (KHTML, like Gecko) Chrome/137.0.7151.103 Mobile Safari/537.36 (compatible; Googlebot/2.1; +http://www.google.com/bot.html)"
142.132.252.48 - - [29/Jun/2025:19:34:16 +0000] "POST /wp-cron.php?doing_wp_cron=1751225656.1750669479370117187500 HTTP/1.1" 200 20 "-" "WordPress/6.8.1; https://nmgs-journal.org"
192.3.207.218 - - [29/Jun/2025:19:49:52 +0000] "GET /.well-known/acme-challenge/YHOMRNVW9PHU23Z1SD_QSOG_BJRK5P23 HTTP/1.1" 404 1163 "-" "Cpanel-HTTP-Client/1.0"
142.132.252.48 - - [29/Jun/2025:19:49:53 +0000] "GET /.well-known/acme-challenge/B9GAF6-WIQTMCJ-2EZU31_CQEJ39FJ7Z HTTP/1.1" 404 1163 "-" "Cpanel-HTTP-Client/1.0"
142.132.252.48 - - [29/Jun/2025:19:49:56 +0000] "GET /.well-known/acme-challenge/Z_YQ5TULOHQRI9YENWER0FZCFQFU0G67 HTTP/1.1" 404 1163 "-" "Cpanel-HTTP-Client/1.0"
142.132.252.48 - - [29/Jun/2025:19:49:56 +0000] "GET /.well-known/acme-challenge/04GJS4YIEN7UEWEP97FGB_X7H07WKSOO HTTP/1.1" 404 1163 "-" "Cpanel-HTTP-Client/1.0"
142.132.252.48 - - [29/Jun/2025:19:49:57 +0000] "GET /.well-known/acme-challenge/NP7MUVXAIP52TOGOJONKP0JBGBXLY86- HTTP/1.1" 404 1163 "-" "Cpanel-HTTP-Client/1.0"
192.3.207.218 - - [29/Jun/2025:19:49:40 +0000] "GET /.well-known/acme-challenge/24GEPVC6W6EJ11PKMP8TZQQM1V5ZADZ3 HTTP/1.1" 404 1163 "-" "Cpanel-HTTP-Client/1.0"
192.3.207.218 - - [29/Jun/2025:19:49:40 +0000] "GET /.well-known/acme-challenge/ETC16691XB3EYWTUDFYY2UHV-LE744G- HTTP/1.1" 404 1163 "-" "Cpanel-HTTP-Client/1.0"
142.132.252.48 - - [29/Jun/2025:19:49:55 +0000] "GET /.well-known/acme-challenge/31BBFCYHVO-FL4OI-KRR9UC7WH_0E96T HTTP/1.1" 404 1163 "-" "Cpanel-HTTP-Client/1.0"
142.132.252.48 - - [29/Jun/2025:20:33:23 +0000] "POST /wp-cron.php?doing_wp_cron=1751229203.7892730236053466796875 HTTP/1.1" 200 20 "-" "WordPress/6.8.1; https://nmgs-journal.org"
142.132.252.48 - - [29/Jun/2025:20:33:24 +0000] "POST /wp-cron.php?doing_wp_cron=1751229204.4118859767913818359375 HTTP/1.1" 200 20 "-" "WordPress/6.8.1; https://nmgs-journal.org"
34.30.159.127 - - [29/Jun/2025:20:33:22 +0000] "HEAD /wordpress HTTP/1.1" 404 0 "-" "Mozilla/5.0 (Windows NT 10.0; Win64; x64) AppleWebKit/537.36 (KHTML, like Gecko) Chrome/74.0.3729.169 Safari/537.36"
34.30.159.127 - - [29/Jun/2025:20:33:24 +0000] "HEAD / HTTP/1.1" 301 0 "-" "Mozilla/5.0 (Windows NT 10.0; Win64; x64) AppleWebKit/537.36 (KHTML, like Gecko) Chrome/74.0.3729.169 Safari/537.36"
34.30.159.127 - - [29/Jun/2025:20:33:27 +0000] "HEAD /wp HTTP/1.1" 404 0 "-" "Mozilla/5.0 (Windows NT 10.0; Win64; x64) AppleWebKit/537.36 (KHTML, like Gecko) Chrome/74.0.3729.169 Safari/537.36"
34.30.159.127 - - [29/Jun/2025:20:33:28 +0000] "HEAD /bc HTTP/1.1" 404 0 "-" "Mozilla/5.0 (Windows NT 10.0; Win64; x64) AppleWebKit/537.36 (KHTML, like Gecko) Chrome/74.0.3729.169 Safari/537.36"
34.30.159.127 - - [29/Jun/2025:20:33:29 +0000] "HEAD /bk HTTP/1.1" 404 0 "-" "Mozilla/5.0 (Windows NT 10.0; Win64; x64) AppleWebKit/537.36 (KHTML, like Gecko) Chrome/74.0.3729.169 Safari/537.36"
34.30.159.127 - - [29/Jun/2025:20:33:30 +0000] "HEAD /backup HTTP/1.1" 404 0 "-" "Mozilla/5.0 (Windows NT 10.0; Win64; x64) AppleWebKit/537.36 (KHTML, like Gecko) Chrome/74.0.3729.169 Safari/537.36"
34.30.159.127 - - [29/Jun/2025:20:33:31 +0000] "HEAD /old HTTP/1.1" 404 0 "-" "Mozilla/5.0 (Windows NT 10.0; Win64; x64) AppleWebKit/537.36 (KHTML, like Gecko) Chrome/74.0.3729.169 Safari/537.36"
34.30.159.127 - - [29/Jun/2025:20:33:32 +0000] "HEAD /new HTTP/1.1" 404 0 "-" "Mozilla/5.0 (Windows NT 10.0; Win64; x64) AppleWebKit/537.36 (KHTML, like Gecko) Chrome/74.0.3729.169 Safari/537.36"
34.30.159.127 - - [29/Jun/2025:20:33:33 +0000] "HEAD /main HTTP/1.1" 404 0 "-" "Mozilla/5.0 (Windows NT 10.0; Win64; x64) AppleWebKit/537.36 (KHTML, like Gecko) Chrome/74.0.3729.169 Safari/537.36"
34.30.159.127 - - [29/Jun/2025:20:33:34 +0000] "HEAD /home HTTP/1.1" 301 0 "-" "Mozilla/5.0 (Windows NT 10.0; Win64; x64) AppleWebKit/537.36 (KHTML, like Gecko) Chrome/74.0.3729.169 Safari/537.36"
142.132.252.48 - - [29/Jun/2025:20:42:41 +0000] "POST /wp-cron.php?doing_wp_cron=1751229760.9950940608978271484375 HTTP/1.1" 200 20 "-" "WordPress/6.8.1; https://nmgs-journal.org"
18.220.198.194 - - [29/Jun/2025:20:42:40 +0000] "GET /wp-admin/install.php?step=1 HTTP/1.1" 200 1286 "-" "Mozilla/5.0 (Macintosh; Intel Mac OS X 10_9_3) AppleWebKit/537.75.14 (KHTML, like Gecko) Version/7.0.3 Safari/7046A194A"
142.132.252.48 - - [29/Jun/2025:21:06:11 +0000] "POST /wp-cron.php?doing_wp_cron=1751231165.4629020690917968750000 HTTP/1.1" 200 20 "-" "WordPress/6.8.1; https://nmgs-journal.org"
52.167.144.217 - - [29/Jun/2025:21:06:03 +0000] "GET /uhdrilmtwh/52.html HTTP/1.1" 404 21391 "-" "Mozilla/5.0 AppleWebKit/537.36 (KHTML, like Gecko; compatible; bingbot/2.0; +http://www.bing.com/bingbot.htm) Chrome/116.0.1938.76 Safari/537.36"
162.14.210.15 - - [29/Jun/2025:21:10:27 +0000] "GET / HTTP/1.1" 301 20 "-" "Mozilla/5.0 (iPhone; CPU iPhone OS 13_2_3 like Mac OS X) AppleWebKit/605.1.15 (KHTML, like Gecko) Version/13.0.3 Mobile/15E148 Safari/604.1"
142.132.252.48 - - [29/Jun/2025:21:10:28 +0000] "POST /wp-cron.php?doing_wp_cron=1751231428.2033059597015380859375 HTTP/1.1" 200 20 "-" "WordPress/6.8.1; https://nmgs-journal.org"
142.132.252.48 - - [29/Jun/2025:21:26:30 +0000] "POST /wp-cron.php?doing_wp_cron=1751232390.6683330535888671875000 HTTP/1.1" 200 20 "-" "WordPress/6.8.1; https://nmgs-journal.org"
18.220.198.194 - - [29/Jun/2025:21:26:29 +0000] "GET /wp-admin/install.php?step=1 HTTP/1.1" 200 1286 "-" "Mozilla/5.0 (Macintosh; Intel Mac OS X 10_9_3) AppleWebKit/537.75.14 (KHTML, like Gecko) Version/7.0.3 Safari/7046A194A"
142.132.252.48 - - [29/Jun/2025:21:50:51 +0000] "POST /wp-cron.php?doing_wp_cron=1751233851.2997870445251464843750 HTTP/1.1" 200 20 "-" "WordPress/6.8.1; https://nmgs-journal.org"
43.157.180.116 - - [29/Jun/2025:21:50:50 +0000] "GET / HTTP/1.1" 301 20 "-" "Mozilla/5.0 (iPhone; CPU iPhone OS 13_2_3 like Mac OS X) AppleWebKit/605.1.15 (KHTML, like Gecko) Version/13.0.3 Mobile/15E148 Safari/604.1"
192.3.207.218 - - [29/Jun/2025:22:45:50 +0000] "GET /.well-known/acme-challenge/P-1NTQ_TE0Q0OSTWPRNC-NYM6GHIVRZ9 HTTP/1.1" 404 1163 "-" "Cpanel-HTTP-Client/1.0"
192.3.207.218 - - [29/Jun/2025:22:45:55 +0000] "GET /.well-known/acme-challenge/YIOTYYLVECKJA6NCMDEG0JLO69H78K45 HTTP/1.1" 404 1163 "-" "Cpanel-HTTP-Client/1.0"
142.132.252.48 - - [29/Jun/2025:22:45:55 +0000] "GET /.well-known/acme-challenge/ZU967TEYNOW0V-T5Z0VJ3YLM9Y-MAS9V HTTP/1.1" 404 1163 "-" "Cpanel-HTTP-Client/1.0"
142.132.252.48 - - [29/Jun/2025:22:45:56 +0000] "GET /.well-known/acme-challenge/EEBD80LYY-UT9GGNT9L65QQW7TYJPR-Y HTTP/1.1" 404 1163 "-" "Cpanel-HTTP-Client/1.0"
142.132.252.48 - - [29/Jun/2025:22:45:56 +0000] "GET /.well-known/acme-challenge/V7BU-XB45Y2S6XTT27I58-_N2QO7_HHF HTTP/1.1" 404 1163 "-" "Cpanel-HTTP-Client/1.0"
192.3.207.218 - - [29/Jun/2025:22:45:50 +0000] "GET /.well-known/acme-challenge/GQ6AJMRI19AB-ONR3KA5SLT2QEB5875R HTTP/1.1" 404 1163 "-" "Cpanel-HTTP-Client/1.0"
142.132.252.48 - - [29/Jun/2025:22:45:56 +0000] "GET /.well-known/acme-challenge/_FHF50WDPBMZ1MYT8MP_-T2X7MRT0WH- HTTP/1.1" 404 1163 "-" "Cpanel-HTTP-Client/1.0"
142.132.252.48 - - [29/Jun/2025:22:45:56 +0000] "GET /.well-known/acme-challenge/1LWKUJTS6BL2X6NFT3JZ0WKG4B9YLNKB HTTP/1.1" 404 1163 "-" "Cpanel-HTTP-Client/1.0"
142.132.252.48 - - [29/Jun/2025:23:46:31 +0000] "POST /wp-cron.php?doing_wp_cron=1751240791.8694319725036621093750 HTTP/1.1" 200 20 "-" "WordPress/6.8.1; https://nmgs-journal.org"
142.132.252.48 - - [29/Jun/2025:23:46:36 +0000] "POST /wp-cron.php?doing_wp_cron=1751240796.0161359310150146484375 HTTP/1.1" 200 20 "-" "WordPress/6.8.1; https://nmgs-journal.org"
142.132.252.48 - - [29/Jun/2025:23:46:31 +0000] "POST /wp-cron.php?doing_wp_cron=1751240791.9061880111694335937500 HTTP/1.1" 200 20 "-" "WordPress/6.8.1; https://nmgs-journal.org"
34.68.254.157 - - [29/Jun/2025:23:46:31 +0000] "HEAD /wordpress HTTP/1.1" 404 0 "-" "Mozilla/5.0 (Windows NT 10.0; Win64; x64) AppleWebKit/537.36 (KHTML, like Gecko) Chrome/74.0.3729.169 Safari/537.36"
34.68.254.157 - - [29/Jun/2025:23:46:32 +0000] "HEAD / HTTP/1.1" 301 0 "-" "Mozilla/5.0 (Windows NT 10.0; Win64; x64) AppleWebKit/537.36 (KHTML, like Gecko) Chrome/74.0.3729.169 Safari/537.36"
34.68.254.157 - - [29/Jun/2025:23:46:34 +0000] "HEAD /wp HTTP/1.1" 404 0 "-" "Mozilla/5.0 (Windows NT 10.0; Win64; x64) AppleWebKit/537.36 (KHTML, like Gecko) Chrome/74.0.3729.169 Safari/537.36"
34.68.254.157 - - [29/Jun/2025:23:46:35 +0000] "HEAD /bc HTTP/1.1" 404 0 "-" "Mozilla/5.0 (Windows NT 10.0; Win64; x64) AppleWebKit/537.36 (KHTML, like Gecko) Chrome/74.0.3729.169 Safari/537.36"
34.68.254.157 - - [29/Jun/2025:23:46:36 +0000] "HEAD /bk HTTP/1.1" 404 0 "-" "Mozilla/5.0 (Windows NT 10.0; Win64; x64) AppleWebKit/537.36 (KHTML, like Gecko) Chrome/74.0.3729.169 Safari/537.36"
34.68.254.157 - - [29/Jun/2025:23:46:37 +0000] "HEAD /backup HTTP/1.1" 404 0 "-" "Mozilla/5.0 (Windows NT 10.0; Win64; x64) AppleWebKit/537.36 (KHTML, like Gecko) Chrome/74.0.3729.169 Safari/537.36"
34.68.254.157 - - [29/Jun/2025:23:46:38 +0000] "HEAD /old HTTP/1.1" 404 0 "-" "Mozilla/5.0 (Windows NT 10.0; Win64; x64) AppleWebKit/537.36 (KHTML, like Gecko) Chrome/74.0.3729.169 Safari/537.36"
34.68.254.157 - - [29/Jun/2025:23:46:39 +0000] "HEAD /new HTTP/1.1" 404 0 "-" "Mozilla/5.0 (Windows NT 10.0; Win64; x64) AppleWebKit/537.36 (KHTML, like Gecko) Chrome/74.0.3729.169 Safari/537.36"
34.68.254.157 - - [29/Jun/2025:23:46:40 +0000] "HEAD /main HTTP/1.1" 404 0 "-" "Mozilla/5.0 (Windows NT 10.0; Win64; x64) AppleWebKit/537.36 (KHTML, like Gecko) Chrome/74.0.3729.169 Safari/537.36"
34.68.254.157 - - [29/Jun/2025:23:46:40 +0000] "HEAD /home HTTP/1.1" 301 0 "-" "Mozilla/5.0 (Windows NT 10.0; Win64; x64) AppleWebKit/537.36 (KHTML, like Gecko) Chrome/74.0.3729.169 Safari/537.36"
52.167.144.199 - - [29/Jun/2025:23:52:13 +0000] "GET /efqxhcahmd/112.html HTTP/1.1" 404 21394 "-" "Mozilla/5.0 AppleWebKit/537.36 (KHTML, like Gecko; compatible; bingbot/2.0; +http://www.bing.com/bingbot.htm) Chrome/116.0.1938.76 Safari/537.36"
142.132.252.48 - - [30/Jun/2025:00:09:17 +0000] "POST /wp-cron.php?doing_wp_cron=1751242157.8842380046844482421875 HTTP/1.1" 200 20 "-" "WordPress/6.8.1; https://nmgs-journal.org"
117.62.235.53 - - [30/Jun/2025:00:09:17 +0000] "GET / HTTP/1.1" 301 20 "-" "Mozilla/5.0 (iPhone; CPU iPhone OS 13_2_3 like Mac OS X) AppleWebKit/605.1.15 (KHTML, like Gecko) Version/13.0.3 Mobile/15E148 Safari/604.1"
142.132.252.48 - - [30/Jun/2025:00:42:43 +0000] "POST /wp-cron.php?doing_wp_cron=1751244163.9110319614410400390625 HTTP/1.1" 200 20 "-" "WordPress/6.8.1; https://nmgs-journal.org"
43.157.142.101 - - [30/Jun/2025:00:42:43 +0000] "GET / HTTP/1.1" 301 20 "-" "Mozilla/5.0 (iPhone; CPU iPhone OS 13_2_3 like Mac OS X) AppleWebKit/605.1.15 (KHTML, like Gecko) Version/13.0.3 Mobile/15E148 Safari/604.1"
192.3.207.218 - - [30/Jun/2025:01:44:35 +0000] "GET /.well-known/acme-challenge/7EZEEBK7INJKSFYMYGSZ2EZC8VNC8V4O HTTP/1.1" 404 1163 "-" "Cpanel-HTTP-Client/1.0"
192.3.207.218 - - [30/Jun/2025:01:44:35 +0000] "GET /.well-known/acme-challenge/VRBKB8TH6EA0RQNN8J_NDAIBC6NZ8JAC HTTP/1.1" 404 1163 "-" "Cpanel-HTTP-Client/1.0"
192.3.207.218 - - [30/Jun/2025:01:44:40 +0000] "GET /.well-known/acme-challenge/P6R7JHIR6X-62CNO-UR4289_H9CYM45Y HTTP/1.1" 404 1163 "-" "Cpanel-HTTP-Client/1.0"
142.132.252.48 - - [30/Jun/2025:01:44:41 +0000] "GET /.well-known/acme-challenge/_EKS5-OISF3SJ_UKZ3AEUBCC68A-FH2I HTTP/1.1" 404 1163 "-" "Cpanel-HTTP-Client/1.0"
142.132.252.48 - - [30/Jun/2025:01:44:41 +0000] "GET /.well-known/acme-challenge/XAIQNOHTQYZIRDFQ3A-05-Q7_S7EDJ1G HTTP/1.1" 404 1163 "-" "Cpanel-HTTP-Client/1.0"
207.46.13.127 - - [30/Jun/2025:01:44:26 +0000] "GET /sitemap.xml.gz HTTP/1.1" 301 1 "-" "Mozilla/5.0 AppleWebKit/537.36 (KHTML, like Gecko; compatible; bingbot/2.0; +http://www.bing.com/bingbot.htm) Chrome/116.0.1938.76 Safari/537.36"
142.132.252.48 - - [30/Jun/2025:01:44:41 +0000] "GET /.well-known/acme-challenge/JZK0I7_7T_UUCZITY0HUSWX2TNX44I8D HTTP/1.1" 404 1163 "-" "Cpanel-HTTP-Client/1.0"
142.132.252.48 - - [30/Jun/2025:01:44:41 +0000] "GET /.well-known/acme-challenge/ORJ0--TMFZ1L2BTCRSTK392YGX2VH150 HTTP/1.1" 404 1163 "-" "Cpanel-HTTP-Client/1.0"
142.132.252.48 - - [30/Jun/2025:01:44:42 +0000] "GET /.well-known/acme-challenge/MYOZ3GV4KY1TQOUBGM4UKF_Y-9WHFQUV HTTP/1.1" 404 1163 "-" "Cpanel-HTTP-Client/1.0"
142.132.252.48 - - [30/Jun/2025:01:48:09 +0000] "POST /wp-cron.php?doing_wp_cron=1751248089.4274740219116210937500 HTTP/1.1" 200 20 "-" "WordPress/6.8.1; https://nmgs-journal.org"
13.49.240.229 - - [30/Jun/2025:01:48:09 +0000] "GET /wp-admin/install.php?step=1 HTTP/1.1" 200 1286 "-" "Mozilla/5.0 (Macintosh; Intel Mac OS X 10_9_3) AppleWebKit/537.75.14 (KHTML, like Gecko) Version/7.0.3 Safari/7046A194A"
66.249.64.66 - - [30/Jun/2025:02:38:13 +0000] "GET /robots.txt HTTP/1.1" 200 97 "-" "Mozilla/5.0 (compatible; Googlebot/2.1; +http://www.google.com/bot.html)"
185.153.199.135 - - [30/Jun/2025:02:42:31 +0000] "GET /sites/all/libraries/elfinder/connectors/php/connector.php HTTP/1.1" 404 65536 "-" "ALittle Client"
142.132.252.48 - - [30/Jun/2025:02:43:55 +0000] "POST /wp-cron.php?doing_wp_cron=1751251435.9741430282592773437500 HTTP/1.1" 200 20 "-" "WordPress/6.8.1; https://nmgs-journal.org"
66.249.64.67 - - [30/Jun/2025:02:43:55 +0000] "GET /gweojzyqqn/pg-901721.html HTTP/1.1" 404 21396 "-" "Mozilla/5.0 (Linux; Android 6.0.1; Nexus 5X Build/MMB29P) AppleWebKit/537.36 (KHTML, like Gecko) Chrome/137.0.7151.103 Mobile Safari/537.36 (compatible; Googlebot/2.1; +http://www.google.com/bot.html)"
142.132.252.48 - - [30/Jun/2025:02:42:35 +0000] "POST /wp-cron.php?doing_wp_cron=1751251352.0442199707031250000000 HTTP/1.1" 200 20 "-" "WordPress/6.8.1; https://nmgs-journal.org"
180.102.134.69 - - [30/Jun/2025:03:12:29 +0000] "GET / HTTP/1.1" 301 20 "-" "Mozilla/5.0 (iPhone; CPU iPhone OS 13_2_3 like Mac OS X) AppleWebKit/605.1.15 (KHTML, like Gecko) Version/13.0.3 Mobile/15E148 Safari/604.1"
142.132.252.48 - - [30/Jun/2025:03:12:29 +0000] "POST /wp-cron.php?doing_wp_cron=1751253149.8775000572204589843750 HTTP/1.1" 200 20 "-" "WordPress/6.8.1; https://nmgs-journal.org"
148.113.43.235 - - [30/Jun/2025:03:22:52 +0000] "GET / HTTP/1.1" 301 20 "-" "Mozilla/5.0 (Macintosh; Intel Mac OS X 10_15_7) AppleWebKit/537.36 (KHTML, like Gecko) Chrome/114.0.5735.134 Safari/537.36"
142.132.252.48 - - [30/Jun/2025:03:22:53 +0000] "POST /wp-cron.php?doing_wp_cron=1751253773.1855850219726562500000 HTTP/1.1" 200 20 "-" "WordPress/6.8.1; https://nmgs-journal.org"
142.132.252.48 - - [30/Jun/2025:03:47:26 +0000] "POST /wp-cron.php?doing_wp_cron=1751255244.7224390506744384765625 HTTP/1.1" 200 20 "-" "WordPress/6.8.1; https://nmgs-journal.org"
138.199.59.159 - - [30/Jun/2025:03:47:24 +0000] "GET / HTTP/1.0" 301 0 "http://nmgs-journal.org/" "Mozilla/5.0 (Windows NT 10.0; Win64; x64) AppleWebKit/537.36 (KHTML, like Gecko) Chrome/130.0.0.0 Safari/537.36"
142.132.252.48 - - [30/Jun/2025:04:06:51 +0000] "POST /wp-cron.php?doing_wp_cron=1751256411.8166389465332031250000 HTTP/1.1" 200 20 "-" "WordPress/6.8.1; https://nmgs-journal.org"
34.30.159.127 - - [30/Jun/2025:04:06:51 +0000] "HEAD /wordpress HTTP/1.1" 404 0 "-" "Mozilla/5.0 (Windows NT 10.0; Win64; x64) AppleWebKit/537.36 (KHTML, like Gecko) Chrome/74.0.3729.169 Safari/537.36"
34.30.159.127 - - [30/Jun/2025:04:06:51 +0000] "HEAD / HTTP/1.1" 301 0 "-" "Mozilla/5.0 (Windows NT 10.0; Win64; x64) AppleWebKit/537.36 (KHTML, like Gecko) Chrome/74.0.3729.169 Safari/537.36"
34.30.159.127 - - [30/Jun/2025:04:06:53 +0000] "HEAD /wp HTTP/1.1" 404 0 "-" "Mozilla/5.0 (Windows NT 10.0; Win64; x64) AppleWebKit/537.36 (KHTML, like Gecko) Chrome/74.0.3729.169 Safari/537.36"
34.30.159.127 - - [30/Jun/2025:04:06:54 +0000] "HEAD /bc HTTP/1.1" 404 0 "-" "Mozilla/5.0 (Windows NT 10.0; Win64; x64) AppleWebKit/537.36 (KHTML, like Gecko) Chrome/74.0.3729.169 Safari/537.36"
34.30.159.127 - - [30/Jun/2025:04:06:55 +0000] "HEAD /bk HTTP/1.1" 404 0 "-" "Mozilla/5.0 (Windows NT 10.0; Win64; x64) AppleWebKit/537.36 (KHTML, like Gecko) Chrome/74.0.3729.169 Safari/537.36"
34.30.159.127 - - [30/Jun/2025:04:06:55 +0000] "HEAD /backup HTTP/1.1" 404 0 "-" "Mozilla/5.0 (Windows NT 10.0; Win64; x64) AppleWebKit/537.36 (KHTML, like Gecko) Chrome/74.0.3729.169 Safari/537.36"
34.30.159.127 - - [30/Jun/2025:04:06:56 +0000] "HEAD /old HTTP/1.1" 404 0 "-" "Mozilla/5.0 (Windows NT 10.0; Win64; x64) AppleWebKit/537.36 (KHTML, like Gecko) Chrome/74.0.3729.169 Safari/537.36"
34.30.159.127 - - [30/Jun/2025:04:06:57 +0000] "HEAD /new HTTP/1.1" 404 0 "-" "Mozilla/5.0 (Windows NT 10.0; Win64; x64) AppleWebKit/537.36 (KHTML, like Gecko) Chrome/74.0.3729.169 Safari/537.36"
34.30.159.127 - - [30/Jun/2025:04:06:57 +0000] "HEAD /main HTTP/1.1" 404 0 "-" "Mozilla/5.0 (Windows NT 10.0; Win64; x64) AppleWebKit/537.36 (KHTML, like Gecko) Chrome/74.0.3729.169 Safari/537.36"
34.30.159.127 - - [30/Jun/2025:04:06:58 +0000] "HEAD /home HTTP/1.1" 301 0 "-" "Mozilla/5.0 (Windows NT 10.0; Win64; x64) AppleWebKit/537.36 (KHTML, like Gecko) Chrome/74.0.3729.169 Safari/537.36"
142.132.252.48 - - [30/Jun/2025:04:38:46 +0000] "POST /wp-cron.php?doing_wp_cron=1751258326.8024089336395263671875 HTTP/1.1" 200 20 "-" "WordPress/6.8.1; https://nmgs-journal.org"
166.0.244.69 - - [30/Jun/2025:04:38:46 +0000] "GET / HTTP/1.1" 301 20 "-" "axios/1.7.4"
192.3.207.218 - - [30/Jun/2025:04:50:05 +0000] "GET /.well-known/acme-challenge/MHKRU8NE2PXQ3YYY2W9AHPXSY277K-5H HTTP/1.1" 404 1163 "-" "Cpanel-HTTP-Client/1.0"
142.132.252.48 - - [30/Jun/2025:04:50:06 +0000] "GET /.well-known/acme-challenge/REVWIEM4NK0C9XMUVLGN0N9STLIF_59E HTTP/1.1" 404 1163 "-" "Cpanel-HTTP-Client/1.0"
142.132.252.48 - - [30/Jun/2025:04:50:07 +0000] "GET /.well-known/acme-challenge/YLPJA0S17IT7H16SI70APLR3IULWF4KQ HTTP/1.1" 404 1163 "-" "Cpanel-HTTP-Client/1.0"
142.132.252.48 - - [30/Jun/2025:04:50:07 +0000] "GET /.well-known/acme-challenge/P-IIEVNOL3ZWDBLVXJ__RHMY829PHWIO HTTP/1.1" 404 1163 "-" "Cpanel-HTTP-Client/1.0"
142.132.252.48 - - [30/Jun/2025:04:50:07 +0000] "GET /.well-known/acme-challenge/V14TOZ5_W93NWX45S8Y1HU__0AZK4B2H HTTP/1.1" 404 1163 "-" "Cpanel-HTTP-Client/1.0"
192.3.207.218 - - [30/Jun/2025:04:50:00 +0000] "GET /.well-known/acme-challenge/3VUP-8A34PJB4CYLGRAB0HC119C8-KI3 HTTP/1.1" 404 1163 "-" "Cpanel-HTTP-Client/1.0"
192.3.207.218 - - [30/Jun/2025:04:50:00 +0000] "GET /.well-known/acme-challenge/-DBRFBHT-KJ_P7D9B6OIV0K-4UKZDBUC HTTP/1.1" 404 1163 "-" "Cpanel-HTTP-Client/1.0"
142.132.252.48 - - [30/Jun/2025:04:50:06 +0000] "GET /.well-known/acme-challenge/TK7XW8-FT507QZ_R82_QKGD5_GY63PAV HTTP/1.1" 404 1163 "-" "Cpanel-HTTP-Client/1.0"
142.132.252.48 - - [30/Jun/2025:05:30:49 +0000] "POST /wp-cron.php?doing_wp_cron=1751261449.9466550350189208984375 HTTP/1.1" 200 20 "-" "WordPress/6.8.1; https://nmgs-journal.org"
43.157.50.58 - - [30/Jun/2025:05:30:49 +0000] "GET / HTTP/1.1" 301 20 "-" "Mozilla/5.0 (iPhone; CPU iPhone OS 13_2_3 like Mac OS X) AppleWebKit/605.1.15 (KHTML, like Gecko) Version/13.0.3 Mobile/15E148 Safari/604.1"
142.132.252.48 - - [30/Jun/2025:05:36:25 +0000] "POST /wp-cron.php?doing_wp_cron=1751261785.0217590332031250000000 HTTP/1.1" 200 20 "-" "WordPress/6.8.1; https://nmgs-journal.org"
192.3.80.40 - - [30/Jun/2025:05:36:24 +0000] "GET / HTTP/1.1" 301 20 "-" "Mozilla/5.0 (Windows; U; Windows NT 5.1; zh-CN; rv:1.9) Gecko/2008052906 Firefox/3.0"
35.227.55.121 - - [30/Jun/2025:05:51:50 +0000] "GET /media/system/js/core.js HTTP/1.1" 404 21398 "-" "Mozilla/5.0 (Macintosh; Intel Mac OS X 10_10_1) AppleWebKit/537.36 (KHTML, like Gecko) Chrome/39.0.2171.95 Safari/537.36"
35.227.55.121 - - [30/Jun/2025:05:51:53 +0000] "GET /wp-includes/js/jquery/jquery.js HTTP/1.1" 200 84060 "-" "Mozilla/5.0 (Macintosh; Intel Mac OS X 10_10_1) AppleWebKit/537.36 (KHTML, like Gecko) Chrome/39.0.2171.95 Safari/537.36"
182.44.67.97 - - [30/Jun/2025:06:16:11 +0000] "GET / HTTP/1.1" 301 20 "-" "Mozilla/5.0 (iPhone; CPU iPhone OS 13_2_3 like Mac OS X) AppleWebKit/605.1.15 (KHTML, like Gecko) Version/13.0.3 Mobile/15E148 Safari/604.1"
142.132.252.48 - - [30/Jun/2025:06:16:12 +0000] "POST /wp-cron.php?doing_wp_cron=1751264172.2859098911285400390625 HTTP/1.1" 200 20 "-" "WordPress/6.8.1; https://nmgs-journal.org"

Anon7 - 2022
AnonSec Team